{"id":19672,"date":"2026-03-24T12:15:26","date_gmt":"2026-03-24T11:15:26","guid":{"rendered":"https:\/\/www.ciel-strasbourg.org\/formations\/diplome-universitaire-preparation-aux-etudes-en-france\/"},"modified":"2026-04-20T15:46:26","modified_gmt":"2026-04-20T13:46:26","slug":"diplome-universitaire-preparation-aux-etudes-en-france","status":"publish","type":"formations","link":"https:\/\/www.ciel-strasbourg.org\/de\/bildungen\/diplome-universitaire-preparation-aux-etudes-en-france\/","title":{"rendered":"Universit\u00e4tsdiplom \u2013 Vorbereitung auf das Studium in Frankreich"},"content":{"rendered":"","protected":false},"excerpt":{"rendered":"","protected":false},"featured_media":19468,"menu_order":0,"template":"","class_list":["post-19672","formations","type-formations","status-publish","has-post-thumbnail","hentry","formation_type-preparer-ses-etudes-superieures-en-france","wp-sticky"],"acf":[],"yoast_head":"<!-- This site is optimized with the Yoast SEO plugin v27.5 - https:\/\/yoast.com\/product\/yoast-seo-wordpress\/ -->\n<title>Universit\u00e4tsdiplom \u2013 Vorbereitung auf das Studium in Frankreich<\/title>\n<meta name=\"description\" content=\"L e DU porte d\u2019entr\u00e9e vers des \u00e9tudes sup\u00e9rieures et une r\u00e9ussite professionnelle dans un pays francophone avec le CIEL de Strasbourg\" \/>\n<meta name=\"robots\" content=\"index, follow, max-snippet:-1, max-image-preview:large, max-video-preview:-1\" \/>\n<link rel=\"canonical\" href=\"https:\/\/www.ciel-strasbourg.org\/de\/bildungen\/diplome-universitaire-preparation-aux-etudes-en-france\/\" \/>\n<meta property=\"og:locale\" content=\"de_DE\" \/>\n<meta property=\"og:type\" content=\"article\" \/>\n<meta property=\"og:title\" content=\"Universit\u00e4tsdiplom \u2013 Vorbereitung auf das Studium in Frankreich\" \/>\n<meta property=\"og:description\" content=\"L e DU porte d\u2019entr\u00e9e vers des \u00e9tudes sup\u00e9rieures et une r\u00e9ussite professionnelle dans un pays francophone avec le CIEL de Strasbourg\" \/>\n<meta property=\"og:url\" content=\"https:\/\/www.ciel-strasbourg.org\/de\/bildungen\/diplome-universitaire-preparation-aux-etudes-en-france\/\" \/>\n<meta property=\"og:site_name\" content=\"CIEL\" \/>\n<meta property=\"article:modified_time\" content=\"2026-04-20T13:46:26+00:00\" \/>\n<meta property=\"og:image\" content=\"https:\/\/www.ciel-strasbourg.org\/wp-inside\/uploads\/2026\/03\/adobestock_285227932.jpeg\" \/>\n\t<meta property=\"og:image:width\" content=\"2000\" \/>\n\t<meta property=\"og:image:height\" content=\"1333\" \/>\n\t<meta property=\"og:image:type\" content=\"image\/jpeg\" \/>\n<meta name=\"twitter:card\" content=\"summary_large_image\" \/>\n<script type=\"application\/ld+json\" class=\"yoast-schema-graph\">{\"@context\":\"https:\\\/\\\/schema.org\",\"@graph\":[{\"@type\":\"WebPage\",\"@id\":\"https:\\\/\\\/www.ciel-strasbourg.org\\\/de\\\/bildungen\\\/diplome-universitaire-preparation-aux-etudes-en-france\\\/\",\"url\":\"https:\\\/\\\/www.ciel-strasbourg.org\\\/de\\\/bildungen\\\/diplome-universitaire-preparation-aux-etudes-en-france\\\/\",\"name\":\"Universit\u00e4tsdiplom \u2013 Vorbereitung auf das Studium in Frankreich\",\"isPartOf\":{\"@id\":\"https:\\\/\\\/www.ciel-strasbourg.org\\\/de\\\/#website\"},\"primaryImageOfPage\":{\"@id\":\"https:\\\/\\\/www.ciel-strasbourg.org\\\/de\\\/bildungen\\\/diplome-universitaire-preparation-aux-etudes-en-france\\\/#primaryimage\"},\"image\":{\"@id\":\"https:\\\/\\\/www.ciel-strasbourg.org\\\/de\\\/bildungen\\\/diplome-universitaire-preparation-aux-etudes-en-france\\\/#primaryimage\"},\"thumbnailUrl\":\"https:\\\/\\\/www.ciel-strasbourg.org\\\/wp-inside\\\/uploads\\\/2026\\\/03\\\/adobestock_285227932.jpeg\",\"datePublished\":\"2026-03-24T11:15:26+00:00\",\"dateModified\":\"2026-04-20T13:46:26+00:00\",\"description\":\"L e DU porte d\u2019entr\u00e9e vers des \u00e9tudes sup\u00e9rieures et une r\u00e9ussite professionnelle dans un pays francophone avec le CIEL de Strasbourg\",\"breadcrumb\":{\"@id\":\"https:\\\/\\\/www.ciel-strasbourg.org\\\/de\\\/bildungen\\\/diplome-universitaire-preparation-aux-etudes-en-france\\\/#breadcrumb\"},\"inLanguage\":\"de-DE\",\"potentialAction\":[{\"@type\":\"ReadAction\",\"target\":[\"https:\\\/\\\/www.ciel-strasbourg.org\\\/de\\\/bildungen\\\/diplome-universitaire-preparation-aux-etudes-en-france\\\/\"]}]},{\"@type\":\"ImageObject\",\"inLanguage\":\"de-DE\",\"@id\":\"https:\\\/\\\/www.ciel-strasbourg.org\\\/de\\\/bildungen\\\/diplome-universitaire-preparation-aux-etudes-en-france\\\/#primaryimage\",\"url\":\"https:\\\/\\\/www.ciel-strasbourg.org\\\/wp-inside\\\/uploads\\\/2026\\\/03\\\/adobestock_285227932.jpeg\",\"contentUrl\":\"https:\\\/\\\/www.ciel-strasbourg.org\\\/wp-inside\\\/uploads\\\/2026\\\/03\\\/adobestock_285227932.jpeg\",\"width\":2000,\"height\":1333,\"caption\":\"Happy and cheerful Asian girl traveler takes a selfie on the Saint Martin bridge in the Petit France area in Strasbourg. Colorful and dramatic sunset at the background\"},{\"@type\":\"BreadcrumbList\",\"@id\":\"https:\\\/\\\/www.ciel-strasbourg.org\\\/de\\\/bildungen\\\/diplome-universitaire-preparation-aux-etudes-en-france\\\/#breadcrumb\",\"itemListElement\":[{\"@type\":\"ListItem\",\"position\":1,\"name\":\"Startseite\",\"item\":\"https:\\\/\\\/www.ciel-strasbourg.org\\\/de\\\/\"},{\"@type\":\"ListItem\",\"position\":2,\"name\":\"Bildungen\",\"item\":\"https:\\\/\\\/www.ciel-strasbourg.org\\\/de\\\/bildungen\\\/\"},{\"@type\":\"ListItem\",\"position\":3,\"name\":\"Universit\u00e4tsdiplom \u2013 Vorbereitung auf das Studium in Frankreich\"}]},{\"@type\":\"WebSite\",\"@id\":\"https:\\\/\\\/www.ciel-strasbourg.org\\\/de\\\/#website\",\"url\":\"https:\\\/\\\/www.ciel-strasbourg.org\\\/de\\\/\",\"name\":\"CIEL\",\"description\":\"Lernen Sie Franz\u00f6sisch beim CIEL de Strasbourg!\",\"publisher\":{\"@id\":\"https:\\\/\\\/www.ciel-strasbourg.org\\\/de\\\/#organization\"},\"potentialAction\":[{\"@type\":\"SearchAction\",\"target\":{\"@type\":\"EntryPoint\",\"urlTemplate\":\"https:\\\/\\\/www.ciel-strasbourg.org\\\/de\\\/?s={search_term_string}\"},\"query-input\":{\"@type\":\"PropertyValueSpecification\",\"valueRequired\":true,\"valueName\":\"search_term_string\"}}],\"inLanguage\":\"de-DE\"},{\"@type\":\"Organization\",\"@id\":\"https:\\\/\\\/www.ciel-strasbourg.org\\\/de\\\/#organization\",\"name\":\"CIEL Strasbourg\",\"url\":\"https:\\\/\\\/www.ciel-strasbourg.org\\\/de\\\/\",\"logo\":{\"@type\":\"ImageObject\",\"inLanguage\":\"de-DE\",\"@id\":\"https:\\\/\\\/www.ciel-strasbourg.org\\\/de\\\/#\\\/schema\\\/logo\\\/image\\\/\",\"url\":\"https:\\\/\\\/www.ciel-strasbourg.org\\\/wp-inside\\\/uploads\\\/2020\\\/12\\\/logo-ciel.png\",\"contentUrl\":\"https:\\\/\\\/www.ciel-strasbourg.org\\\/wp-inside\\\/uploads\\\/2020\\\/12\\\/logo-ciel.png\",\"width\":265,\"height\":90,\"caption\":\"CIEL Strasbourg\"},\"image\":{\"@id\":\"https:\\\/\\\/www.ciel-strasbourg.org\\\/de\\\/#\\\/schema\\\/logo\\\/image\\\/\"}}]}<\/script>\n<!-- \/ Yoast SEO plugin. -->","yoast_head_json":{"title":"Universit\u00e4tsdiplom \u2013 Vorbereitung auf das Studium in Frankreich","description":"L e DU porte d\u2019entr\u00e9e vers des \u00e9tudes sup\u00e9rieures et une r\u00e9ussite professionnelle dans un pays francophone avec le CIEL de Strasbourg","robots":{"index":"index","follow":"follow","max-snippet":"max-snippet:-1","max-image-preview":"max-image-preview:large","max-video-preview":"max-video-preview:-1"},"canonical":"https:\/\/www.ciel-strasbourg.org\/de\/bildungen\/diplome-universitaire-preparation-aux-etudes-en-france\/","og_locale":"de_DE","og_type":"article","og_title":"Universit\u00e4tsdiplom \u2013 Vorbereitung auf das Studium in Frankreich","og_description":"L e DU porte d\u2019entr\u00e9e vers des \u00e9tudes sup\u00e9rieures et une r\u00e9ussite professionnelle dans un pays francophone avec le CIEL de Strasbourg","og_url":"https:\/\/www.ciel-strasbourg.org\/de\/bildungen\/diplome-universitaire-preparation-aux-etudes-en-france\/","og_site_name":"CIEL","article_modified_time":"2026-04-20T13:46:26+00:00","og_image":[{"width":2000,"height":1333,"url":"https:\/\/www.ciel-strasbourg.org\/wp-inside\/uploads\/2026\/03\/adobestock_285227932.jpeg","type":"image\/jpeg"}],"twitter_card":"summary_large_image","schema":{"@context":"https:\/\/schema.org","@graph":[{"@type":"WebPage","@id":"https:\/\/www.ciel-strasbourg.org\/de\/bildungen\/diplome-universitaire-preparation-aux-etudes-en-france\/","url":"https:\/\/www.ciel-strasbourg.org\/de\/bildungen\/diplome-universitaire-preparation-aux-etudes-en-france\/","name":"Universit\u00e4tsdiplom \u2013 Vorbereitung auf das Studium in Frankreich","isPartOf":{"@id":"https:\/\/www.ciel-strasbourg.org\/de\/#website"},"primaryImageOfPage":{"@id":"https:\/\/www.ciel-strasbourg.org\/de\/bildungen\/diplome-universitaire-preparation-aux-etudes-en-france\/#primaryimage"},"image":{"@id":"https:\/\/www.ciel-strasbourg.org\/de\/bildungen\/diplome-universitaire-preparation-aux-etudes-en-france\/#primaryimage"},"thumbnailUrl":"https:\/\/www.ciel-strasbourg.org\/wp-inside\/uploads\/2026\/03\/adobestock_285227932.jpeg","datePublished":"2026-03-24T11:15:26+00:00","dateModified":"2026-04-20T13:46:26+00:00","description":"L e DU porte d\u2019entr\u00e9e vers des \u00e9tudes sup\u00e9rieures et une r\u00e9ussite professionnelle dans un pays francophone avec le CIEL de Strasbourg","breadcrumb":{"@id":"https:\/\/www.ciel-strasbourg.org\/de\/bildungen\/diplome-universitaire-preparation-aux-etudes-en-france\/#breadcrumb"},"inLanguage":"de-DE","potentialAction":[{"@type":"ReadAction","target":["https:\/\/www.ciel-strasbourg.org\/de\/bildungen\/diplome-universitaire-preparation-aux-etudes-en-france\/"]}]},{"@type":"ImageObject","inLanguage":"de-DE","@id":"https:\/\/www.ciel-strasbourg.org\/de\/bildungen\/diplome-universitaire-preparation-aux-etudes-en-france\/#primaryimage","url":"https:\/\/www.ciel-strasbourg.org\/wp-inside\/uploads\/2026\/03\/adobestock_285227932.jpeg","contentUrl":"https:\/\/www.ciel-strasbourg.org\/wp-inside\/uploads\/2026\/03\/adobestock_285227932.jpeg","width":2000,"height":1333,"caption":"Happy and cheerful Asian girl traveler takes a selfie on the Saint Martin bridge in the Petit France area in Strasbourg. Colorful and dramatic sunset at the background"},{"@type":"BreadcrumbList","@id":"https:\/\/www.ciel-strasbourg.org\/de\/bildungen\/diplome-universitaire-preparation-aux-etudes-en-france\/#breadcrumb","itemListElement":[{"@type":"ListItem","position":1,"name":"Startseite","item":"https:\/\/www.ciel-strasbourg.org\/de\/"},{"@type":"ListItem","position":2,"name":"Bildungen","item":"https:\/\/www.ciel-strasbourg.org\/de\/bildungen\/"},{"@type":"ListItem","position":3,"name":"Universit\u00e4tsdiplom \u2013 Vorbereitung auf das Studium in Frankreich"}]},{"@type":"WebSite","@id":"https:\/\/www.ciel-strasbourg.org\/de\/#website","url":"https:\/\/www.ciel-strasbourg.org\/de\/","name":"CIEL","description":"Lernen Sie Franz\u00f6sisch beim CIEL de Strasbourg!","publisher":{"@id":"https:\/\/www.ciel-strasbourg.org\/de\/#organization"},"potentialAction":[{"@type":"SearchAction","target":{"@type":"EntryPoint","urlTemplate":"https:\/\/www.ciel-strasbourg.org\/de\/?s={search_term_string}"},"query-input":{"@type":"PropertyValueSpecification","valueRequired":true,"valueName":"search_term_string"}}],"inLanguage":"de-DE"},{"@type":"Organization","@id":"https:\/\/www.ciel-strasbourg.org\/de\/#organization","name":"CIEL Strasbourg","url":"https:\/\/www.ciel-strasbourg.org\/de\/","logo":{"@type":"ImageObject","inLanguage":"de-DE","@id":"https:\/\/www.ciel-strasbourg.org\/de\/#\/schema\/logo\/image\/","url":"https:\/\/www.ciel-strasbourg.org\/wp-inside\/uploads\/2020\/12\/logo-ciel.png","contentUrl":"https:\/\/www.ciel-strasbourg.org\/wp-inside\/uploads\/2020\/12\/logo-ciel.png","width":265,"height":90,"caption":"CIEL Strasbourg"},"image":{"@id":"https:\/\/www.ciel-strasbourg.org\/de\/#\/schema\/logo\/image\/"}}]}},"_links":{"self":[{"href":"https:\/\/www.ciel-strasbourg.org\/de\/wp-json\/wp\/v2\/formations\/19672","targetHints":{"allow":["GET"]}}],"collection":[{"href":"https:\/\/www.ciel-strasbourg.org\/de\/wp-json\/wp\/v2\/formations"}],"about":[{"href":"https:\/\/www.ciel-strasbourg.org\/de\/wp-json\/wp\/v2\/types\/formations"}],"version-history":[{"count":2,"href":"https:\/\/www.ciel-strasbourg.org\/de\/wp-json\/wp\/v2\/formations\/19672\/revisions"}],"predecessor-version":[{"id":19674,"href":"https:\/\/www.ciel-strasbourg.org\/de\/wp-json\/wp\/v2\/formations\/19672\/revisions\/19674"}],"wp:featuredmedia":[{"embeddable":true,"href":"https:\/\/www.ciel-strasbourg.org\/de\/wp-json\/wp\/v2\/media\/19468"}],"wp:attachment":[{"href":"https:\/\/www.ciel-strasbourg.org\/de\/wp-json\/wp\/v2\/media?parent=19672"}],"curies":[{"name":"wp","href":"https:\/\/api.w.org\/{rel}","templated":true}]}}

Universitätsdiplom – Vorbereitung auf das Studium in Frankreich

<!-- This site is optimized with the Yoast SEO plugin v27.5 - https://yoast.com/product/yoast-seo-wordpress/ -->
<title>Universitätsdiplom – Vorbereitung auf das Studium in Frankreich</title>
<meta name="description" content="L e DU porte d’entrée vers des études supérieures et une réussite professionnelle dans un pays francophone avec le CIEL de Strasbourg" />
<meta name="robots" content="index, follow, max-snippet:-1, max-image-preview:large, max-video-preview:-1" />
<link rel="canonical" href="https://www.ciel-strasbourg.org/de/bildungen/diplome-universitaire-preparation-aux-etudes-en-france/" />
<meta property="og:locale" content="de_DE" />
<meta property="og:type" content="article" />
<meta property="og:title" content="Universitätsdiplom – Vorbereitung auf das Studium in Frankreich" />
<meta property="og:description" content="L e DU porte d’entrée vers des études supérieures et une réussite professionnelle dans un pays francophone avec le CIEL de Strasbourg" />
<meta property="og:url" content="https://www.ciel-strasbourg.org/de/bildungen/diplome-universitaire-preparation-aux-etudes-en-france/" />
<meta property="og:site_name" content="CIEL" />
<meta property="article:modified_time" content="2026-04-20T13:46:26+00:00" />
<meta property="og:image" content="https://www.ciel-strasbourg.org/wp-inside/uploads/2026/03/adobestock_285227932.jpeg" />
	<meta property="og:image:width" content="2000" />
	<meta property="og:image:height" content="1333" />
	<meta property="og:image:type" content="image/jpeg" />
<meta name="twitter:card" content="summary_large_image" />
<script type="application/ld+json" class="yoast-schema-graph">{"@context":"https:\/\/schema.org","@graph":[{"@type":"WebPage","@id":"https:\/\/www.ciel-strasbourg.org\/de\/bildungen\/diplome-universitaire-preparation-aux-etudes-en-france\/","url":"https:\/\/www.ciel-strasbourg.org\/de\/bildungen\/diplome-universitaire-preparation-aux-etudes-en-france\/","name":"Universitätsdiplom – Vorbereitung auf das Studium in Frankreich","isPartOf":{"@id":"https:\/\/www.ciel-strasbourg.org\/de\/#website"},"primaryImageOfPage":{"@id":"https:\/\/www.ciel-strasbourg.org\/de\/bildungen\/diplome-universitaire-preparation-aux-etudes-en-france\/#primaryimage"},"image":{"@id":"https:\/\/www.ciel-strasbourg.org\/de\/bildungen\/diplome-universitaire-preparation-aux-etudes-en-france\/#primaryimage"},"thumbnailUrl":"https:\/\/www.ciel-strasbourg.org\/wp-inside\/uploads\/2026\/03\/adobestock_285227932.jpeg","datePublished":"2026-03-24T11:15:26+00:00","dateModified":"2026-04-20T13:46:26+00:00","description":"L e DU porte d’entrée vers des études supérieures et une réussite professionnelle dans un pays francophone avec le CIEL de Strasbourg","breadcrumb":{"@id":"https:\/\/www.ciel-strasbourg.org\/de\/bildungen\/diplome-universitaire-preparation-aux-etudes-en-france\/#breadcrumb"},"inLanguage":"de-DE","potentialAction":[{"@type":"ReadAction","target":["https:\/\/www.ciel-strasbourg.org\/de\/bildungen\/diplome-universitaire-preparation-aux-etudes-en-france\/"]}]},{"@type":"ImageObject","inLanguage":"de-DE","@id":"https:\/\/www.ciel-strasbourg.org\/de\/bildungen\/diplome-universitaire-preparation-aux-etudes-en-france\/#primaryimage","url":"https:\/\/www.ciel-strasbourg.org\/wp-inside\/uploads\/2026\/03\/adobestock_285227932.jpeg","contentUrl":"https:\/\/www.ciel-strasbourg.org\/wp-inside\/uploads\/2026\/03\/adobestock_285227932.jpeg","width":2000,"height":1333,"caption":"Happy and cheerful Asian girl traveler takes a selfie on the Saint Martin bridge in the Petit France area in Strasbourg. Colorful and dramatic sunset at the background"},{"@type":"BreadcrumbList","@id":"https:\/\/www.ciel-strasbourg.org\/de\/bildungen\/diplome-universitaire-preparation-aux-etudes-en-france\/#breadcrumb","itemListElement":[{"@type":"ListItem","position":1,"name":"Startseite","item":"https:\/\/www.ciel-strasbourg.org\/de\/"},{"@type":"ListItem","position":2,"name":"Bildungen","item":"https:\/\/www.ciel-strasbourg.org\/de\/bildungen\/"},{"@type":"ListItem","position":3,"name":"Universitätsdiplom – Vorbereitung auf das Studium in Frankreich"}]},{"@type":"WebSite","@id":"https:\/\/www.ciel-strasbourg.org\/de\/#website","url":"https:\/\/www.ciel-strasbourg.org\/de\/","name":"CIEL","description":"Lernen Sie Französisch beim CIEL de Strasbourg!","publisher":{"@id":"https:\/\/www.ciel-strasbourg.org\/de\/#organization"},"potentialAction":[{"@type":"SearchAction","target":{"@type":"EntryPoint","urlTemplate":"https:\/\/www.ciel-strasbourg.org\/de\/?s={search_term_string}"},"query-input":{"@type":"PropertyValueSpecification","valueRequired":true,"valueName":"search_term_string"}}],"inLanguage":"de-DE"},{"@type":"Organization","@id":"https:\/\/www.ciel-strasbourg.org\/de\/#organization","name":"CIEL Strasbourg","url":"https:\/\/www.ciel-strasbourg.org\/de\/","logo":{"@type":"ImageObject","inLanguage":"de-DE","@id":"https:\/\/www.ciel-strasbourg.org\/de\/#\/schema\/logo\/image\/","url":"https:\/\/www.ciel-strasbourg.org\/wp-inside\/uploads\/2020\/12\/logo-ciel.png","contentUrl":"https:\/\/www.ciel-strasbourg.org\/wp-inside\/uploads\/2020\/12\/logo-ciel.png","width":265,"height":90,"caption":"CIEL Strasbourg"},"image":{"@id":"https:\/\/www.ciel-strasbourg.org\/de\/#\/schema\/logo\/image\/"}}]}</script>
<!-- / Yoast SEO plugin. -->

L e DU porte d’entrée vers des études supérieures et une réussite professionnelle dans un pays francophone avec le CIEL de Strasbourg

Lernen Sie Französisch beim CIEL de Strasbourg!
