{"id":16113,"date":"2025-01-29T16:21:57","date_gmt":"2025-01-29T15:21:57","guid":{"rendered":"https:\/\/www.ciel-strasbourg.org\/?page_id=16113"},"modified":"2025-01-30T11:10:31","modified_gmt":"2025-01-30T10:10:31","slug":"katalog","status":"publish","type":"page","link":"https:\/\/www.ciel-strasbourg.org\/de\/das-ciel-de-strasbourg\/katalog\/","title":{"rendered":"Katalog"},"content":{"rendered":"<p><img decoding=\"async\" class=\"alignleft\" src=\"https:\/\/www.ciel-strasbourg.org\/wp-inside\/uploads\/2024\/08\/exe_visuels_20243-212x300.jpg\" \/><\/p>\n<p>&nbsp;<\/p>\n<p>Sie m\u00f6chten die Brosch\u00fcre zu den Franz\u00f6sischkursen des CIEL in Stra\u00dfburg als PDF-Datei erhalten?<\/p>\n<p>Laden Sie sie herunter, indem Sie unten klicken:<\/p>\n<p><a class=\"button\" href=\"https:\/\/www.ciel-strasbourg.org\/wp-inside\/uploads\/2025\/01\/exe_fle_de_2024_web.pdf\" target=\"_blank\" rel=\"noopener\">Brosch\u00fcre herunterladen<\/a><\/p>\n<p><a class=\"button secondary-color\" href=\"https:\/\/www.ciel-strasbourg.org\/wp-inside\/uploads\/2025\/01\/annexe-tarifaire-fle-2024_version-anglais_def.pdf\" target=\"_blank\" rel=\"noopener\">Preisliste<\/a><\/p>\n<p>&nbsp;<\/p>\n<p>&nbsp;<\/p>\n","protected":false},"excerpt":{"rendered":"<p>&nbsp; Sie m\u00f6chten die Brosch\u00fcre zu den Franz\u00f6sischkursen des CIEL in Stra\u00dfburg als PDF-Datei erhalten? Laden Sie sie herunter, indem Sie unten klicken: Brosch\u00fcre herunterladen Preisliste &nbsp; &nbsp;<\/p>\n","protected":false},"author":10,"featured_media":0,"parent":3034,"menu_order":0,"comment_status":"closed","ping_status":"closed","template":"","meta":{"_acf_changed":false,"footnotes":""},"class_list":["post-16113","page","type-page","status-publish","hentry","wp-sticky"],"acf":[],"yoast_head":"<!-- This site is optimized with the Yoast SEO plugin v27.5 - https:\/\/yoast.com\/product\/yoast-seo-wordpress\/ -->\n<title>Katalog<\/title>\n<meta name=\"robots\" content=\"index, follow, max-snippet:-1, max-image-preview:large, max-video-preview:-1\" \/>\n<link rel=\"canonical\" href=\"https:\/\/www.ciel-strasbourg.org\/de\/das-ciel-de-strasbourg\/katalog\/\" \/>\n<meta property=\"og:locale\" content=\"de_DE\" \/>\n<meta property=\"og:type\" content=\"article\" \/>\n<meta property=\"og:title\" content=\"Katalog\" \/>\n<meta property=\"og:description\" content=\"&nbsp; Sie m\u00f6chten die Brosch\u00fcre zu den Franz\u00f6sischkursen des CIEL in Stra\u00dfburg als PDF-Datei erhalten? Laden Sie sie herunter, indem Sie unten klicken: Brosch\u00fcre herunterladen Preisliste &nbsp; &nbsp;\" \/>\n<meta property=\"og:url\" content=\"https:\/\/www.ciel-strasbourg.org\/de\/das-ciel-de-strasbourg\/katalog\/\" \/>\n<meta property=\"og:site_name\" content=\"CIEL\" \/>\n<meta property=\"article:modified_time\" content=\"2025-01-30T10:10:31+00:00\" \/>\n<meta property=\"og:image\" content=\"https:\/\/www.ciel-strasbourg.org\/wp-inside\/uploads\/2024\/08\/exe_visuels_20243-212x300.jpg\" \/>\n<meta name=\"twitter:card\" content=\"summary_large_image\" \/>\n<script type=\"application\/ld+json\" class=\"yoast-schema-graph\">{\"@context\":\"https:\\\/\\\/schema.org\",\"@graph\":[{\"@type\":\"WebPage\",\"@id\":\"https:\\\/\\\/www.ciel-strasbourg.org\\\/de\\\/das-ciel-de-strasbourg\\\/katalog\\\/\",\"url\":\"https:\\\/\\\/www.ciel-strasbourg.org\\\/de\\\/das-ciel-de-strasbourg\\\/katalog\\\/\",\"name\":\"Katalog\",\"isPartOf\":{\"@id\":\"https:\\\/\\\/www.ciel-strasbourg.org\\\/de\\\/#website\"},\"primaryImageOfPage\":{\"@id\":\"https:\\\/\\\/www.ciel-strasbourg.org\\\/de\\\/das-ciel-de-strasbourg\\\/katalog\\\/#primaryimage\"},\"image\":{\"@id\":\"https:\\\/\\\/www.ciel-strasbourg.org\\\/de\\\/das-ciel-de-strasbourg\\\/katalog\\\/#primaryimage\"},\"thumbnailUrl\":\"https:\\\/\\\/www.ciel-strasbourg.org\\\/wp-inside\\\/uploads\\\/2024\\\/08\\\/exe_visuels_20243-212x300.jpg\",\"datePublished\":\"2025-01-29T15:21:57+00:00\",\"dateModified\":\"2025-01-30T10:10:31+00:00\",\"breadcrumb\":{\"@id\":\"https:\\\/\\\/www.ciel-strasbourg.org\\\/de\\\/das-ciel-de-strasbourg\\\/katalog\\\/#breadcrumb\"},\"inLanguage\":\"de-DE\",\"potentialAction\":[{\"@type\":\"ReadAction\",\"target\":[\"https:\\\/\\\/www.ciel-strasbourg.org\\\/de\\\/das-ciel-de-strasbourg\\\/katalog\\\/\"]}]},{\"@type\":\"ImageObject\",\"inLanguage\":\"de-DE\",\"@id\":\"https:\\\/\\\/www.ciel-strasbourg.org\\\/de\\\/das-ciel-de-strasbourg\\\/katalog\\\/#primaryimage\",\"url\":\"https:\\\/\\\/www.ciel-strasbourg.org\\\/wp-inside\\\/uploads\\\/2024\\\/08\\\/exe_visuels_20243-212x300.jpg\",\"contentUrl\":\"https:\\\/\\\/www.ciel-strasbourg.org\\\/wp-inside\\\/uploads\\\/2024\\\/08\\\/exe_visuels_20243-212x300.jpg\"},{\"@type\":\"BreadcrumbList\",\"@id\":\"https:\\\/\\\/www.ciel-strasbourg.org\\\/de\\\/das-ciel-de-strasbourg\\\/katalog\\\/#breadcrumb\",\"itemListElement\":[{\"@type\":\"ListItem\",\"position\":1,\"name\":\"Startseite\",\"item\":\"https:\\\/\\\/www.ciel-strasbourg.org\\\/de\\\/\"},{\"@type\":\"ListItem\",\"position\":2,\"name\":\"Das CIEL de Strasbourg\",\"item\":\"https:\\\/\\\/www.ciel-strasbourg.org\\\/de\\\/das-ciel-de-strasbourg\\\/\"},{\"@type\":\"ListItem\",\"position\":3,\"name\":\"Katalog\"}]},{\"@type\":\"WebSite\",\"@id\":\"https:\\\/\\\/www.ciel-strasbourg.org\\\/de\\\/#website\",\"url\":\"https:\\\/\\\/www.ciel-strasbourg.org\\\/de\\\/\",\"name\":\"CIEL\",\"description\":\"Lernen Sie Franz\u00f6sisch beim CIEL de Strasbourg!\",\"publisher\":{\"@id\":\"https:\\\/\\\/www.ciel-strasbourg.org\\\/de\\\/#organization\"},\"potentialAction\":[{\"@type\":\"SearchAction\",\"target\":{\"@type\":\"EntryPoint\",\"urlTemplate\":\"https:\\\/\\\/www.ciel-strasbourg.org\\\/de\\\/?s={search_term_string}\"},\"query-input\":{\"@type\":\"PropertyValueSpecification\",\"valueRequired\":true,\"valueName\":\"search_term_string\"}}],\"inLanguage\":\"de-DE\"},{\"@type\":\"Organization\",\"@id\":\"https:\\\/\\\/www.ciel-strasbourg.org\\\/de\\\/#organization\",\"name\":\"CIEL Strasbourg\",\"url\":\"https:\\\/\\\/www.ciel-strasbourg.org\\\/de\\\/\",\"logo\":{\"@type\":\"ImageObject\",\"inLanguage\":\"de-DE\",\"@id\":\"https:\\\/\\\/www.ciel-strasbourg.org\\\/de\\\/#\\\/schema\\\/logo\\\/image\\\/\",\"url\":\"https:\\\/\\\/www.ciel-strasbourg.org\\\/wp-inside\\\/uploads\\\/2020\\\/12\\\/logo-ciel.png\",\"contentUrl\":\"https:\\\/\\\/www.ciel-strasbourg.org\\\/wp-inside\\\/uploads\\\/2020\\\/12\\\/logo-ciel.png\",\"width\":265,\"height\":90,\"caption\":\"CIEL Strasbourg\"},\"image\":{\"@id\":\"https:\\\/\\\/www.ciel-strasbourg.org\\\/de\\\/#\\\/schema\\\/logo\\\/image\\\/\"}}]}<\/script>\n<!-- \/ Yoast SEO plugin. -->","yoast_head_json":{"title":"Katalog","robots":{"index":"index","follow":"follow","max-snippet":"max-snippet:-1","max-image-preview":"max-image-preview:large","max-video-preview":"max-video-preview:-1"},"canonical":"https:\/\/www.ciel-strasbourg.org\/de\/das-ciel-de-strasbourg\/katalog\/","og_locale":"de_DE","og_type":"article","og_title":"Katalog","og_description":"&nbsp; Sie m\u00f6chten die Brosch\u00fcre zu den Franz\u00f6sischkursen des CIEL in Stra\u00dfburg als PDF-Datei erhalten? Laden Sie sie herunter, indem Sie unten klicken: Brosch\u00fcre herunterladen Preisliste &nbsp; &nbsp;","og_url":"https:\/\/www.ciel-strasbourg.org\/de\/das-ciel-de-strasbourg\/katalog\/","og_site_name":"CIEL","article_modified_time":"2025-01-30T10:10:31+00:00","og_image":[{"url":"https:\/\/www.ciel-strasbourg.org\/wp-inside\/uploads\/2024\/08\/exe_visuels_20243-212x300.jpg","type":"","width":"","height":""}],"twitter_card":"summary_large_image","schema":{"@context":"https:\/\/schema.org","@graph":[{"@type":"WebPage","@id":"https:\/\/www.ciel-strasbourg.org\/de\/das-ciel-de-strasbourg\/katalog\/","url":"https:\/\/www.ciel-strasbourg.org\/de\/das-ciel-de-strasbourg\/katalog\/","name":"Katalog","isPartOf":{"@id":"https:\/\/www.ciel-strasbourg.org\/de\/#website"},"primaryImageOfPage":{"@id":"https:\/\/www.ciel-strasbourg.org\/de\/das-ciel-de-strasbourg\/katalog\/#primaryimage"},"image":{"@id":"https:\/\/www.ciel-strasbourg.org\/de\/das-ciel-de-strasbourg\/katalog\/#primaryimage"},"thumbnailUrl":"https:\/\/www.ciel-strasbourg.org\/wp-inside\/uploads\/2024\/08\/exe_visuels_20243-212x300.jpg","datePublished":"2025-01-29T15:21:57+00:00","dateModified":"2025-01-30T10:10:31+00:00","breadcrumb":{"@id":"https:\/\/www.ciel-strasbourg.org\/de\/das-ciel-de-strasbourg\/katalog\/#breadcrumb"},"inLanguage":"de-DE","potentialAction":[{"@type":"ReadAction","target":["https:\/\/www.ciel-strasbourg.org\/de\/das-ciel-de-strasbourg\/katalog\/"]}]},{"@type":"ImageObject","inLanguage":"de-DE","@id":"https:\/\/www.ciel-strasbourg.org\/de\/das-ciel-de-strasbourg\/katalog\/#primaryimage","url":"https:\/\/www.ciel-strasbourg.org\/wp-inside\/uploads\/2024\/08\/exe_visuels_20243-212x300.jpg","contentUrl":"https:\/\/www.ciel-strasbourg.org\/wp-inside\/uploads\/2024\/08\/exe_visuels_20243-212x300.jpg"},{"@type":"BreadcrumbList","@id":"https:\/\/www.ciel-strasbourg.org\/de\/das-ciel-de-strasbourg\/katalog\/#breadcrumb","itemListElement":[{"@type":"ListItem","position":1,"name":"Startseite","item":"https:\/\/www.ciel-strasbourg.org\/de\/"},{"@type":"ListItem","position":2,"name":"Das CIEL de Strasbourg","item":"https:\/\/www.ciel-strasbourg.org\/de\/das-ciel-de-strasbourg\/"},{"@type":"ListItem","position":3,"name":"Katalog"}]},{"@type":"WebSite","@id":"https:\/\/www.ciel-strasbourg.org\/de\/#website","url":"https:\/\/www.ciel-strasbourg.org\/de\/","name":"CIEL","description":"Lernen Sie Franz\u00f6sisch beim CIEL de Strasbourg!","publisher":{"@id":"https:\/\/www.ciel-strasbourg.org\/de\/#organization"},"potentialAction":[{"@type":"SearchAction","target":{"@type":"EntryPoint","urlTemplate":"https:\/\/www.ciel-strasbourg.org\/de\/?s={search_term_string}"},"query-input":{"@type":"PropertyValueSpecification","valueRequired":true,"valueName":"search_term_string"}}],"inLanguage":"de-DE"},{"@type":"Organization","@id":"https:\/\/www.ciel-strasbourg.org\/de\/#organization","name":"CIEL Strasbourg","url":"https:\/\/www.ciel-strasbourg.org\/de\/","logo":{"@type":"ImageObject","inLanguage":"de-DE","@id":"https:\/\/www.ciel-strasbourg.org\/de\/#\/schema\/logo\/image\/","url":"https:\/\/www.ciel-strasbourg.org\/wp-inside\/uploads\/2020\/12\/logo-ciel.png","contentUrl":"https:\/\/www.ciel-strasbourg.org\/wp-inside\/uploads\/2020\/12\/logo-ciel.png","width":265,"height":90,"caption":"CIEL Strasbourg"},"image":{"@id":"https:\/\/www.ciel-strasbourg.org\/de\/#\/schema\/logo\/image\/"}}]}},"_links":{"self":[{"href":"https:\/\/www.ciel-strasbourg.org\/de\/wp-json\/wp\/v2\/pages\/16113","targetHints":{"allow":["GET"]}}],"collection":[{"href":"https:\/\/www.ciel-strasbourg.org\/de\/wp-json\/wp\/v2\/pages"}],"about":[{"href":"https:\/\/www.ciel-strasbourg.org\/de\/wp-json\/wp\/v2\/types\/page"}],"author":[{"embeddable":true,"href":"https:\/\/www.ciel-strasbourg.org\/de\/wp-json\/wp\/v2\/users\/10"}],"replies":[{"embeddable":true,"href":"https:\/\/www.ciel-strasbourg.org\/de\/wp-json\/wp\/v2\/comments?post=16113"}],"version-history":[{"count":3,"href":"https:\/\/www.ciel-strasbourg.org\/de\/wp-json\/wp\/v2\/pages\/16113\/revisions"}],"predecessor-version":[{"id":16161,"href":"https:\/\/www.ciel-strasbourg.org\/de\/wp-json\/wp\/v2\/pages\/16113\/revisions\/16161"}],"up":[{"embeddable":true,"href":"https:\/\/www.ciel-strasbourg.org\/de\/wp-json\/wp\/v2\/pages\/3034"}],"wp:attachment":[{"href":"https:\/\/www.ciel-strasbourg.org\/de\/wp-json\/wp\/v2\/media?parent=16113"}],"curies":[{"name":"wp","href":"https:\/\/api.w.org\/{rel}","templated":true}]}}

<p><img decoding="async" class="alignleft" src="https://www.ciel-strasbourg.org/wp-inside/uploads/2024/08/exe_visuels_20243-212x300.jpg" /></p>
<p>&nbsp;</p>
<p>Sie möchten die Broschüre zu den Französischkursen des CIEL in Straßburg als PDF-Datei erhalten?</p>
<p>Laden Sie sie herunter, indem Sie unten klicken:</p>
<p><a class="button" href="https://www.ciel-strasbourg.org/wp-inside/uploads/2025/01/exe_fle_de_2024_web.pdf" target="_blank" rel="noopener">Broschüre herunterladen</a></p>
<p><a class="button secondary-color" href="https://www.ciel-strasbourg.org/wp-inside/uploads/2025/01/annexe-tarifaire-fle-2024_version-anglais_def.pdf" target="_blank" rel="noopener">Preisliste</a></p>
<p>&nbsp;</p>
<p>&nbsp;</p>

<p>&nbsp; Sie möchten die Broschüre zu den Französischkursen des CIEL in Straßburg als PDF-Datei erhalten? Laden Sie sie herunter, indem Sie unten klicken: Broschüre herunterladen Preisliste &nbsp; &nbsp;</p>

<!-- This site is optimized with the Yoast SEO plugin v27.5 - https://yoast.com/product/yoast-seo-wordpress/ -->
<title>Katalog</title>
<meta name="robots" content="index, follow, max-snippet:-1, max-image-preview:large, max-video-preview:-1" />
<link rel="canonical" href="https://www.ciel-strasbourg.org/de/das-ciel-de-strasbourg/katalog/" />
<meta property="og:locale" content="de_DE" />
<meta property="og:type" content="article" />
<meta property="og:title" content="Katalog" />
<meta property="og:description" content="&nbsp; Sie möchten die Broschüre zu den Französischkursen des CIEL in Straßburg als PDF-Datei erhalten? Laden Sie sie herunter, indem Sie unten klicken: Broschüre herunterladen Preisliste &nbsp; &nbsp;" />
<meta property="og:url" content="https://www.ciel-strasbourg.org/de/das-ciel-de-strasbourg/katalog/" />
<meta property="og:site_name" content="CIEL" />
<meta property="article:modified_time" content="2025-01-30T10:10:31+00:00" />
<meta property="og:image" content="https://www.ciel-strasbourg.org/wp-inside/uploads/2024/08/exe_visuels_20243-212x300.jpg" />
<meta name="twitter:card" content="summary_large_image" />
<script type="application/ld+json" class="yoast-schema-graph">{"@context":"https:\/\/schema.org","@graph":[{"@type":"WebPage","@id":"https:\/\/www.ciel-strasbourg.org\/de\/das-ciel-de-strasbourg\/katalog\/","url":"https:\/\/www.ciel-strasbourg.org\/de\/das-ciel-de-strasbourg\/katalog\/","name":"Katalog","isPartOf":{"@id":"https:\/\/www.ciel-strasbourg.org\/de\/#website"},"primaryImageOfPage":{"@id":"https:\/\/www.ciel-strasbourg.org\/de\/das-ciel-de-strasbourg\/katalog\/#primaryimage"},"image":{"@id":"https:\/\/www.ciel-strasbourg.org\/de\/das-ciel-de-strasbourg\/katalog\/#primaryimage"},"thumbnailUrl":"https:\/\/www.ciel-strasbourg.org\/wp-inside\/uploads\/2024\/08\/exe_visuels_20243-212x300.jpg","datePublished":"2025-01-29T15:21:57+00:00","dateModified":"2025-01-30T10:10:31+00:00","breadcrumb":{"@id":"https:\/\/www.ciel-strasbourg.org\/de\/das-ciel-de-strasbourg\/katalog\/#breadcrumb"},"inLanguage":"de-DE","potentialAction":[{"@type":"ReadAction","target":["https:\/\/www.ciel-strasbourg.org\/de\/das-ciel-de-strasbourg\/katalog\/"]}]},{"@type":"ImageObject","inLanguage":"de-DE","@id":"https:\/\/www.ciel-strasbourg.org\/de\/das-ciel-de-strasbourg\/katalog\/#primaryimage","url":"https:\/\/www.ciel-strasbourg.org\/wp-inside\/uploads\/2024\/08\/exe_visuels_20243-212x300.jpg","contentUrl":"https:\/\/www.ciel-strasbourg.org\/wp-inside\/uploads\/2024\/08\/exe_visuels_20243-212x300.jpg"},{"@type":"BreadcrumbList","@id":"https:\/\/www.ciel-strasbourg.org\/de\/das-ciel-de-strasbourg\/katalog\/#breadcrumb","itemListElement":[{"@type":"ListItem","position":1,"name":"Startseite","item":"https:\/\/www.ciel-strasbourg.org\/de\/"},{"@type":"ListItem","position":2,"name":"Das CIEL de Strasbourg","item":"https:\/\/www.ciel-strasbourg.org\/de\/das-ciel-de-strasbourg\/"},{"@type":"ListItem","position":3,"name":"Katalog"}]},{"@type":"WebSite","@id":"https:\/\/www.ciel-strasbourg.org\/de\/#website","url":"https:\/\/www.ciel-strasbourg.org\/de\/","name":"CIEL","description":"Lernen Sie Französisch beim CIEL de Strasbourg!","publisher":{"@id":"https:\/\/www.ciel-strasbourg.org\/de\/#organization"},"potentialAction":[{"@type":"SearchAction","target":{"@type":"EntryPoint","urlTemplate":"https:\/\/www.ciel-strasbourg.org\/de\/?s={search_term_string}"},"query-input":{"@type":"PropertyValueSpecification","valueRequired":true,"valueName":"search_term_string"}}],"inLanguage":"de-DE"},{"@type":"Organization","@id":"https:\/\/www.ciel-strasbourg.org\/de\/#organization","name":"CIEL Strasbourg","url":"https:\/\/www.ciel-strasbourg.org\/de\/","logo":{"@type":"ImageObject","inLanguage":"de-DE","@id":"https:\/\/www.ciel-strasbourg.org\/de\/#\/schema\/logo\/image\/","url":"https:\/\/www.ciel-strasbourg.org\/wp-inside\/uploads\/2020\/12\/logo-ciel.png","contentUrl":"https:\/\/www.ciel-strasbourg.org\/wp-inside\/uploads\/2020\/12\/logo-ciel.png","width":265,"height":90,"caption":"CIEL Strasbourg"},"image":{"@id":"https:\/\/www.ciel-strasbourg.org\/de\/#\/schema\/logo\/image\/"}}]}</script>
<!-- / Yoast SEO plugin. -->

&nbsp; Sie möchten die Broschüre zu den Französischkursen des CIEL in Straßburg als PDF-Datei erhalten? Laden Sie sie herunter, indem Sie unten klicken: Broschüre herunterladen Preisliste &nbsp; &nbsp;

Lernen Sie Französisch beim CIEL de Strasbourg!
