{"id":3149,"date":"2020-12-08T10:39:57","date_gmt":"2020-12-08T09:39:57","guid":{"rendered":"https:\/\/www.ciel-strasbourg.org\/?page_id=3149"},"modified":"2024-03-01T16:22:53","modified_gmt":"2024-03-01T15:22:53","slug":"ausruestungen","status":"publish","type":"page","link":"https:\/\/www.ciel-strasbourg.org\/de\/das-ciel-de-strasbourg\/ausruestungen\/","title":{"rendered":"Ausr\u00fcstungen"},"content":{"rendered":"<p>Das CIEL de Strasbourg befindet sich im CCI Campus, einem ger\u00e4umigen, hellen und modernen Geb\u00e4udekomplex. F\u00fcr die verschiedenen hier angebotenen Ausbildungen stehen zur Verf\u00fcgung:<\/p>\n<ul>\n<li>\u00fcber 50 auf einer Gesamtfl\u00e4che von 3360 m<sup>2<\/sup> verteilte Unterrichtsr\u00e4ume in zwei Geb\u00e4uden<\/li>\n<li>2 \u00fcber 260 bzw. 180 Pl\u00e4tze verf\u00fcgende H\u00f6rs\u00e4le<\/li>\n<li>1 zentraler Platz zur Organisation von Symposien, Kongressen, Kolloquien &#8230; und tempor\u00e4ren Ausstellungen<\/li>\n<li>7 Computerr\u00e4ume mit einem Netzwerk von \u00fcber 100 Computern<\/li>\n<li>mehrere, \u00fcber interaktive Whiteboards verf\u00fcgende R\u00e4ume<\/li>\n<li>1 Cafeteria mit 60 Pl\u00e4tzen, ein Erfrischungsbereich auf dem zentralen Platz und eine Au\u00dfenterrasse<\/li>\n<\/ul>\n","protected":false},"excerpt":{"rendered":"<p>Das CIEL de Strasbourg befindet sich im CCI Campus, einem ger\u00e4umigen, hellen und modernen Geb\u00e4udekomplex. F\u00fcr die verschiedenen hier angebotenen Ausbildungen stehen zur Verf\u00fcgung: \u00fcber 50 auf einer Gesamtfl\u00e4che von [&hellip;]<\/p>\n","protected":false},"author":7,"featured_media":12703,"parent":3034,"menu_order":140,"comment_status":"closed","ping_status":"closed","template":"tpl-page-modulable.php","meta":{"_acf_changed":false,"footnotes":""},"class_list":["post-3149","page","type-page","status-publish","has-post-thumbnail","hentry","wp-sticky"],"acf":[],"yoast_head":"<!-- This site is optimized with the Yoast SEO plugin v27.5 - https:\/\/yoast.com\/product\/yoast-seo-wordpress\/ -->\n<title>Ausr\u00fcstungen<\/title>\n<meta name=\"robots\" content=\"index, follow, max-snippet:-1, max-image-preview:large, max-video-preview:-1\" \/>\n<link rel=\"canonical\" href=\"https:\/\/www.ciel-strasbourg.org\/de\/das-ciel-de-strasbourg\/ausruestungen\/\" \/>\n<meta property=\"og:locale\" content=\"de_DE\" \/>\n<meta property=\"og:type\" content=\"article\" \/>\n<meta property=\"og:title\" content=\"Ausr\u00fcstungen\" \/>\n<meta property=\"og:description\" content=\"Das CIEL de Strasbourg befindet sich im CCI Campus, einem ger\u00e4umigen, hellen und modernen Geb\u00e4udekomplex. F\u00fcr die verschiedenen hier angebotenen Ausbildungen stehen zur Verf\u00fcgung: \u00fcber 50 auf einer Gesamtfl\u00e4che von [&hellip;]\" \/>\n<meta property=\"og:url\" content=\"https:\/\/www.ciel-strasbourg.org\/de\/das-ciel-de-strasbourg\/ausruestungen\/\" \/>\n<meta property=\"og:site_name\" content=\"CIEL\" \/>\n<meta property=\"article:modified_time\" content=\"2024-03-01T15:22:53+00:00\" \/>\n<meta property=\"og:image\" content=\"https:\/\/www.ciel-strasbourg.org\/wp-inside\/uploads\/2023\/10\/cci-selection-4.jpg\" \/>\n\t<meta property=\"og:image:width\" content=\"2000\" \/>\n\t<meta property=\"og:image:height\" content=\"1333\" \/>\n\t<meta property=\"og:image:type\" content=\"image\/jpeg\" \/>\n<meta name=\"twitter:card\" content=\"summary_large_image\" \/>\n<script type=\"application\/ld+json\" class=\"yoast-schema-graph\">{\"@context\":\"https:\\\/\\\/schema.org\",\"@graph\":[{\"@type\":\"WebPage\",\"@id\":\"https:\\\/\\\/www.ciel-strasbourg.org\\\/de\\\/das-ciel-de-strasbourg\\\/ausruestungen\\\/\",\"url\":\"https:\\\/\\\/www.ciel-strasbourg.org\\\/de\\\/das-ciel-de-strasbourg\\\/ausruestungen\\\/\",\"name\":\"Ausr\u00fcstungen\",\"isPartOf\":{\"@id\":\"https:\\\/\\\/www.ciel-strasbourg.org\\\/de\\\/#website\"},\"primaryImageOfPage\":{\"@id\":\"https:\\\/\\\/www.ciel-strasbourg.org\\\/de\\\/das-ciel-de-strasbourg\\\/ausruestungen\\\/#primaryimage\"},\"image\":{\"@id\":\"https:\\\/\\\/www.ciel-strasbourg.org\\\/de\\\/das-ciel-de-strasbourg\\\/ausruestungen\\\/#primaryimage\"},\"thumbnailUrl\":\"https:\\\/\\\/www.ciel-strasbourg.org\\\/wp-inside\\\/uploads\\\/2023\\\/10\\\/cci-selection-4.jpg\",\"datePublished\":\"2020-12-08T09:39:57+00:00\",\"dateModified\":\"2024-03-01T15:22:53+00:00\",\"breadcrumb\":{\"@id\":\"https:\\\/\\\/www.ciel-strasbourg.org\\\/de\\\/das-ciel-de-strasbourg\\\/ausruestungen\\\/#breadcrumb\"},\"inLanguage\":\"de-DE\",\"potentialAction\":[{\"@type\":\"ReadAction\",\"target\":[\"https:\\\/\\\/www.ciel-strasbourg.org\\\/de\\\/das-ciel-de-strasbourg\\\/ausruestungen\\\/\"]}]},{\"@type\":\"ImageObject\",\"inLanguage\":\"de-DE\",\"@id\":\"https:\\\/\\\/www.ciel-strasbourg.org\\\/de\\\/das-ciel-de-strasbourg\\\/ausruestungen\\\/#primaryimage\",\"url\":\"https:\\\/\\\/www.ciel-strasbourg.org\\\/wp-inside\\\/uploads\\\/2023\\\/10\\\/cci-selection-4.jpg\",\"contentUrl\":\"https:\\\/\\\/www.ciel-strasbourg.org\\\/wp-inside\\\/uploads\\\/2023\\\/10\\\/cci-selection-4.jpg\",\"width\":2000,\"height\":1333},{\"@type\":\"BreadcrumbList\",\"@id\":\"https:\\\/\\\/www.ciel-strasbourg.org\\\/de\\\/das-ciel-de-strasbourg\\\/ausruestungen\\\/#breadcrumb\",\"itemListElement\":[{\"@type\":\"ListItem\",\"position\":1,\"name\":\"Startseite\",\"item\":\"https:\\\/\\\/www.ciel-strasbourg.org\\\/de\\\/\"},{\"@type\":\"ListItem\",\"position\":2,\"name\":\"Das CIEL de Strasbourg\",\"item\":\"https:\\\/\\\/www.ciel-strasbourg.org\\\/de\\\/das-ciel-de-strasbourg\\\/\"},{\"@type\":\"ListItem\",\"position\":3,\"name\":\"Ausr\u00fcstungen\"}]},{\"@type\":\"WebSite\",\"@id\":\"https:\\\/\\\/www.ciel-strasbourg.org\\\/de\\\/#website\",\"url\":\"https:\\\/\\\/www.ciel-strasbourg.org\\\/de\\\/\",\"name\":\"CIEL\",\"description\":\"Lernen Sie Franz\u00f6sisch beim CIEL de Strasbourg!\",\"publisher\":{\"@id\":\"https:\\\/\\\/www.ciel-strasbourg.org\\\/de\\\/#organization\"},\"potentialAction\":[{\"@type\":\"SearchAction\",\"target\":{\"@type\":\"EntryPoint\",\"urlTemplate\":\"https:\\\/\\\/www.ciel-strasbourg.org\\\/de\\\/?s={search_term_string}\"},\"query-input\":{\"@type\":\"PropertyValueSpecification\",\"valueRequired\":true,\"valueName\":\"search_term_string\"}}],\"inLanguage\":\"de-DE\"},{\"@type\":\"Organization\",\"@id\":\"https:\\\/\\\/www.ciel-strasbourg.org\\\/de\\\/#organization\",\"name\":\"CIEL Strasbourg\",\"url\":\"https:\\\/\\\/www.ciel-strasbourg.org\\\/de\\\/\",\"logo\":{\"@type\":\"ImageObject\",\"inLanguage\":\"de-DE\",\"@id\":\"https:\\\/\\\/www.ciel-strasbourg.org\\\/de\\\/#\\\/schema\\\/logo\\\/image\\\/\",\"url\":\"https:\\\/\\\/www.ciel-strasbourg.org\\\/wp-inside\\\/uploads\\\/2020\\\/12\\\/logo-ciel.png\",\"contentUrl\":\"https:\\\/\\\/www.ciel-strasbourg.org\\\/wp-inside\\\/uploads\\\/2020\\\/12\\\/logo-ciel.png\",\"width\":265,\"height\":90,\"caption\":\"CIEL Strasbourg\"},\"image\":{\"@id\":\"https:\\\/\\\/www.ciel-strasbourg.org\\\/de\\\/#\\\/schema\\\/logo\\\/image\\\/\"}}]}<\/script>\n<!-- \/ Yoast SEO plugin. -->","yoast_head_json":{"title":"Ausr\u00fcstungen","robots":{"index":"index","follow":"follow","max-snippet":"max-snippet:-1","max-image-preview":"max-image-preview:large","max-video-preview":"max-video-preview:-1"},"canonical":"https:\/\/www.ciel-strasbourg.org\/de\/das-ciel-de-strasbourg\/ausruestungen\/","og_locale":"de_DE","og_type":"article","og_title":"Ausr\u00fcstungen","og_description":"Das CIEL de Strasbourg befindet sich im CCI Campus, einem ger\u00e4umigen, hellen und modernen Geb\u00e4udekomplex. F\u00fcr die verschiedenen hier angebotenen Ausbildungen stehen zur Verf\u00fcgung: \u00fcber 50 auf einer Gesamtfl\u00e4che von [&hellip;]","og_url":"https:\/\/www.ciel-strasbourg.org\/de\/das-ciel-de-strasbourg\/ausruestungen\/","og_site_name":"CIEL","article_modified_time":"2024-03-01T15:22:53+00:00","og_image":[{"width":2000,"height":1333,"url":"https:\/\/www.ciel-strasbourg.org\/wp-inside\/uploads\/2023\/10\/cci-selection-4.jpg","type":"image\/jpeg"}],"twitter_card":"summary_large_image","schema":{"@context":"https:\/\/schema.org","@graph":[{"@type":"WebPage","@id":"https:\/\/www.ciel-strasbourg.org\/de\/das-ciel-de-strasbourg\/ausruestungen\/","url":"https:\/\/www.ciel-strasbourg.org\/de\/das-ciel-de-strasbourg\/ausruestungen\/","name":"Ausr\u00fcstungen","isPartOf":{"@id":"https:\/\/www.ciel-strasbourg.org\/de\/#website"},"primaryImageOfPage":{"@id":"https:\/\/www.ciel-strasbourg.org\/de\/das-ciel-de-strasbourg\/ausruestungen\/#primaryimage"},"image":{"@id":"https:\/\/www.ciel-strasbourg.org\/de\/das-ciel-de-strasbourg\/ausruestungen\/#primaryimage"},"thumbnailUrl":"https:\/\/www.ciel-strasbourg.org\/wp-inside\/uploads\/2023\/10\/cci-selection-4.jpg","datePublished":"2020-12-08T09:39:57+00:00","dateModified":"2024-03-01T15:22:53+00:00","breadcrumb":{"@id":"https:\/\/www.ciel-strasbourg.org\/de\/das-ciel-de-strasbourg\/ausruestungen\/#breadcrumb"},"inLanguage":"de-DE","potentialAction":[{"@type":"ReadAction","target":["https:\/\/www.ciel-strasbourg.org\/de\/das-ciel-de-strasbourg\/ausruestungen\/"]}]},{"@type":"ImageObject","inLanguage":"de-DE","@id":"https:\/\/www.ciel-strasbourg.org\/de\/das-ciel-de-strasbourg\/ausruestungen\/#primaryimage","url":"https:\/\/www.ciel-strasbourg.org\/wp-inside\/uploads\/2023\/10\/cci-selection-4.jpg","contentUrl":"https:\/\/www.ciel-strasbourg.org\/wp-inside\/uploads\/2023\/10\/cci-selection-4.jpg","width":2000,"height":1333},{"@type":"BreadcrumbList","@id":"https:\/\/www.ciel-strasbourg.org\/de\/das-ciel-de-strasbourg\/ausruestungen\/#breadcrumb","itemListElement":[{"@type":"ListItem","position":1,"name":"Startseite","item":"https:\/\/www.ciel-strasbourg.org\/de\/"},{"@type":"ListItem","position":2,"name":"Das CIEL de Strasbourg","item":"https:\/\/www.ciel-strasbourg.org\/de\/das-ciel-de-strasbourg\/"},{"@type":"ListItem","position":3,"name":"Ausr\u00fcstungen"}]},{"@type":"WebSite","@id":"https:\/\/www.ciel-strasbourg.org\/de\/#website","url":"https:\/\/www.ciel-strasbourg.org\/de\/","name":"CIEL","description":"Lernen Sie Franz\u00f6sisch beim CIEL de Strasbourg!","publisher":{"@id":"https:\/\/www.ciel-strasbourg.org\/de\/#organization"},"potentialAction":[{"@type":"SearchAction","target":{"@type":"EntryPoint","urlTemplate":"https:\/\/www.ciel-strasbourg.org\/de\/?s={search_term_string}"},"query-input":{"@type":"PropertyValueSpecification","valueRequired":true,"valueName":"search_term_string"}}],"inLanguage":"de-DE"},{"@type":"Organization","@id":"https:\/\/www.ciel-strasbourg.org\/de\/#organization","name":"CIEL Strasbourg","url":"https:\/\/www.ciel-strasbourg.org\/de\/","logo":{"@type":"ImageObject","inLanguage":"de-DE","@id":"https:\/\/www.ciel-strasbourg.org\/de\/#\/schema\/logo\/image\/","url":"https:\/\/www.ciel-strasbourg.org\/wp-inside\/uploads\/2020\/12\/logo-ciel.png","contentUrl":"https:\/\/www.ciel-strasbourg.org\/wp-inside\/uploads\/2020\/12\/logo-ciel.png","width":265,"height":90,"caption":"CIEL Strasbourg"},"image":{"@id":"https:\/\/www.ciel-strasbourg.org\/de\/#\/schema\/logo\/image\/"}}]}},"_links":{"self":[{"href":"https:\/\/www.ciel-strasbourg.org\/de\/wp-json\/wp\/v2\/pages\/3149","targetHints":{"allow":["GET"]}}],"collection":[{"href":"https:\/\/www.ciel-strasbourg.org\/de\/wp-json\/wp\/v2\/pages"}],"about":[{"href":"https:\/\/www.ciel-strasbourg.org\/de\/wp-json\/wp\/v2\/types\/page"}],"author":[{"embeddable":true,"href":"https:\/\/www.ciel-strasbourg.org\/de\/wp-json\/wp\/v2\/users\/7"}],"replies":[{"embeddable":true,"href":"https:\/\/www.ciel-strasbourg.org\/de\/wp-json\/wp\/v2\/comments?post=3149"}],"version-history":[{"count":4,"href":"https:\/\/www.ciel-strasbourg.org\/de\/wp-json\/wp\/v2\/pages\/3149\/revisions"}],"predecessor-version":[{"id":13746,"href":"https:\/\/www.ciel-strasbourg.org\/de\/wp-json\/wp\/v2\/pages\/3149\/revisions\/13746"}],"up":[{"embeddable":true,"href":"https:\/\/www.ciel-strasbourg.org\/de\/wp-json\/wp\/v2\/pages\/3034"}],"wp:featuredmedia":[{"embeddable":true,"href":"https:\/\/www.ciel-strasbourg.org\/de\/wp-json\/wp\/v2\/media\/12703"}],"wp:attachment":[{"href":"https:\/\/www.ciel-strasbourg.org\/de\/wp-json\/wp\/v2\/media?parent=3149"}],"curies":[{"name":"wp","href":"https:\/\/api.w.org\/{rel}","templated":true}]}}

Ausrüstungen

<p>Das CIEL de Strasbourg befindet sich im CCI Campus, einem geräumigen, hellen und modernen Gebäudekomplex. Für die verschiedenen hier angebotenen Ausbildungen stehen zur Verfügung:</p>
<ul>
<li>über 50 auf einer Gesamtfläche von 3360 m<sup>2</sup> verteilte Unterrichtsräume in zwei Gebäuden</li>
<li>2 über 260 bzw. 180 Plätze verfügende Hörsäle</li>
<li>1 zentraler Platz zur Organisation von Symposien, Kongressen, Kolloquien &#8230; und temporären Ausstellungen</li>
<li>7 Computerräume mit einem Netzwerk von über 100 Computern</li>
<li>mehrere, über interaktive Whiteboards verfügende Räume</li>
<li>1 Cafeteria mit 60 Plätzen, ein Erfrischungsbereich auf dem zentralen Platz und eine Außenterrasse</li>
</ul>

<p>Das CIEL de Strasbourg befindet sich im CCI Campus, einem geräumigen, hellen und modernen Gebäudekomplex. Für die verschiedenen hier angebotenen Ausbildungen stehen zur Verfügung: über 50 auf einer Gesamtfläche von [&hellip;]</p>

<!-- This site is optimized with the Yoast SEO plugin v27.5 - https://yoast.com/product/yoast-seo-wordpress/ -->
<title>Ausrüstungen</title>
<meta name="robots" content="index, follow, max-snippet:-1, max-image-preview:large, max-video-preview:-1" />
<link rel="canonical" href="https://www.ciel-strasbourg.org/de/das-ciel-de-strasbourg/ausruestungen/" />
<meta property="og:locale" content="de_DE" />
<meta property="og:type" content="article" />
<meta property="og:title" content="Ausrüstungen" />
<meta property="og:description" content="Das CIEL de Strasbourg befindet sich im CCI Campus, einem geräumigen, hellen und modernen Gebäudekomplex. Für die verschiedenen hier angebotenen Ausbildungen stehen zur Verfügung: über 50 auf einer Gesamtfläche von [&hellip;]" />
<meta property="og:url" content="https://www.ciel-strasbourg.org/de/das-ciel-de-strasbourg/ausruestungen/" />
<meta property="og:site_name" content="CIEL" />
<meta property="article:modified_time" content="2024-03-01T15:22:53+00:00" />
<meta property="og:image" content="https://www.ciel-strasbourg.org/wp-inside/uploads/2023/10/cci-selection-4.jpg" />
	<meta property="og:image:width" content="2000" />
	<meta property="og:image:height" content="1333" />
	<meta property="og:image:type" content="image/jpeg" />
<meta name="twitter:card" content="summary_large_image" />
<script type="application/ld+json" class="yoast-schema-graph">{"@context":"https:\/\/schema.org","@graph":[{"@type":"WebPage","@id":"https:\/\/www.ciel-strasbourg.org\/de\/das-ciel-de-strasbourg\/ausruestungen\/","url":"https:\/\/www.ciel-strasbourg.org\/de\/das-ciel-de-strasbourg\/ausruestungen\/","name":"Ausrüstungen","isPartOf":{"@id":"https:\/\/www.ciel-strasbourg.org\/de\/#website"},"primaryImageOfPage":{"@id":"https:\/\/www.ciel-strasbourg.org\/de\/das-ciel-de-strasbourg\/ausruestungen\/#primaryimage"},"image":{"@id":"https:\/\/www.ciel-strasbourg.org\/de\/das-ciel-de-strasbourg\/ausruestungen\/#primaryimage"},"thumbnailUrl":"https:\/\/www.ciel-strasbourg.org\/wp-inside\/uploads\/2023\/10\/cci-selection-4.jpg","datePublished":"2020-12-08T09:39:57+00:00","dateModified":"2024-03-01T15:22:53+00:00","breadcrumb":{"@id":"https:\/\/www.ciel-strasbourg.org\/de\/das-ciel-de-strasbourg\/ausruestungen\/#breadcrumb"},"inLanguage":"de-DE","potentialAction":[{"@type":"ReadAction","target":["https:\/\/www.ciel-strasbourg.org\/de\/das-ciel-de-strasbourg\/ausruestungen\/"]}]},{"@type":"ImageObject","inLanguage":"de-DE","@id":"https:\/\/www.ciel-strasbourg.org\/de\/das-ciel-de-strasbourg\/ausruestungen\/#primaryimage","url":"https:\/\/www.ciel-strasbourg.org\/wp-inside\/uploads\/2023\/10\/cci-selection-4.jpg","contentUrl":"https:\/\/www.ciel-strasbourg.org\/wp-inside\/uploads\/2023\/10\/cci-selection-4.jpg","width":2000,"height":1333},{"@type":"BreadcrumbList","@id":"https:\/\/www.ciel-strasbourg.org\/de\/das-ciel-de-strasbourg\/ausruestungen\/#breadcrumb","itemListElement":[{"@type":"ListItem","position":1,"name":"Startseite","item":"https:\/\/www.ciel-strasbourg.org\/de\/"},{"@type":"ListItem","position":2,"name":"Das CIEL de Strasbourg","item":"https:\/\/www.ciel-strasbourg.org\/de\/das-ciel-de-strasbourg\/"},{"@type":"ListItem","position":3,"name":"Ausrüstungen"}]},{"@type":"WebSite","@id":"https:\/\/www.ciel-strasbourg.org\/de\/#website","url":"https:\/\/www.ciel-strasbourg.org\/de\/","name":"CIEL","description":"Lernen Sie Französisch beim CIEL de Strasbourg!","publisher":{"@id":"https:\/\/www.ciel-strasbourg.org\/de\/#organization"},"potentialAction":[{"@type":"SearchAction","target":{"@type":"EntryPoint","urlTemplate":"https:\/\/www.ciel-strasbourg.org\/de\/?s={search_term_string}"},"query-input":{"@type":"PropertyValueSpecification","valueRequired":true,"valueName":"search_term_string"}}],"inLanguage":"de-DE"},{"@type":"Organization","@id":"https:\/\/www.ciel-strasbourg.org\/de\/#organization","name":"CIEL Strasbourg","url":"https:\/\/www.ciel-strasbourg.org\/de\/","logo":{"@type":"ImageObject","inLanguage":"de-DE","@id":"https:\/\/www.ciel-strasbourg.org\/de\/#\/schema\/logo\/image\/","url":"https:\/\/www.ciel-strasbourg.org\/wp-inside\/uploads\/2020\/12\/logo-ciel.png","contentUrl":"https:\/\/www.ciel-strasbourg.org\/wp-inside\/uploads\/2020\/12\/logo-ciel.png","width":265,"height":90,"caption":"CIEL Strasbourg"},"image":{"@id":"https:\/\/www.ciel-strasbourg.org\/de\/#\/schema\/logo\/image\/"}}]}</script>
<!-- / Yoast SEO plugin. -->

Das CIEL de Strasbourg befindet sich im CCI Campus, einem geräumigen, hellen und modernen Gebäudekomplex. Für die verschiedenen hier angebotenen Ausbildungen stehen zur Verfügung: über 50 auf einer Gesamtfläche von [&hellip;]

Lernen Sie Französisch beim CIEL de Strasbourg!
