{"id":3191,"date":"2020-12-08T11:19:59","date_gmt":"2020-12-08T10:19:59","guid":{"rendered":"https:\/\/www.ciel-strasbourg.org\/?page_id=3191"},"modified":"2020-12-08T11:19:59","modified_gmt":"2020-12-08T10:19:59","slug":"einstufungstest","status":"publish","type":"page","link":"https:\/\/www.ciel-strasbourg.org\/de\/preise-und-termine\/einstufungstest\/","title":{"rendered":"Einstufungstest"},"content":{"rendered":"<p style=\"text-align: center;\">Wir k\u00f6nnen Ihren Antrag auf Anmeldung zu einem Franz\u00f6sischkurs erst entgegennehmen, nachdem Sie den nachstehenden Einstufungstest absolviert haben. Dessen Ergebnis erm\u00f6glicht es unserem Team, Sie in einer Gruppe Ihres Niveaus unterzubringen oder Ihnen eine, auf Ihre Bed\u00fcrfnisse zugeschnittene Formel zu empfehlen.<\/p>\n<p style=\"text-align: center;\"><a class=\"button\" href=\"https:\/\/oscar-cel.com\" target=\"_blank\" rel=\"noopener noreferrer\"><span style=\"font-weight: 400;\">Hier erhalte ich Zugang zum Online-Test<\/span><\/a><\/p>\n","protected":false},"excerpt":{"rendered":"<p>Wir k\u00f6nnen Ihren Antrag auf Anmeldung zu einem Franz\u00f6sischkurs erst entgegennehmen, nachdem Sie den nachstehenden Einstufungstest absolviert haben. Dessen Ergebnis erm\u00f6glicht es unserem Team, Sie in einer Gruppe Ihres Niveaus [&hellip;]<\/p>\n","protected":false},"author":7,"featured_media":0,"parent":4634,"menu_order":420,"comment_status":"closed","ping_status":"closed","template":"","meta":{"_acf_changed":false,"footnotes":""},"class_list":["post-3191","page","type-page","status-publish","hentry","wp-sticky"],"acf":[],"yoast_head":"<!-- This site is optimized with the Yoast SEO plugin v27.5 - https:\/\/yoast.com\/product\/yoast-seo-wordpress\/ -->\n<title>Einstufungstest<\/title>\n<meta name=\"robots\" content=\"index, follow, max-snippet:-1, max-image-preview:large, max-video-preview:-1\" \/>\n<link rel=\"canonical\" href=\"https:\/\/www.ciel-strasbourg.org\/de\/preise-und-termine\/einstufungstest\/\" \/>\n<meta property=\"og:locale\" content=\"de_DE\" \/>\n<meta property=\"og:type\" content=\"article\" \/>\n<meta property=\"og:title\" content=\"Einstufungstest\" \/>\n<meta property=\"og:description\" content=\"Wir k\u00f6nnen Ihren Antrag auf Anmeldung zu einem Franz\u00f6sischkurs erst entgegennehmen, nachdem Sie den nachstehenden Einstufungstest absolviert haben. Dessen Ergebnis erm\u00f6glicht es unserem Team, Sie in einer Gruppe Ihres Niveaus [&hellip;]\" \/>\n<meta property=\"og:url\" content=\"https:\/\/www.ciel-strasbourg.org\/de\/preise-und-termine\/einstufungstest\/\" \/>\n<meta property=\"og:site_name\" content=\"CIEL\" \/>\n<meta property=\"og:image\" content=\"https:\/\/www.ciel-strasbourg.org\/wp-inside\/uploads\/2020\/10\/batiment_strasbourg_yvestrotzier_11.jpg\" \/>\n\t<meta property=\"og:image:width\" content=\"1772\" \/>\n\t<meta property=\"og:image:height\" content=\"1772\" \/>\n\t<meta property=\"og:image:type\" content=\"image\/jpeg\" \/>\n<meta name=\"twitter:card\" content=\"summary_large_image\" \/>\n<script type=\"application\/ld+json\" class=\"yoast-schema-graph\">{\"@context\":\"https:\\\/\\\/schema.org\",\"@graph\":[{\"@type\":\"WebPage\",\"@id\":\"https:\\\/\\\/www.ciel-strasbourg.org\\\/de\\\/preise-und-termine\\\/einstufungstest\\\/\",\"url\":\"https:\\\/\\\/www.ciel-strasbourg.org\\\/de\\\/preise-und-termine\\\/einstufungstest\\\/\",\"name\":\"Einstufungstest\",\"isPartOf\":{\"@id\":\"https:\\\/\\\/www.ciel-strasbourg.org\\\/de\\\/#website\"},\"datePublished\":\"2020-12-08T10:19:59+00:00\",\"breadcrumb\":{\"@id\":\"https:\\\/\\\/www.ciel-strasbourg.org\\\/de\\\/preise-und-termine\\\/einstufungstest\\\/#breadcrumb\"},\"inLanguage\":\"de-DE\",\"potentialAction\":[{\"@type\":\"ReadAction\",\"target\":[\"https:\\\/\\\/www.ciel-strasbourg.org\\\/de\\\/preise-und-termine\\\/einstufungstest\\\/\"]}]},{\"@type\":\"BreadcrumbList\",\"@id\":\"https:\\\/\\\/www.ciel-strasbourg.org\\\/de\\\/preise-und-termine\\\/einstufungstest\\\/#breadcrumb\",\"itemListElement\":[{\"@type\":\"ListItem\",\"position\":1,\"name\":\"Startseite\",\"item\":\"https:\\\/\\\/www.ciel-strasbourg.org\\\/de\\\/\"},{\"@type\":\"ListItem\",\"position\":2,\"name\":\"Preise und termine\",\"item\":\"https:\\\/\\\/www.ciel-strasbourg.org\\\/de\\\/preise-und-termine\\\/\"},{\"@type\":\"ListItem\",\"position\":3,\"name\":\"Einstufungstest\"}]},{\"@type\":\"WebSite\",\"@id\":\"https:\\\/\\\/www.ciel-strasbourg.org\\\/de\\\/#website\",\"url\":\"https:\\\/\\\/www.ciel-strasbourg.org\\\/de\\\/\",\"name\":\"CIEL\",\"description\":\"Lernen Sie Franz\u00f6sisch beim CIEL de Strasbourg!\",\"publisher\":{\"@id\":\"https:\\\/\\\/www.ciel-strasbourg.org\\\/de\\\/#organization\"},\"potentialAction\":[{\"@type\":\"SearchAction\",\"target\":{\"@type\":\"EntryPoint\",\"urlTemplate\":\"https:\\\/\\\/www.ciel-strasbourg.org\\\/de\\\/?s={search_term_string}\"},\"query-input\":{\"@type\":\"PropertyValueSpecification\",\"valueRequired\":true,\"valueName\":\"search_term_string\"}}],\"inLanguage\":\"de-DE\"},{\"@type\":\"Organization\",\"@id\":\"https:\\\/\\\/www.ciel-strasbourg.org\\\/de\\\/#organization\",\"name\":\"CIEL Strasbourg\",\"url\":\"https:\\\/\\\/www.ciel-strasbourg.org\\\/de\\\/\",\"logo\":{\"@type\":\"ImageObject\",\"inLanguage\":\"de-DE\",\"@id\":\"https:\\\/\\\/www.ciel-strasbourg.org\\\/de\\\/#\\\/schema\\\/logo\\\/image\\\/\",\"url\":\"https:\\\/\\\/www.ciel-strasbourg.org\\\/wp-inside\\\/uploads\\\/2020\\\/12\\\/logo-ciel.png\",\"contentUrl\":\"https:\\\/\\\/www.ciel-strasbourg.org\\\/wp-inside\\\/uploads\\\/2020\\\/12\\\/logo-ciel.png\",\"width\":265,\"height\":90,\"caption\":\"CIEL Strasbourg\"},\"image\":{\"@id\":\"https:\\\/\\\/www.ciel-strasbourg.org\\\/de\\\/#\\\/schema\\\/logo\\\/image\\\/\"}}]}<\/script>\n<!-- \/ Yoast SEO plugin. -->","yoast_head_json":{"title":"Einstufungstest","robots":{"index":"index","follow":"follow","max-snippet":"max-snippet:-1","max-image-preview":"max-image-preview:large","max-video-preview":"max-video-preview:-1"},"canonical":"https:\/\/www.ciel-strasbourg.org\/de\/preise-und-termine\/einstufungstest\/","og_locale":"de_DE","og_type":"article","og_title":"Einstufungstest","og_description":"Wir k\u00f6nnen Ihren Antrag auf Anmeldung zu einem Franz\u00f6sischkurs erst entgegennehmen, nachdem Sie den nachstehenden Einstufungstest absolviert haben. Dessen Ergebnis erm\u00f6glicht es unserem Team, Sie in einer Gruppe Ihres Niveaus [&hellip;]","og_url":"https:\/\/www.ciel-strasbourg.org\/de\/preise-und-termine\/einstufungstest\/","og_site_name":"CIEL","og_image":[{"width":1772,"height":1772,"url":"https:\/\/www.ciel-strasbourg.org\/wp-inside\/uploads\/2020\/10\/batiment_strasbourg_yvestrotzier_11.jpg","type":"image\/jpeg"}],"twitter_card":"summary_large_image","schema":{"@context":"https:\/\/schema.org","@graph":[{"@type":"WebPage","@id":"https:\/\/www.ciel-strasbourg.org\/de\/preise-und-termine\/einstufungstest\/","url":"https:\/\/www.ciel-strasbourg.org\/de\/preise-und-termine\/einstufungstest\/","name":"Einstufungstest","isPartOf":{"@id":"https:\/\/www.ciel-strasbourg.org\/de\/#website"},"datePublished":"2020-12-08T10:19:59+00:00","breadcrumb":{"@id":"https:\/\/www.ciel-strasbourg.org\/de\/preise-und-termine\/einstufungstest\/#breadcrumb"},"inLanguage":"de-DE","potentialAction":[{"@type":"ReadAction","target":["https:\/\/www.ciel-strasbourg.org\/de\/preise-und-termine\/einstufungstest\/"]}]},{"@type":"BreadcrumbList","@id":"https:\/\/www.ciel-strasbourg.org\/de\/preise-und-termine\/einstufungstest\/#breadcrumb","itemListElement":[{"@type":"ListItem","position":1,"name":"Startseite","item":"https:\/\/www.ciel-strasbourg.org\/de\/"},{"@type":"ListItem","position":2,"name":"Preise und termine","item":"https:\/\/www.ciel-strasbourg.org\/de\/preise-und-termine\/"},{"@type":"ListItem","position":3,"name":"Einstufungstest"}]},{"@type":"WebSite","@id":"https:\/\/www.ciel-strasbourg.org\/de\/#website","url":"https:\/\/www.ciel-strasbourg.org\/de\/","name":"CIEL","description":"Lernen Sie Franz\u00f6sisch beim CIEL de Strasbourg!","publisher":{"@id":"https:\/\/www.ciel-strasbourg.org\/de\/#organization"},"potentialAction":[{"@type":"SearchAction","target":{"@type":"EntryPoint","urlTemplate":"https:\/\/www.ciel-strasbourg.org\/de\/?s={search_term_string}"},"query-input":{"@type":"PropertyValueSpecification","valueRequired":true,"valueName":"search_term_string"}}],"inLanguage":"de-DE"},{"@type":"Organization","@id":"https:\/\/www.ciel-strasbourg.org\/de\/#organization","name":"CIEL Strasbourg","url":"https:\/\/www.ciel-strasbourg.org\/de\/","logo":{"@type":"ImageObject","inLanguage":"de-DE","@id":"https:\/\/www.ciel-strasbourg.org\/de\/#\/schema\/logo\/image\/","url":"https:\/\/www.ciel-strasbourg.org\/wp-inside\/uploads\/2020\/12\/logo-ciel.png","contentUrl":"https:\/\/www.ciel-strasbourg.org\/wp-inside\/uploads\/2020\/12\/logo-ciel.png","width":265,"height":90,"caption":"CIEL Strasbourg"},"image":{"@id":"https:\/\/www.ciel-strasbourg.org\/de\/#\/schema\/logo\/image\/"}}]}},"_links":{"self":[{"href":"https:\/\/www.ciel-strasbourg.org\/de\/wp-json\/wp\/v2\/pages\/3191","targetHints":{"allow":["GET"]}}],"collection":[{"href":"https:\/\/www.ciel-strasbourg.org\/de\/wp-json\/wp\/v2\/pages"}],"about":[{"href":"https:\/\/www.ciel-strasbourg.org\/de\/wp-json\/wp\/v2\/types\/page"}],"author":[{"embeddable":true,"href":"https:\/\/www.ciel-strasbourg.org\/de\/wp-json\/wp\/v2\/users\/7"}],"replies":[{"embeddable":true,"href":"https:\/\/www.ciel-strasbourg.org\/de\/wp-json\/wp\/v2\/comments?post=3191"}],"version-history":[{"count":1,"href":"https:\/\/www.ciel-strasbourg.org\/de\/wp-json\/wp\/v2\/pages\/3191\/revisions"}],"predecessor-version":[{"id":3192,"href":"https:\/\/www.ciel-strasbourg.org\/de\/wp-json\/wp\/v2\/pages\/3191\/revisions\/3192"}],"up":[{"embeddable":true,"href":"https:\/\/www.ciel-strasbourg.org\/de\/wp-json\/wp\/v2\/pages\/4634"}],"wp:attachment":[{"href":"https:\/\/www.ciel-strasbourg.org\/de\/wp-json\/wp\/v2\/media?parent=3191"}],"curies":[{"name":"wp","href":"https:\/\/api.w.org\/{rel}","templated":true}]}}

<p style="text-align: center;">Wir können Ihren Antrag auf Anmeldung zu einem Französischkurs erst entgegennehmen, nachdem Sie den nachstehenden Einstufungstest absolviert haben. Dessen Ergebnis ermöglicht es unserem Team, Sie in einer Gruppe Ihres Niveaus unterzubringen oder Ihnen eine, auf Ihre Bedürfnisse zugeschnittene Formel zu empfehlen.</p>
<p style="text-align: center;"><a class="button" href="https://oscar-cel.com" target="_blank" rel="noopener noreferrer"><span style="font-weight: 400;">Hier erhalte ich Zugang zum Online-Test</span></a></p>

<p>Wir können Ihren Antrag auf Anmeldung zu einem Französischkurs erst entgegennehmen, nachdem Sie den nachstehenden Einstufungstest absolviert haben. Dessen Ergebnis ermöglicht es unserem Team, Sie in einer Gruppe Ihres Niveaus [&hellip;]</p>

<!-- This site is optimized with the Yoast SEO plugin v27.5 - https://yoast.com/product/yoast-seo-wordpress/ -->
<title>Einstufungstest</title>
<meta name="robots" content="index, follow, max-snippet:-1, max-image-preview:large, max-video-preview:-1" />
<link rel="canonical" href="https://www.ciel-strasbourg.org/de/preise-und-termine/einstufungstest/" />
<meta property="og:locale" content="de_DE" />
<meta property="og:type" content="article" />
<meta property="og:title" content="Einstufungstest" />
<meta property="og:description" content="Wir können Ihren Antrag auf Anmeldung zu einem Französischkurs erst entgegennehmen, nachdem Sie den nachstehenden Einstufungstest absolviert haben. Dessen Ergebnis ermöglicht es unserem Team, Sie in einer Gruppe Ihres Niveaus [&hellip;]" />
<meta property="og:url" content="https://www.ciel-strasbourg.org/de/preise-und-termine/einstufungstest/" />
<meta property="og:site_name" content="CIEL" />
<meta property="og:image" content="https://www.ciel-strasbourg.org/wp-inside/uploads/2020/10/batiment_strasbourg_yvestrotzier_11.jpg" />
	<meta property="og:image:width" content="1772" />
	<meta property="og:image:height" content="1772" />
	<meta property="og:image:type" content="image/jpeg" />
<meta name="twitter:card" content="summary_large_image" />
<script type="application/ld+json" class="yoast-schema-graph">{"@context":"https:\/\/schema.org","@graph":[{"@type":"WebPage","@id":"https:\/\/www.ciel-strasbourg.org\/de\/preise-und-termine\/einstufungstest\/","url":"https:\/\/www.ciel-strasbourg.org\/de\/preise-und-termine\/einstufungstest\/","name":"Einstufungstest","isPartOf":{"@id":"https:\/\/www.ciel-strasbourg.org\/de\/#website"},"datePublished":"2020-12-08T10:19:59+00:00","breadcrumb":{"@id":"https:\/\/www.ciel-strasbourg.org\/de\/preise-und-termine\/einstufungstest\/#breadcrumb"},"inLanguage":"de-DE","potentialAction":[{"@type":"ReadAction","target":["https:\/\/www.ciel-strasbourg.org\/de\/preise-und-termine\/einstufungstest\/"]}]},{"@type":"BreadcrumbList","@id":"https:\/\/www.ciel-strasbourg.org\/de\/preise-und-termine\/einstufungstest\/#breadcrumb","itemListElement":[{"@type":"ListItem","position":1,"name":"Startseite","item":"https:\/\/www.ciel-strasbourg.org\/de\/"},{"@type":"ListItem","position":2,"name":"Preise und termine","item":"https:\/\/www.ciel-strasbourg.org\/de\/preise-und-termine\/"},{"@type":"ListItem","position":3,"name":"Einstufungstest"}]},{"@type":"WebSite","@id":"https:\/\/www.ciel-strasbourg.org\/de\/#website","url":"https:\/\/www.ciel-strasbourg.org\/de\/","name":"CIEL","description":"Lernen Sie Französisch beim CIEL de Strasbourg!","publisher":{"@id":"https:\/\/www.ciel-strasbourg.org\/de\/#organization"},"potentialAction":[{"@type":"SearchAction","target":{"@type":"EntryPoint","urlTemplate":"https:\/\/www.ciel-strasbourg.org\/de\/?s={search_term_string}"},"query-input":{"@type":"PropertyValueSpecification","valueRequired":true,"valueName":"search_term_string"}}],"inLanguage":"de-DE"},{"@type":"Organization","@id":"https:\/\/www.ciel-strasbourg.org\/de\/#organization","name":"CIEL Strasbourg","url":"https:\/\/www.ciel-strasbourg.org\/de\/","logo":{"@type":"ImageObject","inLanguage":"de-DE","@id":"https:\/\/www.ciel-strasbourg.org\/de\/#\/schema\/logo\/image\/","url":"https:\/\/www.ciel-strasbourg.org\/wp-inside\/uploads\/2020\/12\/logo-ciel.png","contentUrl":"https:\/\/www.ciel-strasbourg.org\/wp-inside\/uploads\/2020\/12\/logo-ciel.png","width":265,"height":90,"caption":"CIEL Strasbourg"},"image":{"@id":"https:\/\/www.ciel-strasbourg.org\/de\/#\/schema\/logo\/image\/"}}]}</script>
<!-- / Yoast SEO plugin. -->

Wir können Ihren Antrag auf Anmeldung zu einem Französischkurs erst entgegennehmen, nachdem Sie den nachstehenden Einstufungstest absolviert haben. Dessen Ergebnis ermöglicht es unserem Team, Sie in einer Gruppe Ihres Niveaus [&hellip;]

Lernen Sie Französisch beim CIEL de Strasbourg!
