{"id":3253,"date":"2020-12-08T16:10:23","date_gmt":"2020-12-08T15:10:23","guid":{"rendered":"https:\/\/www.ciel-strasbourg.org\/?page_id=3253"},"modified":"2021-01-12T16:57:12","modified_gmt":"2021-01-12T15:57:12","slug":"kulturelle-angebote","status":"publish","type":"page","link":"https:\/\/www.ciel-strasbourg.org\/de\/strassburg-und-das-elsass\/kulturelle-angebote\/","title":{"rendered":"Kulturelle Angebote"},"content":{"rendered":"<p>Im CIEL gelangen Sie in ein Milieu \u00fcbersch\u00e4umenden Kulturlebens. Unser einsatzfreudiges Team sp\u00fcrt st\u00e4ndig aktuellste Neuigkeiten auf und ist \u00fcber alles in Stra\u00dfburg und der Region in Theatern, Kinos, Ausstellungen, Forums und anderswo Stattfindende bestens informiert und kann Ihnen im Verlauf der Jahreszeiten ein Programm unterschiedlichster Aktivit\u00e4ten vorlegen.<\/p>\n","protected":false},"excerpt":{"rendered":"<p>Bei CIEL betreten Sie einen Ort des kulturellen \u00dcberschwangs, mit einem leidenschaftlichen Team, das immer auf der Suche nach den neuesten Innovationen ist.<\/p>\n","protected":false},"author":7,"featured_media":3099,"parent":3248,"menu_order":500,"comment_status":"closed","ping_status":"closed","template":"tpl-page-modulable.php","meta":{"_acf_changed":false,"footnotes":""},"class_list":["post-3253","page","type-page","status-publish","has-post-thumbnail","hentry","wp-sticky"],"acf":[],"yoast_head":"<!-- This site is optimized with the Yoast SEO plugin v27.5 - https:\/\/yoast.com\/product\/yoast-seo-wordpress\/ -->\n<title>Kulturelle Angebote<\/title>\n<meta name=\"robots\" content=\"index, follow, max-snippet:-1, max-image-preview:large, max-video-preview:-1\" \/>\n<link rel=\"canonical\" href=\"https:\/\/www.ciel-strasbourg.org\/de\/strassburg-und-das-elsass\/kulturelle-angebote\/\" \/>\n<meta property=\"og:locale\" content=\"de_DE\" \/>\n<meta property=\"og:type\" content=\"article\" \/>\n<meta property=\"og:title\" content=\"Kulturelle Angebote\" \/>\n<meta property=\"og:description\" content=\"Bei CIEL betreten Sie einen Ort des kulturellen \u00dcberschwangs, mit einem leidenschaftlichen Team, das immer auf der Suche nach den neuesten Innovationen ist.\" \/>\n<meta property=\"og:url\" content=\"https:\/\/www.ciel-strasbourg.org\/de\/strassburg-und-das-elsass\/kulturelle-angebote\/\" \/>\n<meta property=\"og:site_name\" content=\"CIEL\" \/>\n<meta property=\"article:modified_time\" content=\"2021-01-12T15:57:12+00:00\" \/>\n<meta property=\"og:image\" content=\"https:\/\/www.ciel-strasbourg.org\/wp-inside\/uploads\/2020\/10\/ciel-strasbourg-alsace-paysage-riquewihr.jpg\" \/>\n\t<meta property=\"og:image:width\" content=\"1600\" \/>\n\t<meta property=\"og:image:height\" content=\"1065\" \/>\n\t<meta property=\"og:image:type\" content=\"image\/jpeg\" \/>\n<meta name=\"twitter:card\" content=\"summary_large_image\" \/>\n<script type=\"application\/ld+json\" class=\"yoast-schema-graph\">{\"@context\":\"https:\\\/\\\/schema.org\",\"@graph\":[{\"@type\":\"WebPage\",\"@id\":\"https:\\\/\\\/www.ciel-strasbourg.org\\\/de\\\/strassburg-und-das-elsass\\\/kulturelle-angebote\\\/\",\"url\":\"https:\\\/\\\/www.ciel-strasbourg.org\\\/de\\\/strassburg-und-das-elsass\\\/kulturelle-angebote\\\/\",\"name\":\"Kulturelle Angebote\",\"isPartOf\":{\"@id\":\"https:\\\/\\\/www.ciel-strasbourg.org\\\/de\\\/#website\"},\"primaryImageOfPage\":{\"@id\":\"https:\\\/\\\/www.ciel-strasbourg.org\\\/de\\\/strassburg-und-das-elsass\\\/kulturelle-angebote\\\/#primaryimage\"},\"image\":{\"@id\":\"https:\\\/\\\/www.ciel-strasbourg.org\\\/de\\\/strassburg-und-das-elsass\\\/kulturelle-angebote\\\/#primaryimage\"},\"thumbnailUrl\":\"https:\\\/\\\/www.ciel-strasbourg.org\\\/wp-inside\\\/uploads\\\/2020\\\/10\\\/ciel-strasbourg-alsace-paysage-riquewihr.jpg\",\"datePublished\":\"2020-12-08T15:10:23+00:00\",\"dateModified\":\"2021-01-12T15:57:12+00:00\",\"breadcrumb\":{\"@id\":\"https:\\\/\\\/www.ciel-strasbourg.org\\\/de\\\/strassburg-und-das-elsass\\\/kulturelle-angebote\\\/#breadcrumb\"},\"inLanguage\":\"de-DE\",\"potentialAction\":[{\"@type\":\"ReadAction\",\"target\":[\"https:\\\/\\\/www.ciel-strasbourg.org\\\/de\\\/strassburg-und-das-elsass\\\/kulturelle-angebote\\\/\"]}]},{\"@type\":\"ImageObject\",\"inLanguage\":\"de-DE\",\"@id\":\"https:\\\/\\\/www.ciel-strasbourg.org\\\/de\\\/strassburg-und-das-elsass\\\/kulturelle-angebote\\\/#primaryimage\",\"url\":\"https:\\\/\\\/www.ciel-strasbourg.org\\\/wp-inside\\\/uploads\\\/2020\\\/10\\\/ciel-strasbourg-alsace-paysage-riquewihr.jpg\",\"contentUrl\":\"https:\\\/\\\/www.ciel-strasbourg.org\\\/wp-inside\\\/uploads\\\/2020\\\/10\\\/ciel-strasbourg-alsace-paysage-riquewihr.jpg\",\"width\":1600,\"height\":1065,\"caption\":\"Ciel Strasbourg paysage Riquewihr\"},{\"@type\":\"BreadcrumbList\",\"@id\":\"https:\\\/\\\/www.ciel-strasbourg.org\\\/de\\\/strassburg-und-das-elsass\\\/kulturelle-angebote\\\/#breadcrumb\",\"itemListElement\":[{\"@type\":\"ListItem\",\"position\":1,\"name\":\"Startseite\",\"item\":\"https:\\\/\\\/www.ciel-strasbourg.org\\\/de\\\/\"},{\"@type\":\"ListItem\",\"position\":2,\"name\":\"Strassburg und das Elsass\",\"item\":\"https:\\\/\\\/www.ciel-strasbourg.org\\\/de\\\/strassburg-und-das-elsass\\\/\"},{\"@type\":\"ListItem\",\"position\":3,\"name\":\"Kulturelle Angebote\"}]},{\"@type\":\"WebSite\",\"@id\":\"https:\\\/\\\/www.ciel-strasbourg.org\\\/de\\\/#website\",\"url\":\"https:\\\/\\\/www.ciel-strasbourg.org\\\/de\\\/\",\"name\":\"CIEL\",\"description\":\"Lernen Sie Franz\u00f6sisch beim CIEL de Strasbourg!\",\"publisher\":{\"@id\":\"https:\\\/\\\/www.ciel-strasbourg.org\\\/de\\\/#organization\"},\"potentialAction\":[{\"@type\":\"SearchAction\",\"target\":{\"@type\":\"EntryPoint\",\"urlTemplate\":\"https:\\\/\\\/www.ciel-strasbourg.org\\\/de\\\/?s={search_term_string}\"},\"query-input\":{\"@type\":\"PropertyValueSpecification\",\"valueRequired\":true,\"valueName\":\"search_term_string\"}}],\"inLanguage\":\"de-DE\"},{\"@type\":\"Organization\",\"@id\":\"https:\\\/\\\/www.ciel-strasbourg.org\\\/de\\\/#organization\",\"name\":\"CIEL Strasbourg\",\"url\":\"https:\\\/\\\/www.ciel-strasbourg.org\\\/de\\\/\",\"logo\":{\"@type\":\"ImageObject\",\"inLanguage\":\"de-DE\",\"@id\":\"https:\\\/\\\/www.ciel-strasbourg.org\\\/de\\\/#\\\/schema\\\/logo\\\/image\\\/\",\"url\":\"https:\\\/\\\/www.ciel-strasbourg.org\\\/wp-inside\\\/uploads\\\/2020\\\/12\\\/logo-ciel.png\",\"contentUrl\":\"https:\\\/\\\/www.ciel-strasbourg.org\\\/wp-inside\\\/uploads\\\/2020\\\/12\\\/logo-ciel.png\",\"width\":265,\"height\":90,\"caption\":\"CIEL Strasbourg\"},\"image\":{\"@id\":\"https:\\\/\\\/www.ciel-strasbourg.org\\\/de\\\/#\\\/schema\\\/logo\\\/image\\\/\"}}]}<\/script>\n<!-- \/ Yoast SEO plugin. -->","yoast_head_json":{"title":"Kulturelle Angebote","robots":{"index":"index","follow":"follow","max-snippet":"max-snippet:-1","max-image-preview":"max-image-preview:large","max-video-preview":"max-video-preview:-1"},"canonical":"https:\/\/www.ciel-strasbourg.org\/de\/strassburg-und-das-elsass\/kulturelle-angebote\/","og_locale":"de_DE","og_type":"article","og_title":"Kulturelle Angebote","og_description":"Bei CIEL betreten Sie einen Ort des kulturellen \u00dcberschwangs, mit einem leidenschaftlichen Team, das immer auf der Suche nach den neuesten Innovationen ist.","og_url":"https:\/\/www.ciel-strasbourg.org\/de\/strassburg-und-das-elsass\/kulturelle-angebote\/","og_site_name":"CIEL","article_modified_time":"2021-01-12T15:57:12+00:00","og_image":[{"width":1600,"height":1065,"url":"https:\/\/www.ciel-strasbourg.org\/wp-inside\/uploads\/2020\/10\/ciel-strasbourg-alsace-paysage-riquewihr.jpg","type":"image\/jpeg"}],"twitter_card":"summary_large_image","schema":{"@context":"https:\/\/schema.org","@graph":[{"@type":"WebPage","@id":"https:\/\/www.ciel-strasbourg.org\/de\/strassburg-und-das-elsass\/kulturelle-angebote\/","url":"https:\/\/www.ciel-strasbourg.org\/de\/strassburg-und-das-elsass\/kulturelle-angebote\/","name":"Kulturelle Angebote","isPartOf":{"@id":"https:\/\/www.ciel-strasbourg.org\/de\/#website"},"primaryImageOfPage":{"@id":"https:\/\/www.ciel-strasbourg.org\/de\/strassburg-und-das-elsass\/kulturelle-angebote\/#primaryimage"},"image":{"@id":"https:\/\/www.ciel-strasbourg.org\/de\/strassburg-und-das-elsass\/kulturelle-angebote\/#primaryimage"},"thumbnailUrl":"https:\/\/www.ciel-strasbourg.org\/wp-inside\/uploads\/2020\/10\/ciel-strasbourg-alsace-paysage-riquewihr.jpg","datePublished":"2020-12-08T15:10:23+00:00","dateModified":"2021-01-12T15:57:12+00:00","breadcrumb":{"@id":"https:\/\/www.ciel-strasbourg.org\/de\/strassburg-und-das-elsass\/kulturelle-angebote\/#breadcrumb"},"inLanguage":"de-DE","potentialAction":[{"@type":"ReadAction","target":["https:\/\/www.ciel-strasbourg.org\/de\/strassburg-und-das-elsass\/kulturelle-angebote\/"]}]},{"@type":"ImageObject","inLanguage":"de-DE","@id":"https:\/\/www.ciel-strasbourg.org\/de\/strassburg-und-das-elsass\/kulturelle-angebote\/#primaryimage","url":"https:\/\/www.ciel-strasbourg.org\/wp-inside\/uploads\/2020\/10\/ciel-strasbourg-alsace-paysage-riquewihr.jpg","contentUrl":"https:\/\/www.ciel-strasbourg.org\/wp-inside\/uploads\/2020\/10\/ciel-strasbourg-alsace-paysage-riquewihr.jpg","width":1600,"height":1065,"caption":"Ciel Strasbourg paysage Riquewihr"},{"@type":"BreadcrumbList","@id":"https:\/\/www.ciel-strasbourg.org\/de\/strassburg-und-das-elsass\/kulturelle-angebote\/#breadcrumb","itemListElement":[{"@type":"ListItem","position":1,"name":"Startseite","item":"https:\/\/www.ciel-strasbourg.org\/de\/"},{"@type":"ListItem","position":2,"name":"Strassburg und das Elsass","item":"https:\/\/www.ciel-strasbourg.org\/de\/strassburg-und-das-elsass\/"},{"@type":"ListItem","position":3,"name":"Kulturelle Angebote"}]},{"@type":"WebSite","@id":"https:\/\/www.ciel-strasbourg.org\/de\/#website","url":"https:\/\/www.ciel-strasbourg.org\/de\/","name":"CIEL","description":"Lernen Sie Franz\u00f6sisch beim CIEL de Strasbourg!","publisher":{"@id":"https:\/\/www.ciel-strasbourg.org\/de\/#organization"},"potentialAction":[{"@type":"SearchAction","target":{"@type":"EntryPoint","urlTemplate":"https:\/\/www.ciel-strasbourg.org\/de\/?s={search_term_string}"},"query-input":{"@type":"PropertyValueSpecification","valueRequired":true,"valueName":"search_term_string"}}],"inLanguage":"de-DE"},{"@type":"Organization","@id":"https:\/\/www.ciel-strasbourg.org\/de\/#organization","name":"CIEL Strasbourg","url":"https:\/\/www.ciel-strasbourg.org\/de\/","logo":{"@type":"ImageObject","inLanguage":"de-DE","@id":"https:\/\/www.ciel-strasbourg.org\/de\/#\/schema\/logo\/image\/","url":"https:\/\/www.ciel-strasbourg.org\/wp-inside\/uploads\/2020\/12\/logo-ciel.png","contentUrl":"https:\/\/www.ciel-strasbourg.org\/wp-inside\/uploads\/2020\/12\/logo-ciel.png","width":265,"height":90,"caption":"CIEL Strasbourg"},"image":{"@id":"https:\/\/www.ciel-strasbourg.org\/de\/#\/schema\/logo\/image\/"}}]}},"_links":{"self":[{"href":"https:\/\/www.ciel-strasbourg.org\/de\/wp-json\/wp\/v2\/pages\/3253","targetHints":{"allow":["GET"]}}],"collection":[{"href":"https:\/\/www.ciel-strasbourg.org\/de\/wp-json\/wp\/v2\/pages"}],"about":[{"href":"https:\/\/www.ciel-strasbourg.org\/de\/wp-json\/wp\/v2\/types\/page"}],"author":[{"embeddable":true,"href":"https:\/\/www.ciel-strasbourg.org\/de\/wp-json\/wp\/v2\/users\/7"}],"replies":[{"embeddable":true,"href":"https:\/\/www.ciel-strasbourg.org\/de\/wp-json\/wp\/v2\/comments?post=3253"}],"version-history":[{"count":3,"href":"https:\/\/www.ciel-strasbourg.org\/de\/wp-json\/wp\/v2\/pages\/3253\/revisions"}],"predecessor-version":[{"id":4626,"href":"https:\/\/www.ciel-strasbourg.org\/de\/wp-json\/wp\/v2\/pages\/3253\/revisions\/4626"}],"up":[{"embeddable":true,"href":"https:\/\/www.ciel-strasbourg.org\/de\/wp-json\/wp\/v2\/pages\/3248"}],"wp:featuredmedia":[{"embeddable":true,"href":"https:\/\/www.ciel-strasbourg.org\/de\/wp-json\/wp\/v2\/media\/3099"}],"wp:attachment":[{"href":"https:\/\/www.ciel-strasbourg.org\/de\/wp-json\/wp\/v2\/media?parent=3253"}],"curies":[{"name":"wp","href":"https:\/\/api.w.org\/{rel}","templated":true}]}}

<p>Im CIEL gelangen Sie in ein Milieu überschäumenden Kulturlebens. Unser einsatzfreudiges Team spürt ständig aktuellste Neuigkeiten auf und ist über alles in Straßburg und der Region in Theatern, Kinos, Ausstellungen, Forums und anderswo Stattfindende bestens informiert und kann Ihnen im Verlauf der Jahreszeiten ein Programm unterschiedlichster Aktivitäten vorlegen.</p>

<p>Bei CIEL betreten Sie einen Ort des kulturellen Überschwangs, mit einem leidenschaftlichen Team, das immer auf der Suche nach den neuesten Innovationen ist.</p>

<!-- This site is optimized with the Yoast SEO plugin v27.5 - https://yoast.com/product/yoast-seo-wordpress/ -->
<title>Kulturelle Angebote</title>
<meta name="robots" content="index, follow, max-snippet:-1, max-image-preview:large, max-video-preview:-1" />
<link rel="canonical" href="https://www.ciel-strasbourg.org/de/strassburg-und-das-elsass/kulturelle-angebote/" />
<meta property="og:locale" content="de_DE" />
<meta property="og:type" content="article" />
<meta property="og:title" content="Kulturelle Angebote" />
<meta property="og:description" content="Bei CIEL betreten Sie einen Ort des kulturellen Überschwangs, mit einem leidenschaftlichen Team, das immer auf der Suche nach den neuesten Innovationen ist." />
<meta property="og:url" content="https://www.ciel-strasbourg.org/de/strassburg-und-das-elsass/kulturelle-angebote/" />
<meta property="og:site_name" content="CIEL" />
<meta property="article:modified_time" content="2021-01-12T15:57:12+00:00" />
<meta property="og:image" content="https://www.ciel-strasbourg.org/wp-inside/uploads/2020/10/ciel-strasbourg-alsace-paysage-riquewihr.jpg" />
	<meta property="og:image:width" content="1600" />
	<meta property="og:image:height" content="1065" />
	<meta property="og:image:type" content="image/jpeg" />
<meta name="twitter:card" content="summary_large_image" />
<script type="application/ld+json" class="yoast-schema-graph">{"@context":"https:\/\/schema.org","@graph":[{"@type":"WebPage","@id":"https:\/\/www.ciel-strasbourg.org\/de\/strassburg-und-das-elsass\/kulturelle-angebote\/","url":"https:\/\/www.ciel-strasbourg.org\/de\/strassburg-und-das-elsass\/kulturelle-angebote\/","name":"Kulturelle Angebote","isPartOf":{"@id":"https:\/\/www.ciel-strasbourg.org\/de\/#website"},"primaryImageOfPage":{"@id":"https:\/\/www.ciel-strasbourg.org\/de\/strassburg-und-das-elsass\/kulturelle-angebote\/#primaryimage"},"image":{"@id":"https:\/\/www.ciel-strasbourg.org\/de\/strassburg-und-das-elsass\/kulturelle-angebote\/#primaryimage"},"thumbnailUrl":"https:\/\/www.ciel-strasbourg.org\/wp-inside\/uploads\/2020\/10\/ciel-strasbourg-alsace-paysage-riquewihr.jpg","datePublished":"2020-12-08T15:10:23+00:00","dateModified":"2021-01-12T15:57:12+00:00","breadcrumb":{"@id":"https:\/\/www.ciel-strasbourg.org\/de\/strassburg-und-das-elsass\/kulturelle-angebote\/#breadcrumb"},"inLanguage":"de-DE","potentialAction":[{"@type":"ReadAction","target":["https:\/\/www.ciel-strasbourg.org\/de\/strassburg-und-das-elsass\/kulturelle-angebote\/"]}]},{"@type":"ImageObject","inLanguage":"de-DE","@id":"https:\/\/www.ciel-strasbourg.org\/de\/strassburg-und-das-elsass\/kulturelle-angebote\/#primaryimage","url":"https:\/\/www.ciel-strasbourg.org\/wp-inside\/uploads\/2020\/10\/ciel-strasbourg-alsace-paysage-riquewihr.jpg","contentUrl":"https:\/\/www.ciel-strasbourg.org\/wp-inside\/uploads\/2020\/10\/ciel-strasbourg-alsace-paysage-riquewihr.jpg","width":1600,"height":1065,"caption":"Ciel Strasbourg paysage Riquewihr"},{"@type":"BreadcrumbList","@id":"https:\/\/www.ciel-strasbourg.org\/de\/strassburg-und-das-elsass\/kulturelle-angebote\/#breadcrumb","itemListElement":[{"@type":"ListItem","position":1,"name":"Startseite","item":"https:\/\/www.ciel-strasbourg.org\/de\/"},{"@type":"ListItem","position":2,"name":"Strassburg und das Elsass","item":"https:\/\/www.ciel-strasbourg.org\/de\/strassburg-und-das-elsass\/"},{"@type":"ListItem","position":3,"name":"Kulturelle Angebote"}]},{"@type":"WebSite","@id":"https:\/\/www.ciel-strasbourg.org\/de\/#website","url":"https:\/\/www.ciel-strasbourg.org\/de\/","name":"CIEL","description":"Lernen Sie Französisch beim CIEL de Strasbourg!","publisher":{"@id":"https:\/\/www.ciel-strasbourg.org\/de\/#organization"},"potentialAction":[{"@type":"SearchAction","target":{"@type":"EntryPoint","urlTemplate":"https:\/\/www.ciel-strasbourg.org\/de\/?s={search_term_string}"},"query-input":{"@type":"PropertyValueSpecification","valueRequired":true,"valueName":"search_term_string"}}],"inLanguage":"de-DE"},{"@type":"Organization","@id":"https:\/\/www.ciel-strasbourg.org\/de\/#organization","name":"CIEL Strasbourg","url":"https:\/\/www.ciel-strasbourg.org\/de\/","logo":{"@type":"ImageObject","inLanguage":"de-DE","@id":"https:\/\/www.ciel-strasbourg.org\/de\/#\/schema\/logo\/image\/","url":"https:\/\/www.ciel-strasbourg.org\/wp-inside\/uploads\/2020\/12\/logo-ciel.png","contentUrl":"https:\/\/www.ciel-strasbourg.org\/wp-inside\/uploads\/2020\/12\/logo-ciel.png","width":265,"height":90,"caption":"CIEL Strasbourg"},"image":{"@id":"https:\/\/www.ciel-strasbourg.org\/de\/#\/schema\/logo\/image\/"}}]}</script>
<!-- / Yoast SEO plugin. -->

Bei CIEL betreten Sie einen Ort des kulturellen Überschwangs, mit einem leidenschaftlichen Team, das immer auf der Suche nach den neuesten Innovationen ist.

Lernen Sie Französisch beim CIEL de Strasbourg!
