{"id":3319,"date":"2020-12-09T12:18:17","date_gmt":"2020-12-09T11:18:17","guid":{"rendered":"https:\/\/www.ciel-strasbourg.org\/?page_id=3319"},"modified":"2021-01-15T09:11:45","modified_gmt":"2021-01-15T08:11:45","slug":"eine-franzoesische-fle-qualitaetslabels-schule","status":"publish","type":"page","link":"https:\/\/www.ciel-strasbourg.org\/de\/","title":{"rendered":"Eine franz\u00f6sische FLE-Qualit\u00e4tslabels Schule"},"content":{"rendered":"<p>Das CIEL in Strasbourg ist eine <strong>internationale Sprachschule f\u00fcr Franz\u00f6sisch<\/strong>, die auf Franz\u00f6sischintensivkurse, Allgemeinfranz\u00f6sischkurse und Wirtschaftsfranz\u00f6sischkurse spezialisiert ist und \u00fcber 30 Jahre Erfahrungen im Unterrichten von Franz\u00f6sisch f\u00fcr Erwachsene verf\u00fcgt.<\/p>\n","protected":false},"excerpt":{"rendered":"<p>Das CIEL in Strasbourg ist eine internationale Sprachschule f\u00fcr Franz\u00f6sisch, die auf Franz\u00f6sischintensivkurse, Allgemeinfranz\u00f6sischkurse und Wirtschaftsfranz\u00f6sischkurse spezialisiert ist und \u00fcber 30 Jahre Erfahrungen im Unterrichten von Franz\u00f6sisch f\u00fcr Erwachsene verf\u00fcgt.<\/p>\n","protected":false},"author":7,"featured_media":0,"parent":0,"menu_order":0,"comment_status":"closed","ping_status":"closed","template":"","meta":{"_acf_changed":false,"footnotes":""},"class_list":["post-3319","page","type-page","status-publish","hentry","wp-sticky"],"acf":[],"yoast_head":"<!-- This site is optimized with the Yoast SEO plugin v27.5 - https:\/\/yoast.com\/product\/yoast-seo-wordpress\/ -->\n<title>Franz\u00f6sisch lernen in Frankreich, Internationale Sprachschule f\u00fcr Franz\u00f6sisch<\/title>\n<meta name=\"description\" content=\"Das CIEL in Strasbourg ist eine internationale Sprachschule f\u00fcr Franz\u00f6sisch, die auf Franz\u00f6sischintensivkurse, Allgemeinfranz\u00f6sischkurse und Wirtschaftsfranz\u00f6sischkurse spezialisiert ist und \u00fcber 30 Jahre !\" \/>\n<meta name=\"robots\" content=\"index, follow, max-snippet:-1, max-image-preview:large, max-video-preview:-1\" \/>\n<link rel=\"canonical\" href=\"https:\/\/www.ciel-strasbourg.org\/de\/\" \/>\n<meta property=\"og:locale\" content=\"de_DE\" \/>\n<meta property=\"og:type\" content=\"article\" \/>\n<meta property=\"og:title\" content=\"Franz\u00f6sisch lernen in Frankreich, Internationale Sprachschule f\u00fcr Franz\u00f6sisch\" \/>\n<meta property=\"og:description\" content=\"Das CIEL in Strasbourg ist eine internationale Sprachschule f\u00fcr Franz\u00f6sisch, die auf Franz\u00f6sischintensivkurse, Allgemeinfranz\u00f6sischkurse und Wirtschaftsfranz\u00f6sischkurse spezialisiert ist und \u00fcber 30 Jahre !\" \/>\n<meta property=\"og:url\" content=\"https:\/\/www.ciel-strasbourg.org\/de\/\" \/>\n<meta property=\"og:site_name\" content=\"CIEL\" \/>\n<meta property=\"article:modified_time\" content=\"2021-01-15T08:11:45+00:00\" \/>\n<meta property=\"og:image\" content=\"https:\/\/www.ciel-strasbourg.org\/wp-inside\/uploads\/2020\/10\/batiment_strasbourg_yvestrotzier_11.jpg\" \/>\n\t<meta property=\"og:image:width\" content=\"1772\" \/>\n\t<meta property=\"og:image:height\" content=\"1772\" \/>\n\t<meta property=\"og:image:type\" content=\"image\/jpeg\" \/>\n<meta name=\"twitter:card\" content=\"summary_large_image\" \/>\n<script type=\"application\/ld+json\" class=\"yoast-schema-graph\">{\"@context\":\"https:\\\/\\\/schema.org\",\"@graph\":[{\"@type\":\"WebPage\",\"@id\":\"https:\\\/\\\/www.ciel-strasbourg.org\\\/de\\\/\",\"url\":\"https:\\\/\\\/www.ciel-strasbourg.org\\\/de\\\/\",\"name\":\"Franz\u00f6sisch lernen in Frankreich, Internationale Sprachschule f\u00fcr Franz\u00f6sisch\",\"isPartOf\":{\"@id\":\"https:\\\/\\\/www.ciel-strasbourg.org\\\/de\\\/#website\"},\"datePublished\":\"2020-12-09T11:18:17+00:00\",\"dateModified\":\"2021-01-15T08:11:45+00:00\",\"description\":\"Das CIEL in Strasbourg ist eine internationale Sprachschule f\u00fcr Franz\u00f6sisch, die auf Franz\u00f6sischintensivkurse, Allgemeinfranz\u00f6sischkurse und Wirtschaftsfranz\u00f6sischkurse spezialisiert ist und \u00fcber 30 Jahre !\",\"breadcrumb\":{\"@id\":\"https:\\\/\\\/www.ciel-strasbourg.org\\\/de\\\/#breadcrumb\"},\"inLanguage\":\"de-DE\",\"potentialAction\":[{\"@type\":\"ReadAction\",\"target\":[\"https:\\\/\\\/www.ciel-strasbourg.org\\\/de\\\/\"]}]},{\"@type\":\"BreadcrumbList\",\"@id\":\"https:\\\/\\\/www.ciel-strasbourg.org\\\/de\\\/#breadcrumb\",\"itemListElement\":[{\"@type\":\"ListItem\",\"position\":1,\"name\":\"Startseite\",\"item\":\"https:\\\/\\\/www.ciel-strasbourg.org\\\/de\\\/\"},{\"@type\":\"ListItem\",\"position\":2,\"name\":\"Eine franz\u00f6sische FLE-Qualit\u00e4tslabels Schule\"}]},{\"@type\":\"WebSite\",\"@id\":\"https:\\\/\\\/www.ciel-strasbourg.org\\\/de\\\/#website\",\"url\":\"https:\\\/\\\/www.ciel-strasbourg.org\\\/de\\\/\",\"name\":\"CIEL\",\"description\":\"Lernen Sie Franz\u00f6sisch beim CIEL de Strasbourg!\",\"publisher\":{\"@id\":\"https:\\\/\\\/www.ciel-strasbourg.org\\\/de\\\/#organization\"},\"potentialAction\":[{\"@type\":\"SearchAction\",\"target\":{\"@type\":\"EntryPoint\",\"urlTemplate\":\"https:\\\/\\\/www.ciel-strasbourg.org\\\/de\\\/?s={search_term_string}\"},\"query-input\":{\"@type\":\"PropertyValueSpecification\",\"valueRequired\":true,\"valueName\":\"search_term_string\"}}],\"inLanguage\":\"de-DE\"},{\"@type\":\"Organization\",\"@id\":\"https:\\\/\\\/www.ciel-strasbourg.org\\\/de\\\/#organization\",\"name\":\"CIEL Strasbourg\",\"url\":\"https:\\\/\\\/www.ciel-strasbourg.org\\\/de\\\/\",\"logo\":{\"@type\":\"ImageObject\",\"inLanguage\":\"de-DE\",\"@id\":\"https:\\\/\\\/www.ciel-strasbourg.org\\\/de\\\/#\\\/schema\\\/logo\\\/image\\\/\",\"url\":\"https:\\\/\\\/www.ciel-strasbourg.org\\\/wp-inside\\\/uploads\\\/2020\\\/12\\\/logo-ciel.png\",\"contentUrl\":\"https:\\\/\\\/www.ciel-strasbourg.org\\\/wp-inside\\\/uploads\\\/2020\\\/12\\\/logo-ciel.png\",\"width\":265,\"height\":90,\"caption\":\"CIEL Strasbourg\"},\"image\":{\"@id\":\"https:\\\/\\\/www.ciel-strasbourg.org\\\/de\\\/#\\\/schema\\\/logo\\\/image\\\/\"}}]}<\/script>\n<!-- \/ Yoast SEO plugin. -->","yoast_head_json":{"title":"Franz\u00f6sisch lernen in Frankreich, Internationale Sprachschule f\u00fcr Franz\u00f6sisch","description":"Das CIEL in Strasbourg ist eine internationale Sprachschule f\u00fcr Franz\u00f6sisch, die auf Franz\u00f6sischintensivkurse, Allgemeinfranz\u00f6sischkurse und Wirtschaftsfranz\u00f6sischkurse spezialisiert ist und \u00fcber 30 Jahre !","robots":{"index":"index","follow":"follow","max-snippet":"max-snippet:-1","max-image-preview":"max-image-preview:large","max-video-preview":"max-video-preview:-1"},"canonical":"https:\/\/www.ciel-strasbourg.org\/de\/","og_locale":"de_DE","og_type":"article","og_title":"Franz\u00f6sisch lernen in Frankreich, Internationale Sprachschule f\u00fcr Franz\u00f6sisch","og_description":"Das CIEL in Strasbourg ist eine internationale Sprachschule f\u00fcr Franz\u00f6sisch, die auf Franz\u00f6sischintensivkurse, Allgemeinfranz\u00f6sischkurse und Wirtschaftsfranz\u00f6sischkurse spezialisiert ist und \u00fcber 30 Jahre !","og_url":"https:\/\/www.ciel-strasbourg.org\/de\/","og_site_name":"CIEL","article_modified_time":"2021-01-15T08:11:45+00:00","og_image":[{"width":1772,"height":1772,"url":"https:\/\/www.ciel-strasbourg.org\/wp-inside\/uploads\/2020\/10\/batiment_strasbourg_yvestrotzier_11.jpg","type":"image\/jpeg"}],"twitter_card":"summary_large_image","schema":{"@context":"https:\/\/schema.org","@graph":[{"@type":"WebPage","@id":"https:\/\/www.ciel-strasbourg.org\/de\/","url":"https:\/\/www.ciel-strasbourg.org\/de\/","name":"Franz\u00f6sisch lernen in Frankreich, Internationale Sprachschule f\u00fcr Franz\u00f6sisch","isPartOf":{"@id":"https:\/\/www.ciel-strasbourg.org\/de\/#website"},"datePublished":"2020-12-09T11:18:17+00:00","dateModified":"2021-01-15T08:11:45+00:00","description":"Das CIEL in Strasbourg ist eine internationale Sprachschule f\u00fcr Franz\u00f6sisch, die auf Franz\u00f6sischintensivkurse, Allgemeinfranz\u00f6sischkurse und Wirtschaftsfranz\u00f6sischkurse spezialisiert ist und \u00fcber 30 Jahre !","breadcrumb":{"@id":"https:\/\/www.ciel-strasbourg.org\/de\/#breadcrumb"},"inLanguage":"de-DE","potentialAction":[{"@type":"ReadAction","target":["https:\/\/www.ciel-strasbourg.org\/de\/"]}]},{"@type":"BreadcrumbList","@id":"https:\/\/www.ciel-strasbourg.org\/de\/#breadcrumb","itemListElement":[{"@type":"ListItem","position":1,"name":"Startseite","item":"https:\/\/www.ciel-strasbourg.org\/de\/"},{"@type":"ListItem","position":2,"name":"Eine franz\u00f6sische FLE-Qualit\u00e4tslabels Schule"}]},{"@type":"WebSite","@id":"https:\/\/www.ciel-strasbourg.org\/de\/#website","url":"https:\/\/www.ciel-strasbourg.org\/de\/","name":"CIEL","description":"Lernen Sie Franz\u00f6sisch beim CIEL de Strasbourg!","publisher":{"@id":"https:\/\/www.ciel-strasbourg.org\/de\/#organization"},"potentialAction":[{"@type":"SearchAction","target":{"@type":"EntryPoint","urlTemplate":"https:\/\/www.ciel-strasbourg.org\/de\/?s={search_term_string}"},"query-input":{"@type":"PropertyValueSpecification","valueRequired":true,"valueName":"search_term_string"}}],"inLanguage":"de-DE"},{"@type":"Organization","@id":"https:\/\/www.ciel-strasbourg.org\/de\/#organization","name":"CIEL Strasbourg","url":"https:\/\/www.ciel-strasbourg.org\/de\/","logo":{"@type":"ImageObject","inLanguage":"de-DE","@id":"https:\/\/www.ciel-strasbourg.org\/de\/#\/schema\/logo\/image\/","url":"https:\/\/www.ciel-strasbourg.org\/wp-inside\/uploads\/2020\/12\/logo-ciel.png","contentUrl":"https:\/\/www.ciel-strasbourg.org\/wp-inside\/uploads\/2020\/12\/logo-ciel.png","width":265,"height":90,"caption":"CIEL Strasbourg"},"image":{"@id":"https:\/\/www.ciel-strasbourg.org\/de\/#\/schema\/logo\/image\/"}}]}},"_links":{"self":[{"href":"https:\/\/www.ciel-strasbourg.org\/de\/wp-json\/wp\/v2\/pages\/3319","targetHints":{"allow":["GET"]}}],"collection":[{"href":"https:\/\/www.ciel-strasbourg.org\/de\/wp-json\/wp\/v2\/pages"}],"about":[{"href":"https:\/\/www.ciel-strasbourg.org\/de\/wp-json\/wp\/v2\/types\/page"}],"author":[{"embeddable":true,"href":"https:\/\/www.ciel-strasbourg.org\/de\/wp-json\/wp\/v2\/users\/7"}],"replies":[{"embeddable":true,"href":"https:\/\/www.ciel-strasbourg.org\/de\/wp-json\/wp\/v2\/comments?post=3319"}],"version-history":[{"count":5,"href":"https:\/\/www.ciel-strasbourg.org\/de\/wp-json\/wp\/v2\/pages\/3319\/revisions"}],"predecessor-version":[{"id":4602,"href":"https:\/\/www.ciel-strasbourg.org\/de\/wp-json\/wp\/v2\/pages\/3319\/revisions\/4602"}],"wp:attachment":[{"href":"https:\/\/www.ciel-strasbourg.org\/de\/wp-json\/wp\/v2\/media?parent=3319"}],"curies":[{"name":"wp","href":"https:\/\/api.w.org\/{rel}","templated":true}]}}

Eine französische FLE-Qualitätslabels Schule

<p>Das CIEL in Strasbourg ist eine <strong>internationale Sprachschule für Französisch</strong>, die auf Französischintensivkurse, Allgemeinfranzösischkurse und Wirtschaftsfranzösischkurse spezialisiert ist und über 30 Jahre Erfahrungen im Unterrichten von Französisch für Erwachsene verfügt.</p>

<p>Das CIEL in Strasbourg ist eine internationale Sprachschule für Französisch, die auf Französischintensivkurse, Allgemeinfranzösischkurse und Wirtschaftsfranzösischkurse spezialisiert ist und über 30 Jahre Erfahrungen im Unterrichten von Französisch für Erwachsene verfügt.</p>

<!-- This site is optimized with the Yoast SEO plugin v27.5 - https://yoast.com/product/yoast-seo-wordpress/ -->
<title>Französisch lernen in Frankreich, Internationale Sprachschule für Französisch</title>
<meta name="description" content="Das CIEL in Strasbourg ist eine internationale Sprachschule für Französisch, die auf Französischintensivkurse, Allgemeinfranzösischkurse und Wirtschaftsfranzösischkurse spezialisiert ist und über 30 Jahre !" />
<meta name="robots" content="index, follow, max-snippet:-1, max-image-preview:large, max-video-preview:-1" />
<link rel="canonical" href="https://www.ciel-strasbourg.org/de/" />
<meta property="og:locale" content="de_DE" />
<meta property="og:type" content="article" />
<meta property="og:title" content="Französisch lernen in Frankreich, Internationale Sprachschule für Französisch" />
<meta property="og:description" content="Das CIEL in Strasbourg ist eine internationale Sprachschule für Französisch, die auf Französischintensivkurse, Allgemeinfranzösischkurse und Wirtschaftsfranzösischkurse spezialisiert ist und über 30 Jahre !" />
<meta property="og:url" content="https://www.ciel-strasbourg.org/de/" />
<meta property="og:site_name" content="CIEL" />
<meta property="article:modified_time" content="2021-01-15T08:11:45+00:00" />
<meta property="og:image" content="https://www.ciel-strasbourg.org/wp-inside/uploads/2020/10/batiment_strasbourg_yvestrotzier_11.jpg" />
	<meta property="og:image:width" content="1772" />
	<meta property="og:image:height" content="1772" />
	<meta property="og:image:type" content="image/jpeg" />
<meta name="twitter:card" content="summary_large_image" />
<script type="application/ld+json" class="yoast-schema-graph">{"@context":"https:\/\/schema.org","@graph":[{"@type":"WebPage","@id":"https:\/\/www.ciel-strasbourg.org\/de\/","url":"https:\/\/www.ciel-strasbourg.org\/de\/","name":"Französisch lernen in Frankreich, Internationale Sprachschule für Französisch","isPartOf":{"@id":"https:\/\/www.ciel-strasbourg.org\/de\/#website"},"datePublished":"2020-12-09T11:18:17+00:00","dateModified":"2021-01-15T08:11:45+00:00","description":"Das CIEL in Strasbourg ist eine internationale Sprachschule für Französisch, die auf Französischintensivkurse, Allgemeinfranzösischkurse und Wirtschaftsfranzösischkurse spezialisiert ist und über 30 Jahre !","breadcrumb":{"@id":"https:\/\/www.ciel-strasbourg.org\/de\/#breadcrumb"},"inLanguage":"de-DE","potentialAction":[{"@type":"ReadAction","target":["https:\/\/www.ciel-strasbourg.org\/de\/"]}]},{"@type":"BreadcrumbList","@id":"https:\/\/www.ciel-strasbourg.org\/de\/#breadcrumb","itemListElement":[{"@type":"ListItem","position":1,"name":"Startseite","item":"https:\/\/www.ciel-strasbourg.org\/de\/"},{"@type":"ListItem","position":2,"name":"Eine französische FLE-Qualitätslabels Schule"}]},{"@type":"WebSite","@id":"https:\/\/www.ciel-strasbourg.org\/de\/#website","url":"https:\/\/www.ciel-strasbourg.org\/de\/","name":"CIEL","description":"Lernen Sie Französisch beim CIEL de Strasbourg!","publisher":{"@id":"https:\/\/www.ciel-strasbourg.org\/de\/#organization"},"potentialAction":[{"@type":"SearchAction","target":{"@type":"EntryPoint","urlTemplate":"https:\/\/www.ciel-strasbourg.org\/de\/?s={search_term_string}"},"query-input":{"@type":"PropertyValueSpecification","valueRequired":true,"valueName":"search_term_string"}}],"inLanguage":"de-DE"},{"@type":"Organization","@id":"https:\/\/www.ciel-strasbourg.org\/de\/#organization","name":"CIEL Strasbourg","url":"https:\/\/www.ciel-strasbourg.org\/de\/","logo":{"@type":"ImageObject","inLanguage":"de-DE","@id":"https:\/\/www.ciel-strasbourg.org\/de\/#\/schema\/logo\/image\/","url":"https:\/\/www.ciel-strasbourg.org\/wp-inside\/uploads\/2020\/12\/logo-ciel.png","contentUrl":"https:\/\/www.ciel-strasbourg.org\/wp-inside\/uploads\/2020\/12\/logo-ciel.png","width":265,"height":90,"caption":"CIEL Strasbourg"},"image":{"@id":"https:\/\/www.ciel-strasbourg.org\/de\/#\/schema\/logo\/image\/"}}]}</script>
<!-- / Yoast SEO plugin. -->

Französisch lernen in Frankreich, Internationale Sprachschule für Französisch

Das CIEL in Strasbourg ist eine internationale Sprachschule für Französisch, die auf Französischintensivkurse, Allgemeinfranzösischkurse und Wirtschaftsfranzösischkurse spezialisiert ist und über 30 Jahre !

Lernen Sie Französisch beim CIEL de Strasbourg!
