{"id":3146,"date":"2020-12-08T10:37:22","date_gmt":"2020-12-08T09:37:22","guid":{"rendered":"https:\/\/www.ciel-strasbourg.org\/?post_type=temoignage&#038;p=3146"},"modified":"2020-12-14T16:39:29","modified_gmt":"2020-12-14T15:39:29","slug":"massimiliano-p","status":"publish","type":"temoignage","link":"https:\/\/www.ciel-strasbourg.org\/de\/aussage\/massimiliano-p\/","title":{"rendered":"Massimiliano P"},"content":{"rendered":"<p>Ich bin Italiener und studiere Jura in Mailand. W\u00e4hrend eines Monats absolviere ich Intensivkurse f\u00fcr Franz\u00f6sisch als Fremdsprache beim CIEL de Strasbourg. Mein Projekt? Ich w\u00fcrde sp\u00e4ter gerne in einer Europ\u00e4ischen Einrichtung arbeiten!<\/p>\n","protected":false},"excerpt":{"rendered":"<p>Ich bin Italiener und studiere Jura in Mailand. W\u00e4hrend eines Monats absolviere ich Intensivkurse f\u00fcr Franz\u00f6sisch als Fremdsprache beim CIEL de Strasbourg. Mein Projekt? Ich w\u00fcrde sp\u00e4ter gerne in einer [&hellip;]<\/p>\n","protected":false},"featured_media":3105,"menu_order":0,"template":"","class_list":["post-3146","temoignage","type-temoignage","status-publish","has-post-thumbnail","hentry","wp-sticky"],"acf":[],"yoast_head":"<!-- This site is optimized with the Yoast SEO plugin v27.5 - https:\/\/yoast.com\/product\/yoast-seo-wordpress\/ -->\n<title>Massimiliano P<\/title>\n<meta name=\"robots\" content=\"index, follow, max-snippet:-1, max-image-preview:large, max-video-preview:-1\" \/>\n<link rel=\"canonical\" href=\"https:\/\/www.ciel-strasbourg.org\/de\/aussage\/massimiliano-p\/\" \/>\n<meta property=\"og:locale\" content=\"de_DE\" \/>\n<meta property=\"og:type\" content=\"article\" \/>\n<meta property=\"og:title\" content=\"Massimiliano P\" \/>\n<meta property=\"og:description\" content=\"Ich bin Italiener und studiere Jura in Mailand. W\u00e4hrend eines Monats absolviere ich Intensivkurse f\u00fcr Franz\u00f6sisch als Fremdsprache beim CIEL de Strasbourg. Mein Projekt? Ich w\u00fcrde sp\u00e4ter gerne in einer [&hellip;]\" \/>\n<meta property=\"og:url\" content=\"https:\/\/www.ciel-strasbourg.org\/de\/aussage\/massimiliano-p\/\" \/>\n<meta property=\"og:site_name\" content=\"CIEL\" \/>\n<meta property=\"article:modified_time\" content=\"2020-12-14T15:39:29+00:00\" \/>\n<meta property=\"og:image\" content=\"https:\/\/www.ciel-strasbourg.org\/wp-inside\/uploads\/2020\/11\/ciel_temoignage_massimiliano.jpg\" \/>\n\t<meta property=\"og:image:width\" content=\"1183\" \/>\n\t<meta property=\"og:image:height\" content=\"1772\" \/>\n\t<meta property=\"og:image:type\" content=\"image\/jpeg\" \/>\n<meta name=\"twitter:card\" content=\"summary_large_image\" \/>\n<script type=\"application\/ld+json\" class=\"yoast-schema-graph\">{\"@context\":\"https:\\\/\\\/schema.org\",\"@graph\":[{\"@type\":\"WebPage\",\"@id\":\"https:\\\/\\\/www.ciel-strasbourg.org\\\/de\\\/aussage\\\/massimiliano-p\\\/\",\"url\":\"https:\\\/\\\/www.ciel-strasbourg.org\\\/de\\\/aussage\\\/massimiliano-p\\\/\",\"name\":\"Massimiliano P\",\"isPartOf\":{\"@id\":\"https:\\\/\\\/www.ciel-strasbourg.org\\\/de\\\/#website\"},\"primaryImageOfPage\":{\"@id\":\"https:\\\/\\\/www.ciel-strasbourg.org\\\/de\\\/aussage\\\/massimiliano-p\\\/#primaryimage\"},\"image\":{\"@id\":\"https:\\\/\\\/www.ciel-strasbourg.org\\\/de\\\/aussage\\\/massimiliano-p\\\/#primaryimage\"},\"thumbnailUrl\":\"https:\\\/\\\/www.ciel-strasbourg.org\\\/wp-inside\\\/uploads\\\/2020\\\/11\\\/ciel_temoignage_massimiliano.jpg\",\"datePublished\":\"2020-12-08T09:37:22+00:00\",\"dateModified\":\"2020-12-14T15:39:29+00:00\",\"breadcrumb\":{\"@id\":\"https:\\\/\\\/www.ciel-strasbourg.org\\\/de\\\/aussage\\\/massimiliano-p\\\/#breadcrumb\"},\"inLanguage\":\"de-DE\",\"potentialAction\":[{\"@type\":\"ReadAction\",\"target\":[\"https:\\\/\\\/www.ciel-strasbourg.org\\\/de\\\/aussage\\\/massimiliano-p\\\/\"]}]},{\"@type\":\"ImageObject\",\"inLanguage\":\"de-DE\",\"@id\":\"https:\\\/\\\/www.ciel-strasbourg.org\\\/de\\\/aussage\\\/massimiliano-p\\\/#primaryimage\",\"url\":\"https:\\\/\\\/www.ciel-strasbourg.org\\\/wp-inside\\\/uploads\\\/2020\\\/11\\\/ciel_temoignage_massimiliano.jpg\",\"contentUrl\":\"https:\\\/\\\/www.ciel-strasbourg.org\\\/wp-inside\\\/uploads\\\/2020\\\/11\\\/ciel_temoignage_massimiliano.jpg\",\"width\":1183,\"height\":1772,\"caption\":\"Ciel Strasbourg Massimiliano\"},{\"@type\":\"BreadcrumbList\",\"@id\":\"https:\\\/\\\/www.ciel-strasbourg.org\\\/de\\\/aussage\\\/massimiliano-p\\\/#breadcrumb\",\"itemListElement\":[{\"@type\":\"ListItem\",\"position\":1,\"name\":\"Startseite\",\"item\":\"https:\\\/\\\/www.ciel-strasbourg.org\\\/de\\\/\"},{\"@type\":\"ListItem\",\"position\":2,\"name\":\"Testimonials\",\"item\":\"https:\\\/\\\/www.ciel-strasbourg.org\\\/de\\\/temoignages\\\/\"},{\"@type\":\"ListItem\",\"position\":3,\"name\":\"Massimiliano P\"}]},{\"@type\":\"WebSite\",\"@id\":\"https:\\\/\\\/www.ciel-strasbourg.org\\\/de\\\/#website\",\"url\":\"https:\\\/\\\/www.ciel-strasbourg.org\\\/de\\\/\",\"name\":\"CIEL\",\"description\":\"Lernen Sie Franz\u00f6sisch beim CIEL de Strasbourg!\",\"publisher\":{\"@id\":\"https:\\\/\\\/www.ciel-strasbourg.org\\\/de\\\/#organization\"},\"potentialAction\":[{\"@type\":\"SearchAction\",\"target\":{\"@type\":\"EntryPoint\",\"urlTemplate\":\"https:\\\/\\\/www.ciel-strasbourg.org\\\/de\\\/?s={search_term_string}\"},\"query-input\":{\"@type\":\"PropertyValueSpecification\",\"valueRequired\":true,\"valueName\":\"search_term_string\"}}],\"inLanguage\":\"de-DE\"},{\"@type\":\"Organization\",\"@id\":\"https:\\\/\\\/www.ciel-strasbourg.org\\\/de\\\/#organization\",\"name\":\"CIEL Strasbourg\",\"url\":\"https:\\\/\\\/www.ciel-strasbourg.org\\\/de\\\/\",\"logo\":{\"@type\":\"ImageObject\",\"inLanguage\":\"de-DE\",\"@id\":\"https:\\\/\\\/www.ciel-strasbourg.org\\\/de\\\/#\\\/schema\\\/logo\\\/image\\\/\",\"url\":\"https:\\\/\\\/www.ciel-strasbourg.org\\\/wp-inside\\\/uploads\\\/2020\\\/12\\\/logo-ciel.png\",\"contentUrl\":\"https:\\\/\\\/www.ciel-strasbourg.org\\\/wp-inside\\\/uploads\\\/2020\\\/12\\\/logo-ciel.png\",\"width\":265,\"height\":90,\"caption\":\"CIEL Strasbourg\"},\"image\":{\"@id\":\"https:\\\/\\\/www.ciel-strasbourg.org\\\/de\\\/#\\\/schema\\\/logo\\\/image\\\/\"}}]}<\/script>\n<!-- \/ Yoast SEO plugin. -->","yoast_head_json":{"title":"Massimiliano P","robots":{"index":"index","follow":"follow","max-snippet":"max-snippet:-1","max-image-preview":"max-image-preview:large","max-video-preview":"max-video-preview:-1"},"canonical":"https:\/\/www.ciel-strasbourg.org\/de\/aussage\/massimiliano-p\/","og_locale":"de_DE","og_type":"article","og_title":"Massimiliano P","og_description":"Ich bin Italiener und studiere Jura in Mailand. W\u00e4hrend eines Monats absolviere ich Intensivkurse f\u00fcr Franz\u00f6sisch als Fremdsprache beim CIEL de Strasbourg. Mein Projekt? Ich w\u00fcrde sp\u00e4ter gerne in einer [&hellip;]","og_url":"https:\/\/www.ciel-strasbourg.org\/de\/aussage\/massimiliano-p\/","og_site_name":"CIEL","article_modified_time":"2020-12-14T15:39:29+00:00","og_image":[{"width":1183,"height":1772,"url":"https:\/\/www.ciel-strasbourg.org\/wp-inside\/uploads\/2020\/11\/ciel_temoignage_massimiliano.jpg","type":"image\/jpeg"}],"twitter_card":"summary_large_image","schema":{"@context":"https:\/\/schema.org","@graph":[{"@type":"WebPage","@id":"https:\/\/www.ciel-strasbourg.org\/de\/aussage\/massimiliano-p\/","url":"https:\/\/www.ciel-strasbourg.org\/de\/aussage\/massimiliano-p\/","name":"Massimiliano P","isPartOf":{"@id":"https:\/\/www.ciel-strasbourg.org\/de\/#website"},"primaryImageOfPage":{"@id":"https:\/\/www.ciel-strasbourg.org\/de\/aussage\/massimiliano-p\/#primaryimage"},"image":{"@id":"https:\/\/www.ciel-strasbourg.org\/de\/aussage\/massimiliano-p\/#primaryimage"},"thumbnailUrl":"https:\/\/www.ciel-strasbourg.org\/wp-inside\/uploads\/2020\/11\/ciel_temoignage_massimiliano.jpg","datePublished":"2020-12-08T09:37:22+00:00","dateModified":"2020-12-14T15:39:29+00:00","breadcrumb":{"@id":"https:\/\/www.ciel-strasbourg.org\/de\/aussage\/massimiliano-p\/#breadcrumb"},"inLanguage":"de-DE","potentialAction":[{"@type":"ReadAction","target":["https:\/\/www.ciel-strasbourg.org\/de\/aussage\/massimiliano-p\/"]}]},{"@type":"ImageObject","inLanguage":"de-DE","@id":"https:\/\/www.ciel-strasbourg.org\/de\/aussage\/massimiliano-p\/#primaryimage","url":"https:\/\/www.ciel-strasbourg.org\/wp-inside\/uploads\/2020\/11\/ciel_temoignage_massimiliano.jpg","contentUrl":"https:\/\/www.ciel-strasbourg.org\/wp-inside\/uploads\/2020\/11\/ciel_temoignage_massimiliano.jpg","width":1183,"height":1772,"caption":"Ciel Strasbourg Massimiliano"},{"@type":"BreadcrumbList","@id":"https:\/\/www.ciel-strasbourg.org\/de\/aussage\/massimiliano-p\/#breadcrumb","itemListElement":[{"@type":"ListItem","position":1,"name":"Startseite","item":"https:\/\/www.ciel-strasbourg.org\/de\/"},{"@type":"ListItem","position":2,"name":"Testimonials","item":"https:\/\/www.ciel-strasbourg.org\/de\/temoignages\/"},{"@type":"ListItem","position":3,"name":"Massimiliano P"}]},{"@type":"WebSite","@id":"https:\/\/www.ciel-strasbourg.org\/de\/#website","url":"https:\/\/www.ciel-strasbourg.org\/de\/","name":"CIEL","description":"Lernen Sie Franz\u00f6sisch beim CIEL de Strasbourg!","publisher":{"@id":"https:\/\/www.ciel-strasbourg.org\/de\/#organization"},"potentialAction":[{"@type":"SearchAction","target":{"@type":"EntryPoint","urlTemplate":"https:\/\/www.ciel-strasbourg.org\/de\/?s={search_term_string}"},"query-input":{"@type":"PropertyValueSpecification","valueRequired":true,"valueName":"search_term_string"}}],"inLanguage":"de-DE"},{"@type":"Organization","@id":"https:\/\/www.ciel-strasbourg.org\/de\/#organization","name":"CIEL Strasbourg","url":"https:\/\/www.ciel-strasbourg.org\/de\/","logo":{"@type":"ImageObject","inLanguage":"de-DE","@id":"https:\/\/www.ciel-strasbourg.org\/de\/#\/schema\/logo\/image\/","url":"https:\/\/www.ciel-strasbourg.org\/wp-inside\/uploads\/2020\/12\/logo-ciel.png","contentUrl":"https:\/\/www.ciel-strasbourg.org\/wp-inside\/uploads\/2020\/12\/logo-ciel.png","width":265,"height":90,"caption":"CIEL Strasbourg"},"image":{"@id":"https:\/\/www.ciel-strasbourg.org\/de\/#\/schema\/logo\/image\/"}}]}},"_links":{"self":[{"href":"https:\/\/www.ciel-strasbourg.org\/de\/wp-json\/wp\/v2\/temoignage\/3146","targetHints":{"allow":["GET"]}}],"collection":[{"href":"https:\/\/www.ciel-strasbourg.org\/de\/wp-json\/wp\/v2\/temoignage"}],"about":[{"href":"https:\/\/www.ciel-strasbourg.org\/de\/wp-json\/wp\/v2\/types\/temoignage"}],"version-history":[{"count":0,"href":"https:\/\/www.ciel-strasbourg.org\/de\/wp-json\/wp\/v2\/temoignage\/3146\/revisions"}],"wp:featuredmedia":[{"embeddable":true,"href":"https:\/\/www.ciel-strasbourg.org\/de\/wp-json\/wp\/v2\/media\/3105"}],"wp:attachment":[{"href":"https:\/\/www.ciel-strasbourg.org\/de\/wp-json\/wp\/v2\/media?parent=3146"}],"curies":[{"name":"wp","href":"https:\/\/api.w.org\/{rel}","templated":true}]}}

<p>Ich bin Italiener und studiere Jura in Mailand. Während eines Monats absolviere ich Intensivkurse für Französisch als Fremdsprache beim CIEL de Strasbourg. Mein Projekt? Ich würde später gerne in einer Europäischen Einrichtung arbeiten!</p>

<p>Ich bin Italiener und studiere Jura in Mailand. Während eines Monats absolviere ich Intensivkurse für Französisch als Fremdsprache beim CIEL de Strasbourg. Mein Projekt? Ich würde später gerne in einer [&hellip;]</p>

<!-- This site is optimized with the Yoast SEO plugin v27.5 - https://yoast.com/product/yoast-seo-wordpress/ -->
<title>Massimiliano P</title>
<meta name="robots" content="index, follow, max-snippet:-1, max-image-preview:large, max-video-preview:-1" />
<link rel="canonical" href="https://www.ciel-strasbourg.org/de/aussage/massimiliano-p/" />
<meta property="og:locale" content="de_DE" />
<meta property="og:type" content="article" />
<meta property="og:title" content="Massimiliano P" />
<meta property="og:description" content="Ich bin Italiener und studiere Jura in Mailand. Während eines Monats absolviere ich Intensivkurse für Französisch als Fremdsprache beim CIEL de Strasbourg. Mein Projekt? Ich würde später gerne in einer [&hellip;]" />
<meta property="og:url" content="https://www.ciel-strasbourg.org/de/aussage/massimiliano-p/" />
<meta property="og:site_name" content="CIEL" />
<meta property="article:modified_time" content="2020-12-14T15:39:29+00:00" />
<meta property="og:image" content="https://www.ciel-strasbourg.org/wp-inside/uploads/2020/11/ciel_temoignage_massimiliano.jpg" />
	<meta property="og:image:width" content="1183" />
	<meta property="og:image:height" content="1772" />
	<meta property="og:image:type" content="image/jpeg" />
<meta name="twitter:card" content="summary_large_image" />
<script type="application/ld+json" class="yoast-schema-graph">{"@context":"https:\/\/schema.org","@graph":[{"@type":"WebPage","@id":"https:\/\/www.ciel-strasbourg.org\/de\/aussage\/massimiliano-p\/","url":"https:\/\/www.ciel-strasbourg.org\/de\/aussage\/massimiliano-p\/","name":"Massimiliano P","isPartOf":{"@id":"https:\/\/www.ciel-strasbourg.org\/de\/#website"},"primaryImageOfPage":{"@id":"https:\/\/www.ciel-strasbourg.org\/de\/aussage\/massimiliano-p\/#primaryimage"},"image":{"@id":"https:\/\/www.ciel-strasbourg.org\/de\/aussage\/massimiliano-p\/#primaryimage"},"thumbnailUrl":"https:\/\/www.ciel-strasbourg.org\/wp-inside\/uploads\/2020\/11\/ciel_temoignage_massimiliano.jpg","datePublished":"2020-12-08T09:37:22+00:00","dateModified":"2020-12-14T15:39:29+00:00","breadcrumb":{"@id":"https:\/\/www.ciel-strasbourg.org\/de\/aussage\/massimiliano-p\/#breadcrumb"},"inLanguage":"de-DE","potentialAction":[{"@type":"ReadAction","target":["https:\/\/www.ciel-strasbourg.org\/de\/aussage\/massimiliano-p\/"]}]},{"@type":"ImageObject","inLanguage":"de-DE","@id":"https:\/\/www.ciel-strasbourg.org\/de\/aussage\/massimiliano-p\/#primaryimage","url":"https:\/\/www.ciel-strasbourg.org\/wp-inside\/uploads\/2020\/11\/ciel_temoignage_massimiliano.jpg","contentUrl":"https:\/\/www.ciel-strasbourg.org\/wp-inside\/uploads\/2020\/11\/ciel_temoignage_massimiliano.jpg","width":1183,"height":1772,"caption":"Ciel Strasbourg Massimiliano"},{"@type":"BreadcrumbList","@id":"https:\/\/www.ciel-strasbourg.org\/de\/aussage\/massimiliano-p\/#breadcrumb","itemListElement":[{"@type":"ListItem","position":1,"name":"Startseite","item":"https:\/\/www.ciel-strasbourg.org\/de\/"},{"@type":"ListItem","position":2,"name":"Testimonials","item":"https:\/\/www.ciel-strasbourg.org\/de\/temoignages\/"},{"@type":"ListItem","position":3,"name":"Massimiliano P"}]},{"@type":"WebSite","@id":"https:\/\/www.ciel-strasbourg.org\/de\/#website","url":"https:\/\/www.ciel-strasbourg.org\/de\/","name":"CIEL","description":"Lernen Sie Französisch beim CIEL de Strasbourg!","publisher":{"@id":"https:\/\/www.ciel-strasbourg.org\/de\/#organization"},"potentialAction":[{"@type":"SearchAction","target":{"@type":"EntryPoint","urlTemplate":"https:\/\/www.ciel-strasbourg.org\/de\/?s={search_term_string}"},"query-input":{"@type":"PropertyValueSpecification","valueRequired":true,"valueName":"search_term_string"}}],"inLanguage":"de-DE"},{"@type":"Organization","@id":"https:\/\/www.ciel-strasbourg.org\/de\/#organization","name":"CIEL Strasbourg","url":"https:\/\/www.ciel-strasbourg.org\/de\/","logo":{"@type":"ImageObject","inLanguage":"de-DE","@id":"https:\/\/www.ciel-strasbourg.org\/de\/#\/schema\/logo\/image\/","url":"https:\/\/www.ciel-strasbourg.org\/wp-inside\/uploads\/2020\/12\/logo-ciel.png","contentUrl":"https:\/\/www.ciel-strasbourg.org\/wp-inside\/uploads\/2020\/12\/logo-ciel.png","width":265,"height":90,"caption":"CIEL Strasbourg"},"image":{"@id":"https:\/\/www.ciel-strasbourg.org\/de\/#\/schema\/logo\/image\/"}}]}</script>
<!-- / Yoast SEO plugin. -->

Ich bin Italiener und studiere Jura in Mailand. Während eines Monats absolviere ich Intensivkurse für Französisch als Fremdsprache beim CIEL de Strasbourg. Mein Projekt? Ich würde später gerne in einer [&hellip;]

Lernen Sie Französisch beim CIEL de Strasbourg!
