{"id":10176,"date":"2022-11-04T16:12:23","date_gmt":"2022-11-04T15:12:23","guid":{"rendered":"https:\/\/www.ciel-strasbourg.org\/tests-examens\/business-professional-french-certificate-for-business\/"},"modified":"2024-05-17T10:36:22","modified_gmt":"2024-05-17T08:36:22","slug":"business-professional-french-certificate-for-business","status":"publish","type":"tests_examens","link":"https:\/\/www.ciel-strasbourg.org\/de\/tests\/business-professional-french-certificate-for-business\/","title":{"rendered":"GESCH\u00c4FTSFRANZ\u00d6SICH- Franz\u00f6siches Berufsdiplom Gesch\u00e4ftsfranz\u00f6sich"},"content":{"rendered":"","protected":false},"featured_media":9725,"menu_order":0,"template":"","class_list":["post-10176","tests_examens","type-tests_examens","status-publish","has-post-thumbnail","hentry","wp-sticky"],"acf":[],"yoast_head":"<!-- This site is optimized with the Yoast SEO plugin v27.5 - https:\/\/yoast.com\/product\/yoast-seo-wordpress\/ -->\n<title>GESCH\u00c4FTSFRANZ\u00d6SICH- Franz\u00f6siches Berufsdiplom Gesch\u00e4ftsfranz\u00f6sich<\/title>\n<meta name=\"robots\" content=\"index, follow, max-snippet:-1, max-image-preview:large, max-video-preview:-1\" \/>\n<link rel=\"canonical\" href=\"https:\/\/www.ciel-strasbourg.org\/de\/tests\/business-professional-french-certificate-for-business\/\" \/>\n<meta property=\"og:locale\" content=\"de_DE\" \/>\n<meta property=\"og:type\" content=\"article\" \/>\n<meta property=\"og:title\" content=\"GESCH\u00c4FTSFRANZ\u00d6SICH- Franz\u00f6siches Berufsdiplom Gesch\u00e4ftsfranz\u00f6sich\" \/>\n<meta property=\"og:url\" content=\"https:\/\/www.ciel-strasbourg.org\/de\/tests\/business-professional-french-certificate-for-business\/\" \/>\n<meta property=\"og:site_name\" content=\"CIEL\" \/>\n<meta property=\"article:modified_time\" content=\"2024-05-17T08:36:22+00:00\" \/>\n<meta property=\"og:image\" content=\"https:\/\/www.ciel-strasbourg.org\/wp-inside\/uploads\/2022\/10\/test-dfp-affaires-cci-ciel-strasbourg.jpg\" \/>\n\t<meta property=\"og:image:width\" content=\"640\" \/>\n\t<meta property=\"og:image:height\" content=\"427\" \/>\n\t<meta property=\"og:image:type\" content=\"image\/jpeg\" \/>\n<meta name=\"twitter:card\" content=\"summary_large_image\" \/>\n<script type=\"application\/ld+json\" class=\"yoast-schema-graph\">{\"@context\":\"https:\\\/\\\/schema.org\",\"@graph\":[{\"@type\":\"WebPage\",\"@id\":\"https:\\\/\\\/www.ciel-strasbourg.org\\\/de\\\/tests\\\/business-professional-french-certificate-for-business\\\/\",\"url\":\"https:\\\/\\\/www.ciel-strasbourg.org\\\/de\\\/tests\\\/business-professional-french-certificate-for-business\\\/\",\"name\":\"GESCH\u00c4FTSFRANZ\u00d6SICH- Franz\u00f6siches Berufsdiplom Gesch\u00e4ftsfranz\u00f6sich\",\"isPartOf\":{\"@id\":\"https:\\\/\\\/www.ciel-strasbourg.org\\\/de\\\/#website\"},\"primaryImageOfPage\":{\"@id\":\"https:\\\/\\\/www.ciel-strasbourg.org\\\/de\\\/tests\\\/business-professional-french-certificate-for-business\\\/#primaryimage\"},\"image\":{\"@id\":\"https:\\\/\\\/www.ciel-strasbourg.org\\\/de\\\/tests\\\/business-professional-french-certificate-for-business\\\/#primaryimage\"},\"thumbnailUrl\":\"https:\\\/\\\/www.ciel-strasbourg.org\\\/wp-inside\\\/uploads\\\/2022\\\/10\\\/test-dfp-affaires-cci-ciel-strasbourg.jpg\",\"datePublished\":\"2022-11-04T15:12:23+00:00\",\"dateModified\":\"2024-05-17T08:36:22+00:00\",\"breadcrumb\":{\"@id\":\"https:\\\/\\\/www.ciel-strasbourg.org\\\/de\\\/tests\\\/business-professional-french-certificate-for-business\\\/#breadcrumb\"},\"inLanguage\":\"de-DE\",\"potentialAction\":[{\"@type\":\"ReadAction\",\"target\":[\"https:\\\/\\\/www.ciel-strasbourg.org\\\/de\\\/tests\\\/business-professional-french-certificate-for-business\\\/\"]}]},{\"@type\":\"ImageObject\",\"inLanguage\":\"de-DE\",\"@id\":\"https:\\\/\\\/www.ciel-strasbourg.org\\\/de\\\/tests\\\/business-professional-french-certificate-for-business\\\/#primaryimage\",\"url\":\"https:\\\/\\\/www.ciel-strasbourg.org\\\/wp-inside\\\/uploads\\\/2022\\\/10\\\/test-dfp-affaires-cci-ciel-strasbourg.jpg\",\"contentUrl\":\"https:\\\/\\\/www.ciel-strasbourg.org\\\/wp-inside\\\/uploads\\\/2022\\\/10\\\/test-dfp-affaires-cci-ciel-strasbourg.jpg\",\"width\":640,\"height\":427,\"caption\":\"Test DFP Affaires - Ciel Strasbourg\"},{\"@type\":\"BreadcrumbList\",\"@id\":\"https:\\\/\\\/www.ciel-strasbourg.org\\\/de\\\/tests\\\/business-professional-french-certificate-for-business\\\/#breadcrumb\",\"itemListElement\":[{\"@type\":\"ListItem\",\"position\":1,\"name\":\"Startseite\",\"item\":\"https:\\\/\\\/www.ciel-strasbourg.org\\\/de\\\/\"},{\"@type\":\"ListItem\",\"position\":2,\"name\":\"Tests\",\"item\":\"https:\\\/\\\/www.ciel-strasbourg.org\\\/de\\\/tests\\\/\"},{\"@type\":\"ListItem\",\"position\":3,\"name\":\"GESCH\u00c4FTSFRANZ\u00d6SICH- Franz\u00f6siches Berufsdiplom Gesch\u00e4ftsfranz\u00f6sich\"}]},{\"@type\":\"WebSite\",\"@id\":\"https:\\\/\\\/www.ciel-strasbourg.org\\\/de\\\/#website\",\"url\":\"https:\\\/\\\/www.ciel-strasbourg.org\\\/de\\\/\",\"name\":\"CIEL\",\"description\":\"Lernen Sie Franz\u00f6sisch beim CIEL de Strasbourg!\",\"publisher\":{\"@id\":\"https:\\\/\\\/www.ciel-strasbourg.org\\\/de\\\/#organization\"},\"potentialAction\":[{\"@type\":\"SearchAction\",\"target\":{\"@type\":\"EntryPoint\",\"urlTemplate\":\"https:\\\/\\\/www.ciel-strasbourg.org\\\/de\\\/?s={search_term_string}\"},\"query-input\":{\"@type\":\"PropertyValueSpecification\",\"valueRequired\":true,\"valueName\":\"search_term_string\"}}],\"inLanguage\":\"de-DE\"},{\"@type\":\"Organization\",\"@id\":\"https:\\\/\\\/www.ciel-strasbourg.org\\\/de\\\/#organization\",\"name\":\"CIEL Strasbourg\",\"url\":\"https:\\\/\\\/www.ciel-strasbourg.org\\\/de\\\/\",\"logo\":{\"@type\":\"ImageObject\",\"inLanguage\":\"de-DE\",\"@id\":\"https:\\\/\\\/www.ciel-strasbourg.org\\\/de\\\/#\\\/schema\\\/logo\\\/image\\\/\",\"url\":\"https:\\\/\\\/www.ciel-strasbourg.org\\\/wp-inside\\\/uploads\\\/2020\\\/12\\\/logo-ciel.png\",\"contentUrl\":\"https:\\\/\\\/www.ciel-strasbourg.org\\\/wp-inside\\\/uploads\\\/2020\\\/12\\\/logo-ciel.png\",\"width\":265,\"height\":90,\"caption\":\"CIEL Strasbourg\"},\"image\":{\"@id\":\"https:\\\/\\\/www.ciel-strasbourg.org\\\/de\\\/#\\\/schema\\\/logo\\\/image\\\/\"}}]}<\/script>\n<!-- \/ Yoast SEO plugin. -->","yoast_head_json":{"title":"GESCH\u00c4FTSFRANZ\u00d6SICH- Franz\u00f6siches Berufsdiplom Gesch\u00e4ftsfranz\u00f6sich","robots":{"index":"index","follow":"follow","max-snippet":"max-snippet:-1","max-image-preview":"max-image-preview:large","max-video-preview":"max-video-preview:-1"},"canonical":"https:\/\/www.ciel-strasbourg.org\/de\/tests\/business-professional-french-certificate-for-business\/","og_locale":"de_DE","og_type":"article","og_title":"GESCH\u00c4FTSFRANZ\u00d6SICH- Franz\u00f6siches Berufsdiplom Gesch\u00e4ftsfranz\u00f6sich","og_url":"https:\/\/www.ciel-strasbourg.org\/de\/tests\/business-professional-french-certificate-for-business\/","og_site_name":"CIEL","article_modified_time":"2024-05-17T08:36:22+00:00","og_image":[{"width":640,"height":427,"url":"https:\/\/www.ciel-strasbourg.org\/wp-inside\/uploads\/2022\/10\/test-dfp-affaires-cci-ciel-strasbourg.jpg","type":"image\/jpeg"}],"twitter_card":"summary_large_image","schema":{"@context":"https:\/\/schema.org","@graph":[{"@type":"WebPage","@id":"https:\/\/www.ciel-strasbourg.org\/de\/tests\/business-professional-french-certificate-for-business\/","url":"https:\/\/www.ciel-strasbourg.org\/de\/tests\/business-professional-french-certificate-for-business\/","name":"GESCH\u00c4FTSFRANZ\u00d6SICH- Franz\u00f6siches Berufsdiplom Gesch\u00e4ftsfranz\u00f6sich","isPartOf":{"@id":"https:\/\/www.ciel-strasbourg.org\/de\/#website"},"primaryImageOfPage":{"@id":"https:\/\/www.ciel-strasbourg.org\/de\/tests\/business-professional-french-certificate-for-business\/#primaryimage"},"image":{"@id":"https:\/\/www.ciel-strasbourg.org\/de\/tests\/business-professional-french-certificate-for-business\/#primaryimage"},"thumbnailUrl":"https:\/\/www.ciel-strasbourg.org\/wp-inside\/uploads\/2022\/10\/test-dfp-affaires-cci-ciel-strasbourg.jpg","datePublished":"2022-11-04T15:12:23+00:00","dateModified":"2024-05-17T08:36:22+00:00","breadcrumb":{"@id":"https:\/\/www.ciel-strasbourg.org\/de\/tests\/business-professional-french-certificate-for-business\/#breadcrumb"},"inLanguage":"de-DE","potentialAction":[{"@type":"ReadAction","target":["https:\/\/www.ciel-strasbourg.org\/de\/tests\/business-professional-french-certificate-for-business\/"]}]},{"@type":"ImageObject","inLanguage":"de-DE","@id":"https:\/\/www.ciel-strasbourg.org\/de\/tests\/business-professional-french-certificate-for-business\/#primaryimage","url":"https:\/\/www.ciel-strasbourg.org\/wp-inside\/uploads\/2022\/10\/test-dfp-affaires-cci-ciel-strasbourg.jpg","contentUrl":"https:\/\/www.ciel-strasbourg.org\/wp-inside\/uploads\/2022\/10\/test-dfp-affaires-cci-ciel-strasbourg.jpg","width":640,"height":427,"caption":"Test DFP Affaires - Ciel Strasbourg"},{"@type":"BreadcrumbList","@id":"https:\/\/www.ciel-strasbourg.org\/de\/tests\/business-professional-french-certificate-for-business\/#breadcrumb","itemListElement":[{"@type":"ListItem","position":1,"name":"Startseite","item":"https:\/\/www.ciel-strasbourg.org\/de\/"},{"@type":"ListItem","position":2,"name":"Tests","item":"https:\/\/www.ciel-strasbourg.org\/de\/tests\/"},{"@type":"ListItem","position":3,"name":"GESCH\u00c4FTSFRANZ\u00d6SICH- Franz\u00f6siches Berufsdiplom Gesch\u00e4ftsfranz\u00f6sich"}]},{"@type":"WebSite","@id":"https:\/\/www.ciel-strasbourg.org\/de\/#website","url":"https:\/\/www.ciel-strasbourg.org\/de\/","name":"CIEL","description":"Lernen Sie Franz\u00f6sisch beim CIEL de Strasbourg!","publisher":{"@id":"https:\/\/www.ciel-strasbourg.org\/de\/#organization"},"potentialAction":[{"@type":"SearchAction","target":{"@type":"EntryPoint","urlTemplate":"https:\/\/www.ciel-strasbourg.org\/de\/?s={search_term_string}"},"query-input":{"@type":"PropertyValueSpecification","valueRequired":true,"valueName":"search_term_string"}}],"inLanguage":"de-DE"},{"@type":"Organization","@id":"https:\/\/www.ciel-strasbourg.org\/de\/#organization","name":"CIEL Strasbourg","url":"https:\/\/www.ciel-strasbourg.org\/de\/","logo":{"@type":"ImageObject","inLanguage":"de-DE","@id":"https:\/\/www.ciel-strasbourg.org\/de\/#\/schema\/logo\/image\/","url":"https:\/\/www.ciel-strasbourg.org\/wp-inside\/uploads\/2020\/12\/logo-ciel.png","contentUrl":"https:\/\/www.ciel-strasbourg.org\/wp-inside\/uploads\/2020\/12\/logo-ciel.png","width":265,"height":90,"caption":"CIEL Strasbourg"},"image":{"@id":"https:\/\/www.ciel-strasbourg.org\/de\/#\/schema\/logo\/image\/"}}]}},"_links":{"self":[{"href":"https:\/\/www.ciel-strasbourg.org\/de\/wp-json\/wp\/v2\/tests_examens\/10176","targetHints":{"allow":["GET"]}}],"collection":[{"href":"https:\/\/www.ciel-strasbourg.org\/de\/wp-json\/wp\/v2\/tests_examens"}],"about":[{"href":"https:\/\/www.ciel-strasbourg.org\/de\/wp-json\/wp\/v2\/types\/tests_examens"}],"wp:featuredmedia":[{"embeddable":true,"href":"https:\/\/www.ciel-strasbourg.org\/de\/wp-json\/wp\/v2\/media\/9725"}],"wp:attachment":[{"href":"https:\/\/www.ciel-strasbourg.org\/de\/wp-json\/wp\/v2\/media?parent=10176"}],"curies":[{"name":"wp","href":"https:\/\/api.w.org\/{rel}","templated":true}]}}

GESCHÄFTSFRANZÖSICH- Französiches Berufsdiplom Geschäftsfranzösich

<!-- This site is optimized with the Yoast SEO plugin v27.5 - https://yoast.com/product/yoast-seo-wordpress/ -->
<title>GESCHÄFTSFRANZÖSICH- Französiches Berufsdiplom Geschäftsfranzösich</title>
<meta name="robots" content="index, follow, max-snippet:-1, max-image-preview:large, max-video-preview:-1" />
<link rel="canonical" href="https://www.ciel-strasbourg.org/de/tests/business-professional-french-certificate-for-business/" />
<meta property="og:locale" content="de_DE" />
<meta property="og:type" content="article" />
<meta property="og:title" content="GESCHÄFTSFRANZÖSICH- Französiches Berufsdiplom Geschäftsfranzösich" />
<meta property="og:url" content="https://www.ciel-strasbourg.org/de/tests/business-professional-french-certificate-for-business/" />
<meta property="og:site_name" content="CIEL" />
<meta property="article:modified_time" content="2024-05-17T08:36:22+00:00" />
<meta property="og:image" content="https://www.ciel-strasbourg.org/wp-inside/uploads/2022/10/test-dfp-affaires-cci-ciel-strasbourg.jpg" />
	<meta property="og:image:width" content="640" />
	<meta property="og:image:height" content="427" />
	<meta property="og:image:type" content="image/jpeg" />
<meta name="twitter:card" content="summary_large_image" />
<script type="application/ld+json" class="yoast-schema-graph">{"@context":"https:\/\/schema.org","@graph":[{"@type":"WebPage","@id":"https:\/\/www.ciel-strasbourg.org\/de\/tests\/business-professional-french-certificate-for-business\/","url":"https:\/\/www.ciel-strasbourg.org\/de\/tests\/business-professional-french-certificate-for-business\/","name":"GESCHÄFTSFRANZÖSICH- Französiches Berufsdiplom Geschäftsfranzösich","isPartOf":{"@id":"https:\/\/www.ciel-strasbourg.org\/de\/#website"},"primaryImageOfPage":{"@id":"https:\/\/www.ciel-strasbourg.org\/de\/tests\/business-professional-french-certificate-for-business\/#primaryimage"},"image":{"@id":"https:\/\/www.ciel-strasbourg.org\/de\/tests\/business-professional-french-certificate-for-business\/#primaryimage"},"thumbnailUrl":"https:\/\/www.ciel-strasbourg.org\/wp-inside\/uploads\/2022\/10\/test-dfp-affaires-cci-ciel-strasbourg.jpg","datePublished":"2022-11-04T15:12:23+00:00","dateModified":"2024-05-17T08:36:22+00:00","breadcrumb":{"@id":"https:\/\/www.ciel-strasbourg.org\/de\/tests\/business-professional-french-certificate-for-business\/#breadcrumb"},"inLanguage":"de-DE","potentialAction":[{"@type":"ReadAction","target":["https:\/\/www.ciel-strasbourg.org\/de\/tests\/business-professional-french-certificate-for-business\/"]}]},{"@type":"ImageObject","inLanguage":"de-DE","@id":"https:\/\/www.ciel-strasbourg.org\/de\/tests\/business-professional-french-certificate-for-business\/#primaryimage","url":"https:\/\/www.ciel-strasbourg.org\/wp-inside\/uploads\/2022\/10\/test-dfp-affaires-cci-ciel-strasbourg.jpg","contentUrl":"https:\/\/www.ciel-strasbourg.org\/wp-inside\/uploads\/2022\/10\/test-dfp-affaires-cci-ciel-strasbourg.jpg","width":640,"height":427,"caption":"Test DFP Affaires - Ciel Strasbourg"},{"@type":"BreadcrumbList","@id":"https:\/\/www.ciel-strasbourg.org\/de\/tests\/business-professional-french-certificate-for-business\/#breadcrumb","itemListElement":[{"@type":"ListItem","position":1,"name":"Startseite","item":"https:\/\/www.ciel-strasbourg.org\/de\/"},{"@type":"ListItem","position":2,"name":"Tests","item":"https:\/\/www.ciel-strasbourg.org\/de\/tests\/"},{"@type":"ListItem","position":3,"name":"GESCHÄFTSFRANZÖSICH- Französiches Berufsdiplom Geschäftsfranzösich"}]},{"@type":"WebSite","@id":"https:\/\/www.ciel-strasbourg.org\/de\/#website","url":"https:\/\/www.ciel-strasbourg.org\/de\/","name":"CIEL","description":"Lernen Sie Französisch beim CIEL de Strasbourg!","publisher":{"@id":"https:\/\/www.ciel-strasbourg.org\/de\/#organization"},"potentialAction":[{"@type":"SearchAction","target":{"@type":"EntryPoint","urlTemplate":"https:\/\/www.ciel-strasbourg.org\/de\/?s={search_term_string}"},"query-input":{"@type":"PropertyValueSpecification","valueRequired":true,"valueName":"search_term_string"}}],"inLanguage":"de-DE"},{"@type":"Organization","@id":"https:\/\/www.ciel-strasbourg.org\/de\/#organization","name":"CIEL Strasbourg","url":"https:\/\/www.ciel-strasbourg.org\/de\/","logo":{"@type":"ImageObject","inLanguage":"de-DE","@id":"https:\/\/www.ciel-strasbourg.org\/de\/#\/schema\/logo\/image\/","url":"https:\/\/www.ciel-strasbourg.org\/wp-inside\/uploads\/2020\/12\/logo-ciel.png","contentUrl":"https:\/\/www.ciel-strasbourg.org\/wp-inside\/uploads\/2020\/12\/logo-ciel.png","width":265,"height":90,"caption":"CIEL Strasbourg"},"image":{"@id":"https:\/\/www.ciel-strasbourg.org\/de\/#\/schema\/logo\/image\/"}}]}</script>
<!-- / Yoast SEO plugin. -->

Lernen Sie Französisch beim CIEL de Strasbourg!
