{"id":3733,"date":"2020-12-10T16:50:19","date_gmt":"2020-12-10T15:50:19","guid":{"rendered":"https:\/\/www.ciel-strasbourg.org\/?page_id=3733"},"modified":"2021-01-12T16:58:40","modified_gmt":"2021-01-12T15:58:40","slug":"estrasburgo","status":"publish","type":"page","link":"https:\/\/www.ciel-strasbourg.org\/es\/estrasburgo-y-alsacia\/estrasburgo\/","title":{"rendered":"Estrasburgo"},"content":{"rendered":"<p>Estrasburgo es una ciudad en la que confluyen arte e historia, le sorprender\u00e1 por su variedad arquitect\u00f3nica. Cruce de caminos desde su fundaci\u00f3n hace m\u00e1s de 2000 a\u00f1os, Estrasburgo est\u00e1 declarada &#8220;Patrimonio de la Humanidad&#8221; por la UNESCO. En ella encontrar\u00e1: la Grande \u00cele y sus joyas de la Edad Media (la catedral g\u00f3tica, la iglesia de Santo Tom\u00e1s, etc.), el barrio de la Petite France y sus casas de entramado de madera t\u00edpicas de Alsacia, la Neustadt, el distrito europeo, etc.<\/p>\n<p><a href=\"https:\/\/www.visitstrasbourg.fr\/\" target=\"_blank\" rel=\"noopener noreferrer\">la oficina de turismo<\/a><\/p>\n<h2>Una red de transporte densa y eco-responsable<\/h2>\n<p>Como pionera del tranv\u00eda, Estrasburgo viene contribuyendo con su ambicioso proyecto a la reactivaci\u00f3n de este modo de transporte desde 1994. Cuenta con una red de m\u00e1s de 45 km. Comunica la ciudad con 6 municipios perif\u00e9ricos e incluso, con el otro lado del Rin, la peque\u00f1a ciudad de Kehl en Alemania. \u00a1Adem\u00e1s, con sus 560 km de carriles bici, Estrasburgo es el campe\u00f3n franc\u00e9s de ciclismo!<\/p>\n<p><a href=\"https:\/\/www.cts-strasbourg.eu\/fr\/\" target=\"_blank\" rel=\"noopener noreferrer\">CTS Strasbourg<\/a> &amp; <a href=\"https:\/\/www.strasbourg.eu\/a-velo\" target=\"_blank\" rel=\"noopener noreferrer\">Strasbourg \u00e0 v\u00e9lo<\/a><\/p>\n","protected":false},"excerpt":{"rendered":"<p>Estrasburgo es una ciudad de arte e historia que le sorprender\u00e1 por su variedad arquitect\u00f3nica. Ciudad de encrucijada desde su fundaci\u00f3n hace m\u00e1s de 2000 a\u00f1os.<\/p>\n","protected":false},"author":7,"featured_media":3441,"parent":3726,"menu_order":510,"comment_status":"closed","ping_status":"closed","template":"tpl-page-modulable.php","meta":{"_acf_changed":false,"footnotes":""},"class_list":["post-3733","page","type-page","status-publish","has-post-thumbnail","hentry","wp-sticky"],"acf":[],"yoast_head":"<!-- This site is optimized with the Yoast SEO plugin v27.5 - https:\/\/yoast.com\/product\/yoast-seo-wordpress\/ -->\n<title>Estrasburgo<\/title>\n<meta name=\"robots\" content=\"index, follow, max-snippet:-1, max-image-preview:large, max-video-preview:-1\" \/>\n<link rel=\"canonical\" href=\"https:\/\/www.ciel-strasbourg.org\/es\/estrasburgo-y-alsacia\/estrasburgo\/\" \/>\n<meta property=\"og:locale\" content=\"es_ES\" \/>\n<meta property=\"og:type\" content=\"article\" \/>\n<meta property=\"og:title\" content=\"Estrasburgo\" \/>\n<meta property=\"og:description\" content=\"Estrasburgo es una ciudad de arte e historia que le sorprender\u00e1 por su variedad arquitect\u00f3nica. Ciudad de encrucijada desde su fundaci\u00f3n hace m\u00e1s de 2000 a\u00f1os.\" \/>\n<meta property=\"og:url\" content=\"https:\/\/www.ciel-strasbourg.org\/es\/estrasburgo-y-alsacia\/estrasburgo\/\" \/>\n<meta property=\"og:site_name\" content=\"CIEL\" \/>\n<meta property=\"article:modified_time\" content=\"2021-01-12T15:58:40+00:00\" \/>\n<meta property=\"og:image\" content=\"https:\/\/www.ciel-strasbourg.org\/wp-inside\/uploads\/2020\/11\/strabg_et_l_alsace_patrimoine_et_art_portrait.jpg\" \/>\n\t<meta property=\"og:image:width\" content=\"1179\" \/>\n\t<meta property=\"og:image:height\" content=\"1772\" \/>\n\t<meta property=\"og:image:type\" content=\"image\/jpeg\" \/>\n<meta name=\"twitter:card\" content=\"summary_large_image\" \/>\n<meta name=\"twitter:label1\" content=\"Est. reading time\" \/>\n\t<meta name=\"twitter:data1\" content=\"1 minute\" \/>\n<script type=\"application\/ld+json\" class=\"yoast-schema-graph\">{\"@context\":\"https:\\\/\\\/schema.org\",\"@graph\":[{\"@type\":\"WebPage\",\"@id\":\"https:\\\/\\\/www.ciel-strasbourg.org\\\/es\\\/estrasburgo-y-alsacia\\\/estrasburgo\\\/\",\"url\":\"https:\\\/\\\/www.ciel-strasbourg.org\\\/es\\\/estrasburgo-y-alsacia\\\/estrasburgo\\\/\",\"name\":\"Estrasburgo\",\"isPartOf\":{\"@id\":\"https:\\\/\\\/www.ciel-strasbourg.org\\\/es\\\/#website\"},\"primaryImageOfPage\":{\"@id\":\"https:\\\/\\\/www.ciel-strasbourg.org\\\/es\\\/estrasburgo-y-alsacia\\\/estrasburgo\\\/#primaryimage\"},\"image\":{\"@id\":\"https:\\\/\\\/www.ciel-strasbourg.org\\\/es\\\/estrasburgo-y-alsacia\\\/estrasburgo\\\/#primaryimage\"},\"thumbnailUrl\":\"https:\\\/\\\/www.ciel-strasbourg.org\\\/wp-inside\\\/uploads\\\/2020\\\/11\\\/strabg_et_l_alsace_patrimoine_et_art_portrait.jpg\",\"datePublished\":\"2020-12-10T15:50:19+00:00\",\"dateModified\":\"2021-01-12T15:58:40+00:00\",\"breadcrumb\":{\"@id\":\"https:\\\/\\\/www.ciel-strasbourg.org\\\/es\\\/estrasburgo-y-alsacia\\\/estrasburgo\\\/#breadcrumb\"},\"inLanguage\":\"es-ES\",\"potentialAction\":[{\"@type\":\"ReadAction\",\"target\":[\"https:\\\/\\\/www.ciel-strasbourg.org\\\/es\\\/estrasburgo-y-alsacia\\\/estrasburgo\\\/\"]}]},{\"@type\":\"ImageObject\",\"inLanguage\":\"es-ES\",\"@id\":\"https:\\\/\\\/www.ciel-strasbourg.org\\\/es\\\/estrasburgo-y-alsacia\\\/estrasburgo\\\/#primaryimage\",\"url\":\"https:\\\/\\\/www.ciel-strasbourg.org\\\/wp-inside\\\/uploads\\\/2020\\\/11\\\/strabg_et_l_alsace_patrimoine_et_art_portrait.jpg\",\"contentUrl\":\"https:\\\/\\\/www.ciel-strasbourg.org\\\/wp-inside\\\/uploads\\\/2020\\\/11\\\/strabg_et_l_alsace_patrimoine_et_art_portrait.jpg\",\"width\":1179,\"height\":1772,\"caption\":\"Ciel Strasbourg Alsace\"},{\"@type\":\"BreadcrumbList\",\"@id\":\"https:\\\/\\\/www.ciel-strasbourg.org\\\/es\\\/estrasburgo-y-alsacia\\\/estrasburgo\\\/#breadcrumb\",\"itemListElement\":[{\"@type\":\"ListItem\",\"position\":1,\"name\":\"Inicio\",\"item\":\"https:\\\/\\\/www.ciel-strasbourg.org\\\/es\\\/\"},{\"@type\":\"ListItem\",\"position\":2,\"name\":\"Estrasburgo y Alsacia\",\"item\":\"https:\\\/\\\/www.ciel-strasbourg.org\\\/es\\\/estrasburgo-y-alsacia\\\/\"},{\"@type\":\"ListItem\",\"position\":3,\"name\":\"Estrasburgo\"}]},{\"@type\":\"WebSite\",\"@id\":\"https:\\\/\\\/www.ciel-strasbourg.org\\\/es\\\/#website\",\"url\":\"https:\\\/\\\/www.ciel-strasbourg.org\\\/es\\\/\",\"name\":\"CIEL\",\"description\":\"\u00a1Aprenda franc\u00e9s en el CIEL de Estrasburgo!\",\"publisher\":{\"@id\":\"https:\\\/\\\/www.ciel-strasbourg.org\\\/es\\\/#organization\"},\"potentialAction\":[{\"@type\":\"SearchAction\",\"target\":{\"@type\":\"EntryPoint\",\"urlTemplate\":\"https:\\\/\\\/www.ciel-strasbourg.org\\\/es\\\/?s={search_term_string}\"},\"query-input\":{\"@type\":\"PropertyValueSpecification\",\"valueRequired\":true,\"valueName\":\"search_term_string\"}}],\"inLanguage\":\"es-ES\"},{\"@type\":\"Organization\",\"@id\":\"https:\\\/\\\/www.ciel-strasbourg.org\\\/es\\\/#organization\",\"name\":\"CIEL Strasbourg\",\"url\":\"https:\\\/\\\/www.ciel-strasbourg.org\\\/es\\\/\",\"logo\":{\"@type\":\"ImageObject\",\"inLanguage\":\"es-ES\",\"@id\":\"https:\\\/\\\/www.ciel-strasbourg.org\\\/es\\\/#\\\/schema\\\/logo\\\/image\\\/\",\"url\":\"https:\\\/\\\/www.ciel-strasbourg.org\\\/wp-inside\\\/uploads\\\/2020\\\/12\\\/logo-ciel.png\",\"contentUrl\":\"https:\\\/\\\/www.ciel-strasbourg.org\\\/wp-inside\\\/uploads\\\/2020\\\/12\\\/logo-ciel.png\",\"width\":265,\"height\":90,\"caption\":\"CIEL Strasbourg\"},\"image\":{\"@id\":\"https:\\\/\\\/www.ciel-strasbourg.org\\\/es\\\/#\\\/schema\\\/logo\\\/image\\\/\"}}]}<\/script>\n<!-- \/ Yoast SEO plugin. -->","yoast_head_json":{"title":"Estrasburgo","robots":{"index":"index","follow":"follow","max-snippet":"max-snippet:-1","max-image-preview":"max-image-preview:large","max-video-preview":"max-video-preview:-1"},"canonical":"https:\/\/www.ciel-strasbourg.org\/es\/estrasburgo-y-alsacia\/estrasburgo\/","og_locale":"es_ES","og_type":"article","og_title":"Estrasburgo","og_description":"Estrasburgo es una ciudad de arte e historia que le sorprender\u00e1 por su variedad arquitect\u00f3nica. Ciudad de encrucijada desde su fundaci\u00f3n hace m\u00e1s de 2000 a\u00f1os.","og_url":"https:\/\/www.ciel-strasbourg.org\/es\/estrasburgo-y-alsacia\/estrasburgo\/","og_site_name":"CIEL","article_modified_time":"2021-01-12T15:58:40+00:00","og_image":[{"width":1179,"height":1772,"url":"https:\/\/www.ciel-strasbourg.org\/wp-inside\/uploads\/2020\/11\/strabg_et_l_alsace_patrimoine_et_art_portrait.jpg","type":"image\/jpeg"}],"twitter_card":"summary_large_image","twitter_misc":{"Est. reading time":"1 minute"},"schema":{"@context":"https:\/\/schema.org","@graph":[{"@type":"WebPage","@id":"https:\/\/www.ciel-strasbourg.org\/es\/estrasburgo-y-alsacia\/estrasburgo\/","url":"https:\/\/www.ciel-strasbourg.org\/es\/estrasburgo-y-alsacia\/estrasburgo\/","name":"Estrasburgo","isPartOf":{"@id":"https:\/\/www.ciel-strasbourg.org\/es\/#website"},"primaryImageOfPage":{"@id":"https:\/\/www.ciel-strasbourg.org\/es\/estrasburgo-y-alsacia\/estrasburgo\/#primaryimage"},"image":{"@id":"https:\/\/www.ciel-strasbourg.org\/es\/estrasburgo-y-alsacia\/estrasburgo\/#primaryimage"},"thumbnailUrl":"https:\/\/www.ciel-strasbourg.org\/wp-inside\/uploads\/2020\/11\/strabg_et_l_alsace_patrimoine_et_art_portrait.jpg","datePublished":"2020-12-10T15:50:19+00:00","dateModified":"2021-01-12T15:58:40+00:00","breadcrumb":{"@id":"https:\/\/www.ciel-strasbourg.org\/es\/estrasburgo-y-alsacia\/estrasburgo\/#breadcrumb"},"inLanguage":"es-ES","potentialAction":[{"@type":"ReadAction","target":["https:\/\/www.ciel-strasbourg.org\/es\/estrasburgo-y-alsacia\/estrasburgo\/"]}]},{"@type":"ImageObject","inLanguage":"es-ES","@id":"https:\/\/www.ciel-strasbourg.org\/es\/estrasburgo-y-alsacia\/estrasburgo\/#primaryimage","url":"https:\/\/www.ciel-strasbourg.org\/wp-inside\/uploads\/2020\/11\/strabg_et_l_alsace_patrimoine_et_art_portrait.jpg","contentUrl":"https:\/\/www.ciel-strasbourg.org\/wp-inside\/uploads\/2020\/11\/strabg_et_l_alsace_patrimoine_et_art_portrait.jpg","width":1179,"height":1772,"caption":"Ciel Strasbourg Alsace"},{"@type":"BreadcrumbList","@id":"https:\/\/www.ciel-strasbourg.org\/es\/estrasburgo-y-alsacia\/estrasburgo\/#breadcrumb","itemListElement":[{"@type":"ListItem","position":1,"name":"Inicio","item":"https:\/\/www.ciel-strasbourg.org\/es\/"},{"@type":"ListItem","position":2,"name":"Estrasburgo y Alsacia","item":"https:\/\/www.ciel-strasbourg.org\/es\/estrasburgo-y-alsacia\/"},{"@type":"ListItem","position":3,"name":"Estrasburgo"}]},{"@type":"WebSite","@id":"https:\/\/www.ciel-strasbourg.org\/es\/#website","url":"https:\/\/www.ciel-strasbourg.org\/es\/","name":"CIEL","description":"\u00a1Aprenda franc\u00e9s en el CIEL de Estrasburgo!","publisher":{"@id":"https:\/\/www.ciel-strasbourg.org\/es\/#organization"},"potentialAction":[{"@type":"SearchAction","target":{"@type":"EntryPoint","urlTemplate":"https:\/\/www.ciel-strasbourg.org\/es\/?s={search_term_string}"},"query-input":{"@type":"PropertyValueSpecification","valueRequired":true,"valueName":"search_term_string"}}],"inLanguage":"es-ES"},{"@type":"Organization","@id":"https:\/\/www.ciel-strasbourg.org\/es\/#organization","name":"CIEL Strasbourg","url":"https:\/\/www.ciel-strasbourg.org\/es\/","logo":{"@type":"ImageObject","inLanguage":"es-ES","@id":"https:\/\/www.ciel-strasbourg.org\/es\/#\/schema\/logo\/image\/","url":"https:\/\/www.ciel-strasbourg.org\/wp-inside\/uploads\/2020\/12\/logo-ciel.png","contentUrl":"https:\/\/www.ciel-strasbourg.org\/wp-inside\/uploads\/2020\/12\/logo-ciel.png","width":265,"height":90,"caption":"CIEL Strasbourg"},"image":{"@id":"https:\/\/www.ciel-strasbourg.org\/es\/#\/schema\/logo\/image\/"}}]}},"_links":{"self":[{"href":"https:\/\/www.ciel-strasbourg.org\/es\/wp-json\/wp\/v2\/pages\/3733","targetHints":{"allow":["GET"]}}],"collection":[{"href":"https:\/\/www.ciel-strasbourg.org\/es\/wp-json\/wp\/v2\/pages"}],"about":[{"href":"https:\/\/www.ciel-strasbourg.org\/es\/wp-json\/wp\/v2\/types\/page"}],"author":[{"embeddable":true,"href":"https:\/\/www.ciel-strasbourg.org\/es\/wp-json\/wp\/v2\/users\/7"}],"replies":[{"embeddable":true,"href":"https:\/\/www.ciel-strasbourg.org\/es\/wp-json\/wp\/v2\/comments?post=3733"}],"version-history":[{"count":3,"href":"https:\/\/www.ciel-strasbourg.org\/es\/wp-json\/wp\/v2\/pages\/3733\/revisions"}],"predecessor-version":[{"id":4628,"href":"https:\/\/www.ciel-strasbourg.org\/es\/wp-json\/wp\/v2\/pages\/3733\/revisions\/4628"}],"up":[{"embeddable":true,"href":"https:\/\/www.ciel-strasbourg.org\/es\/wp-json\/wp\/v2\/pages\/3726"}],"wp:featuredmedia":[{"embeddable":true,"href":"https:\/\/www.ciel-strasbourg.org\/es\/wp-json\/wp\/v2\/media\/3441"}],"wp:attachment":[{"href":"https:\/\/www.ciel-strasbourg.org\/es\/wp-json\/wp\/v2\/media?parent=3733"}],"curies":[{"name":"wp","href":"https:\/\/api.w.org\/{rel}","templated":true}]}}

<p>Estrasburgo es una ciudad en la que confluyen arte e historia, le sorprenderá por su variedad arquitectónica. Cruce de caminos desde su fundación hace más de 2000 años, Estrasburgo está declarada &#8220;Patrimonio de la Humanidad&#8221; por la UNESCO. En ella encontrará: la Grande Île y sus joyas de la Edad Media (la catedral gótica, la iglesia de Santo Tomás, etc.), el barrio de la Petite France y sus casas de entramado de madera típicas de Alsacia, la Neustadt, el distrito europeo, etc.</p>
<p><a href="https://www.visitstrasbourg.fr/" target="_blank" rel="noopener noreferrer">la oficina de turismo</a></p>
<h2>Una red de transporte densa y eco-responsable</h2>
<p>Como pionera del tranvía, Estrasburgo viene contribuyendo con su ambicioso proyecto a la reactivación de este modo de transporte desde 1994. Cuenta con una red de más de 45 km. Comunica la ciudad con 6 municipios periféricos e incluso, con el otro lado del Rin, la pequeña ciudad de Kehl en Alemania. ¡Además, con sus 560 km de carriles bici, Estrasburgo es el campeón francés de ciclismo!</p>
<p><a href="https://www.cts-strasbourg.eu/fr/" target="_blank" rel="noopener noreferrer">CTS Strasbourg</a> &amp; <a href="https://www.strasbourg.eu/a-velo" target="_blank" rel="noopener noreferrer">Strasbourg à vélo</a></p>

<p>Estrasburgo es una ciudad de arte e historia que le sorprenderá por su variedad arquitectónica. Ciudad de encrucijada desde su fundación hace más de 2000 años.</p>

<!-- This site is optimized with the Yoast SEO plugin v27.5 - https://yoast.com/product/yoast-seo-wordpress/ -->
<title>Estrasburgo</title>
<meta name="robots" content="index, follow, max-snippet:-1, max-image-preview:large, max-video-preview:-1" />
<link rel="canonical" href="https://www.ciel-strasbourg.org/es/estrasburgo-y-alsacia/estrasburgo/" />
<meta property="og:locale" content="es_ES" />
<meta property="og:type" content="article" />
<meta property="og:title" content="Estrasburgo" />
<meta property="og:description" content="Estrasburgo es una ciudad de arte e historia que le sorprenderá por su variedad arquitectónica. Ciudad de encrucijada desde su fundación hace más de 2000 años." />
<meta property="og:url" content="https://www.ciel-strasbourg.org/es/estrasburgo-y-alsacia/estrasburgo/" />
<meta property="og:site_name" content="CIEL" />
<meta property="article:modified_time" content="2021-01-12T15:58:40+00:00" />
<meta property="og:image" content="https://www.ciel-strasbourg.org/wp-inside/uploads/2020/11/strabg_et_l_alsace_patrimoine_et_art_portrait.jpg" />
	<meta property="og:image:width" content="1179" />
	<meta property="og:image:height" content="1772" />
	<meta property="og:image:type" content="image/jpeg" />
<meta name="twitter:card" content="summary_large_image" />
<meta name="twitter:label1" content="Est. reading time" />
	<meta name="twitter:data1" content="1 minute" />
<script type="application/ld+json" class="yoast-schema-graph">{"@context":"https:\/\/schema.org","@graph":[{"@type":"WebPage","@id":"https:\/\/www.ciel-strasbourg.org\/es\/estrasburgo-y-alsacia\/estrasburgo\/","url":"https:\/\/www.ciel-strasbourg.org\/es\/estrasburgo-y-alsacia\/estrasburgo\/","name":"Estrasburgo","isPartOf":{"@id":"https:\/\/www.ciel-strasbourg.org\/es\/#website"},"primaryImageOfPage":{"@id":"https:\/\/www.ciel-strasbourg.org\/es\/estrasburgo-y-alsacia\/estrasburgo\/#primaryimage"},"image":{"@id":"https:\/\/www.ciel-strasbourg.org\/es\/estrasburgo-y-alsacia\/estrasburgo\/#primaryimage"},"thumbnailUrl":"https:\/\/www.ciel-strasbourg.org\/wp-inside\/uploads\/2020\/11\/strabg_et_l_alsace_patrimoine_et_art_portrait.jpg","datePublished":"2020-12-10T15:50:19+00:00","dateModified":"2021-01-12T15:58:40+00:00","breadcrumb":{"@id":"https:\/\/www.ciel-strasbourg.org\/es\/estrasburgo-y-alsacia\/estrasburgo\/#breadcrumb"},"inLanguage":"es-ES","potentialAction":[{"@type":"ReadAction","target":["https:\/\/www.ciel-strasbourg.org\/es\/estrasburgo-y-alsacia\/estrasburgo\/"]}]},{"@type":"ImageObject","inLanguage":"es-ES","@id":"https:\/\/www.ciel-strasbourg.org\/es\/estrasburgo-y-alsacia\/estrasburgo\/#primaryimage","url":"https:\/\/www.ciel-strasbourg.org\/wp-inside\/uploads\/2020\/11\/strabg_et_l_alsace_patrimoine_et_art_portrait.jpg","contentUrl":"https:\/\/www.ciel-strasbourg.org\/wp-inside\/uploads\/2020\/11\/strabg_et_l_alsace_patrimoine_et_art_portrait.jpg","width":1179,"height":1772,"caption":"Ciel Strasbourg Alsace"},{"@type":"BreadcrumbList","@id":"https:\/\/www.ciel-strasbourg.org\/es\/estrasburgo-y-alsacia\/estrasburgo\/#breadcrumb","itemListElement":[{"@type":"ListItem","position":1,"name":"Inicio","item":"https:\/\/www.ciel-strasbourg.org\/es\/"},{"@type":"ListItem","position":2,"name":"Estrasburgo y Alsacia","item":"https:\/\/www.ciel-strasbourg.org\/es\/estrasburgo-y-alsacia\/"},{"@type":"ListItem","position":3,"name":"Estrasburgo"}]},{"@type":"WebSite","@id":"https:\/\/www.ciel-strasbourg.org\/es\/#website","url":"https:\/\/www.ciel-strasbourg.org\/es\/","name":"CIEL","description":"¡Aprenda francés en el CIEL de Estrasburgo!","publisher":{"@id":"https:\/\/www.ciel-strasbourg.org\/es\/#organization"},"potentialAction":[{"@type":"SearchAction","target":{"@type":"EntryPoint","urlTemplate":"https:\/\/www.ciel-strasbourg.org\/es\/?s={search_term_string}"},"query-input":{"@type":"PropertyValueSpecification","valueRequired":true,"valueName":"search_term_string"}}],"inLanguage":"es-ES"},{"@type":"Organization","@id":"https:\/\/www.ciel-strasbourg.org\/es\/#organization","name":"CIEL Strasbourg","url":"https:\/\/www.ciel-strasbourg.org\/es\/","logo":{"@type":"ImageObject","inLanguage":"es-ES","@id":"https:\/\/www.ciel-strasbourg.org\/es\/#\/schema\/logo\/image\/","url":"https:\/\/www.ciel-strasbourg.org\/wp-inside\/uploads\/2020\/12\/logo-ciel.png","contentUrl":"https:\/\/www.ciel-strasbourg.org\/wp-inside\/uploads\/2020\/12\/logo-ciel.png","width":265,"height":90,"caption":"CIEL Strasbourg"},"image":{"@id":"https:\/\/www.ciel-strasbourg.org\/es\/#\/schema\/logo\/image\/"}}]}</script>
<!-- / Yoast SEO plugin. -->

Estrasburgo es una ciudad de arte e historia que le sorprenderá por su variedad arquitectónica. Ciudad de encrucijada desde su fundación hace más de 2000 años.

¡Aprenda francés en el CIEL de Estrasburgo!
