{"id":3383,"date":"2020-12-09T16:02:57","date_gmt":"2020-12-09T15:02:57","guid":{"rendered":"https:\/\/www.ciel-strasbourg.org\/?post_type=temoignage&#038;p=3383"},"modified":"2020-12-14T16:44:59","modified_gmt":"2020-12-14T15:44:59","slug":"katharina-l","status":"publish","type":"temoignage","link":"https:\/\/www.ciel-strasbourg.org\/es\/testimonio\/katharina-l\/","title":{"rendered":"Katharina L"},"content":{"rendered":"<p>Me llamo Katharina, tengo 18 a\u00f1os. Soy alemana. Estaba buscando cursos de franc\u00e9s para preparar mi Abitur y encontr\u00e9 la escuela en Internet. Pas\u00e9 una semana en clases particulares, y pude trabajar con los profesores en todos los puntos que deseaba abarcar. Tambi\u00e9n tuve la oportunidad de practicar la expresi\u00f3n oral en el taller de conversaci\u00f3n y la expresi\u00f3n escrita en el taller de escritura. Esa semana en el CIEL me fue bien, tuve buenas clases y la oportunidad de concentrarme completamente en los aspectos ling\u00fc\u00edsticos que me resultaban m\u00e1s problem\u00e1ticos. Estoy contenta de haber estudiado en esta escuela y se la recomendar\u00e9 a todos mis amigos.\u201d<\/p>\n","protected":false},"excerpt":{"rendered":"<p>Me llamo Katharina, tengo 18 a\u00f1os. Soy alemana. Estaba buscando cursos de franc\u00e9s para preparar mi Abitur y encontr\u00e9 la escuela en Internet. Pas\u00e9 una semana en clases particulares, y [&hellip;]<\/p>\n","protected":false},"featured_media":0,"menu_order":0,"template":"","class_list":["post-3383","temoignage","type-temoignage","status-publish","hentry","wp-sticky"],"acf":[],"yoast_head":"<!-- This site is optimized with the Yoast SEO plugin v27.5 - https:\/\/yoast.com\/product\/yoast-seo-wordpress\/ -->\n<title>Katharina L<\/title>\n<meta name=\"robots\" content=\"index, follow, max-snippet:-1, max-image-preview:large, max-video-preview:-1\" \/>\n<link rel=\"canonical\" href=\"https:\/\/www.ciel-strasbourg.org\/es\/testimonio\/katharina-l\/\" \/>\n<meta property=\"og:locale\" content=\"es_ES\" \/>\n<meta property=\"og:type\" content=\"article\" \/>\n<meta property=\"og:title\" content=\"Katharina L\" \/>\n<meta property=\"og:description\" content=\"Me llamo Katharina, tengo 18 a\u00f1os. Soy alemana. Estaba buscando cursos de franc\u00e9s para preparar mi Abitur y encontr\u00e9 la escuela en Internet. Pas\u00e9 una semana en clases particulares, y [&hellip;]\" \/>\n<meta property=\"og:url\" content=\"https:\/\/www.ciel-strasbourg.org\/es\/testimonio\/katharina-l\/\" \/>\n<meta property=\"og:site_name\" content=\"CIEL\" \/>\n<meta property=\"article:modified_time\" content=\"2020-12-14T15:44:59+00:00\" \/>\n<meta property=\"og:image\" content=\"https:\/\/www.ciel-strasbourg.org\/wp-inside\/uploads\/2019\/03\/katarina_lohner.jpg\" \/>\n\t<meta property=\"og:image:width\" content=\"1500\" \/>\n\t<meta property=\"og:image:height\" content=\"2000\" \/>\n\t<meta property=\"og:image:type\" content=\"image\/jpeg\" \/>\n<meta name=\"twitter:card\" content=\"summary_large_image\" \/>\n<meta name=\"twitter:label1\" content=\"Est. reading time\" \/>\n\t<meta name=\"twitter:data1\" content=\"1 minute\" \/>\n<script type=\"application\/ld+json\" class=\"yoast-schema-graph\">{\"@context\":\"https:\\\/\\\/schema.org\",\"@graph\":[{\"@type\":\"WebPage\",\"@id\":\"https:\\\/\\\/www.ciel-strasbourg.org\\\/es\\\/testimonio\\\/katharina-l\\\/\",\"url\":\"https:\\\/\\\/www.ciel-strasbourg.org\\\/es\\\/testimonio\\\/katharina-l\\\/\",\"name\":\"Katharina L\",\"isPartOf\":{\"@id\":\"https:\\\/\\\/www.ciel-strasbourg.org\\\/es\\\/#website\"},\"datePublished\":\"2020-12-09T15:02:57+00:00\",\"dateModified\":\"2020-12-14T15:44:59+00:00\",\"breadcrumb\":{\"@id\":\"https:\\\/\\\/www.ciel-strasbourg.org\\\/es\\\/testimonio\\\/katharina-l\\\/#breadcrumb\"},\"inLanguage\":\"es-ES\",\"potentialAction\":[{\"@type\":\"ReadAction\",\"target\":[\"https:\\\/\\\/www.ciel-strasbourg.org\\\/es\\\/testimonio\\\/katharina-l\\\/\"]}]},{\"@type\":\"BreadcrumbList\",\"@id\":\"https:\\\/\\\/www.ciel-strasbourg.org\\\/es\\\/testimonio\\\/katharina-l\\\/#breadcrumb\",\"itemListElement\":[{\"@type\":\"ListItem\",\"position\":1,\"name\":\"Inicio\",\"item\":\"https:\\\/\\\/www.ciel-strasbourg.org\\\/es\\\/\"},{\"@type\":\"ListItem\",\"position\":2,\"name\":\"Testimonios\",\"item\":\"https:\\\/\\\/www.ciel-strasbourg.org\\\/es\\\/temoignages\\\/\"},{\"@type\":\"ListItem\",\"position\":3,\"name\":\"Katharina L\"}]},{\"@type\":\"WebSite\",\"@id\":\"https:\\\/\\\/www.ciel-strasbourg.org\\\/es\\\/#website\",\"url\":\"https:\\\/\\\/www.ciel-strasbourg.org\\\/es\\\/\",\"name\":\"CIEL\",\"description\":\"\u00a1Aprenda franc\u00e9s en el CIEL de Estrasburgo!\",\"publisher\":{\"@id\":\"https:\\\/\\\/www.ciel-strasbourg.org\\\/es\\\/#organization\"},\"potentialAction\":[{\"@type\":\"SearchAction\",\"target\":{\"@type\":\"EntryPoint\",\"urlTemplate\":\"https:\\\/\\\/www.ciel-strasbourg.org\\\/es\\\/?s={search_term_string}\"},\"query-input\":{\"@type\":\"PropertyValueSpecification\",\"valueRequired\":true,\"valueName\":\"search_term_string\"}}],\"inLanguage\":\"es-ES\"},{\"@type\":\"Organization\",\"@id\":\"https:\\\/\\\/www.ciel-strasbourg.org\\\/es\\\/#organization\",\"name\":\"CIEL Strasbourg\",\"url\":\"https:\\\/\\\/www.ciel-strasbourg.org\\\/es\\\/\",\"logo\":{\"@type\":\"ImageObject\",\"inLanguage\":\"es-ES\",\"@id\":\"https:\\\/\\\/www.ciel-strasbourg.org\\\/es\\\/#\\\/schema\\\/logo\\\/image\\\/\",\"url\":\"https:\\\/\\\/www.ciel-strasbourg.org\\\/wp-inside\\\/uploads\\\/2020\\\/12\\\/logo-ciel.png\",\"contentUrl\":\"https:\\\/\\\/www.ciel-strasbourg.org\\\/wp-inside\\\/uploads\\\/2020\\\/12\\\/logo-ciel.png\",\"width\":265,\"height\":90,\"caption\":\"CIEL Strasbourg\"},\"image\":{\"@id\":\"https:\\\/\\\/www.ciel-strasbourg.org\\\/es\\\/#\\\/schema\\\/logo\\\/image\\\/\"}}]}<\/script>\n<!-- \/ Yoast SEO plugin. -->","yoast_head_json":{"title":"Katharina L","robots":{"index":"index","follow":"follow","max-snippet":"max-snippet:-1","max-image-preview":"max-image-preview:large","max-video-preview":"max-video-preview:-1"},"canonical":"https:\/\/www.ciel-strasbourg.org\/es\/testimonio\/katharina-l\/","og_locale":"es_ES","og_type":"article","og_title":"Katharina L","og_description":"Me llamo Katharina, tengo 18 a\u00f1os. Soy alemana. Estaba buscando cursos de franc\u00e9s para preparar mi Abitur y encontr\u00e9 la escuela en Internet. Pas\u00e9 una semana en clases particulares, y [&hellip;]","og_url":"https:\/\/www.ciel-strasbourg.org\/es\/testimonio\/katharina-l\/","og_site_name":"CIEL","article_modified_time":"2020-12-14T15:44:59+00:00","og_image":[{"width":1500,"height":2000,"url":"https:\/\/www.ciel-strasbourg.org\/wp-inside\/uploads\/2019\/03\/katarina_lohner.jpg","type":"image\/jpeg"}],"twitter_card":"summary_large_image","twitter_misc":{"Est. reading time":"1 minute"},"schema":{"@context":"https:\/\/schema.org","@graph":[{"@type":"WebPage","@id":"https:\/\/www.ciel-strasbourg.org\/es\/testimonio\/katharina-l\/","url":"https:\/\/www.ciel-strasbourg.org\/es\/testimonio\/katharina-l\/","name":"Katharina L","isPartOf":{"@id":"https:\/\/www.ciel-strasbourg.org\/es\/#website"},"datePublished":"2020-12-09T15:02:57+00:00","dateModified":"2020-12-14T15:44:59+00:00","breadcrumb":{"@id":"https:\/\/www.ciel-strasbourg.org\/es\/testimonio\/katharina-l\/#breadcrumb"},"inLanguage":"es-ES","potentialAction":[{"@type":"ReadAction","target":["https:\/\/www.ciel-strasbourg.org\/es\/testimonio\/katharina-l\/"]}]},{"@type":"BreadcrumbList","@id":"https:\/\/www.ciel-strasbourg.org\/es\/testimonio\/katharina-l\/#breadcrumb","itemListElement":[{"@type":"ListItem","position":1,"name":"Inicio","item":"https:\/\/www.ciel-strasbourg.org\/es\/"},{"@type":"ListItem","position":2,"name":"Testimonios","item":"https:\/\/www.ciel-strasbourg.org\/es\/temoignages\/"},{"@type":"ListItem","position":3,"name":"Katharina L"}]},{"@type":"WebSite","@id":"https:\/\/www.ciel-strasbourg.org\/es\/#website","url":"https:\/\/www.ciel-strasbourg.org\/es\/","name":"CIEL","description":"\u00a1Aprenda franc\u00e9s en el CIEL de Estrasburgo!","publisher":{"@id":"https:\/\/www.ciel-strasbourg.org\/es\/#organization"},"potentialAction":[{"@type":"SearchAction","target":{"@type":"EntryPoint","urlTemplate":"https:\/\/www.ciel-strasbourg.org\/es\/?s={search_term_string}"},"query-input":{"@type":"PropertyValueSpecification","valueRequired":true,"valueName":"search_term_string"}}],"inLanguage":"es-ES"},{"@type":"Organization","@id":"https:\/\/www.ciel-strasbourg.org\/es\/#organization","name":"CIEL Strasbourg","url":"https:\/\/www.ciel-strasbourg.org\/es\/","logo":{"@type":"ImageObject","inLanguage":"es-ES","@id":"https:\/\/www.ciel-strasbourg.org\/es\/#\/schema\/logo\/image\/","url":"https:\/\/www.ciel-strasbourg.org\/wp-inside\/uploads\/2020\/12\/logo-ciel.png","contentUrl":"https:\/\/www.ciel-strasbourg.org\/wp-inside\/uploads\/2020\/12\/logo-ciel.png","width":265,"height":90,"caption":"CIEL Strasbourg"},"image":{"@id":"https:\/\/www.ciel-strasbourg.org\/es\/#\/schema\/logo\/image\/"}}]}},"_links":{"self":[{"href":"https:\/\/www.ciel-strasbourg.org\/es\/wp-json\/wp\/v2\/temoignage\/3383","targetHints":{"allow":["GET"]}}],"collection":[{"href":"https:\/\/www.ciel-strasbourg.org\/es\/wp-json\/wp\/v2\/temoignage"}],"about":[{"href":"https:\/\/www.ciel-strasbourg.org\/es\/wp-json\/wp\/v2\/types\/temoignage"}],"version-history":[{"count":0,"href":"https:\/\/www.ciel-strasbourg.org\/es\/wp-json\/wp\/v2\/temoignage\/3383\/revisions"}],"wp:attachment":[{"href":"https:\/\/www.ciel-strasbourg.org\/es\/wp-json\/wp\/v2\/media?parent=3383"}],"curies":[{"name":"wp","href":"https:\/\/api.w.org\/{rel}","templated":true}]}}

<p>Me llamo Katharina, tengo 18 años. Soy alemana. Estaba buscando cursos de francés para preparar mi Abitur y encontré la escuela en Internet. Pasé una semana en clases particulares, y pude trabajar con los profesores en todos los puntos que deseaba abarcar. También tuve la oportunidad de practicar la expresión oral en el taller de conversación y la expresión escrita en el taller de escritura. Esa semana en el CIEL me fue bien, tuve buenas clases y la oportunidad de concentrarme completamente en los aspectos lingüísticos que me resultaban más problemáticos. Estoy contenta de haber estudiado en esta escuela y se la recomendaré a todos mis amigos.”</p>

<p>Me llamo Katharina, tengo 18 años. Soy alemana. Estaba buscando cursos de francés para preparar mi Abitur y encontré la escuela en Internet. Pasé una semana en clases particulares, y [&hellip;]</p>

<!-- This site is optimized with the Yoast SEO plugin v27.5 - https://yoast.com/product/yoast-seo-wordpress/ -->
<title>Katharina L</title>
<meta name="robots" content="index, follow, max-snippet:-1, max-image-preview:large, max-video-preview:-1" />
<link rel="canonical" href="https://www.ciel-strasbourg.org/es/testimonio/katharina-l/" />
<meta property="og:locale" content="es_ES" />
<meta property="og:type" content="article" />
<meta property="og:title" content="Katharina L" />
<meta property="og:description" content="Me llamo Katharina, tengo 18 años. Soy alemana. Estaba buscando cursos de francés para preparar mi Abitur y encontré la escuela en Internet. Pasé una semana en clases particulares, y [&hellip;]" />
<meta property="og:url" content="https://www.ciel-strasbourg.org/es/testimonio/katharina-l/" />
<meta property="og:site_name" content="CIEL" />
<meta property="article:modified_time" content="2020-12-14T15:44:59+00:00" />
<meta property="og:image" content="https://www.ciel-strasbourg.org/wp-inside/uploads/2019/03/katarina_lohner.jpg" />
	<meta property="og:image:width" content="1500" />
	<meta property="og:image:height" content="2000" />
	<meta property="og:image:type" content="image/jpeg" />
<meta name="twitter:card" content="summary_large_image" />
<meta name="twitter:label1" content="Est. reading time" />
	<meta name="twitter:data1" content="1 minute" />
<script type="application/ld+json" class="yoast-schema-graph">{"@context":"https:\/\/schema.org","@graph":[{"@type":"WebPage","@id":"https:\/\/www.ciel-strasbourg.org\/es\/testimonio\/katharina-l\/","url":"https:\/\/www.ciel-strasbourg.org\/es\/testimonio\/katharina-l\/","name":"Katharina L","isPartOf":{"@id":"https:\/\/www.ciel-strasbourg.org\/es\/#website"},"datePublished":"2020-12-09T15:02:57+00:00","dateModified":"2020-12-14T15:44:59+00:00","breadcrumb":{"@id":"https:\/\/www.ciel-strasbourg.org\/es\/testimonio\/katharina-l\/#breadcrumb"},"inLanguage":"es-ES","potentialAction":[{"@type":"ReadAction","target":["https:\/\/www.ciel-strasbourg.org\/es\/testimonio\/katharina-l\/"]}]},{"@type":"BreadcrumbList","@id":"https:\/\/www.ciel-strasbourg.org\/es\/testimonio\/katharina-l\/#breadcrumb","itemListElement":[{"@type":"ListItem","position":1,"name":"Inicio","item":"https:\/\/www.ciel-strasbourg.org\/es\/"},{"@type":"ListItem","position":2,"name":"Testimonios","item":"https:\/\/www.ciel-strasbourg.org\/es\/temoignages\/"},{"@type":"ListItem","position":3,"name":"Katharina L"}]},{"@type":"WebSite","@id":"https:\/\/www.ciel-strasbourg.org\/es\/#website","url":"https:\/\/www.ciel-strasbourg.org\/es\/","name":"CIEL","description":"¡Aprenda francés en el CIEL de Estrasburgo!","publisher":{"@id":"https:\/\/www.ciel-strasbourg.org\/es\/#organization"},"potentialAction":[{"@type":"SearchAction","target":{"@type":"EntryPoint","urlTemplate":"https:\/\/www.ciel-strasbourg.org\/es\/?s={search_term_string}"},"query-input":{"@type":"PropertyValueSpecification","valueRequired":true,"valueName":"search_term_string"}}],"inLanguage":"es-ES"},{"@type":"Organization","@id":"https:\/\/www.ciel-strasbourg.org\/es\/#organization","name":"CIEL Strasbourg","url":"https:\/\/www.ciel-strasbourg.org\/es\/","logo":{"@type":"ImageObject","inLanguage":"es-ES","@id":"https:\/\/www.ciel-strasbourg.org\/es\/#\/schema\/logo\/image\/","url":"https:\/\/www.ciel-strasbourg.org\/wp-inside\/uploads\/2020\/12\/logo-ciel.png","contentUrl":"https:\/\/www.ciel-strasbourg.org\/wp-inside\/uploads\/2020\/12\/logo-ciel.png","width":265,"height":90,"caption":"CIEL Strasbourg"},"image":{"@id":"https:\/\/www.ciel-strasbourg.org\/es\/#\/schema\/logo\/image\/"}}]}</script>
<!-- / Yoast SEO plugin. -->

Me llamo Katharina, tengo 18 años. Soy alemana. Estaba buscando cursos de francés para preparar mi Abitur y encontré la escuela en Internet. Pasé una semana en clases particulares, y [&hellip;]

¡Aprenda francés en el CIEL de Estrasburgo!
